000
CXUS54 KFWD 170730
CF6GLE
PRELIMINARY LOCAL CLIMATOLOGICAL DATA (WS FORM: F-6)

                                          STATION:   GAINESVILLE
                                          MONTH:     AUGUST
                                          YEAR:      2017
                                          LATITUDE:   33 39 N
                                          LONGITUDE:  97 12 W

  TEMPERATURE IN F:       :PCPN:    SNOW:  WIND      :SUNSHINE: SKY     :PK WND
================================================================================
1   2   3   4   5  6A  6B    7    8   9   10  11  12  13   14  15   16   17  18
                                     12Z  AVG MX 2MIN
DY MAX MIN AVG DEP HDD CDD  WTR  SNW DPTH SPD SPD DIR MIN PSBL S-S WX    SPD DR
================================================================================

 1  87  70  79  -5   0  14 0.02  0.0    0  3.1 13 360   M    M   7        21 360
 2  83  70  77  -7   0  12 0.00  0.0    0  3.6  8  50   M    M   7 1       M  M
 3  92  66  79  -5   0  14 0.00  0.0    0  1.7  6  40   M    M   3 1       M  M
 4  94  67  81  -3   0  16 0.00  0.0    0  3.2 13 110   M    M   2         M  M
 5  96  71  84   0   0  19 0.00  0.0    0 10.8 17 130   M    M   0 1      23 160
 6  94  70  82  -2   0  17 0.26  0.0    0  9.6 17  30   M    M   5 3      25  30
 7  84  70  77  -7   0  12 0.11  0.0    0  7.0 13 360   M    M   9        18 320
 8  88  71  80  -4   0  15 0.00  0.0    0  6.2 12  10   M    M   5         M  M
 9  89  68  79  -5   0  14 0.00  0.0    0  4.4  8  40   M    M   3 1       M  M
10  95  70  83  -1   0  18 0.00  0.0    0  4.5 10  90   M    M   2 1      21 170
11  94  73  84   0   0  19 0.00  0.0    0  6.5 20 330   M    M   3        29 330
12  91  72  82  -2   0  17 0.83  0.0    0  5.0 10  50   M    M   5 3       M  M
13  88  73  81  -3   0  16 0.65  0.0    0  2.6  8 140   M    M   7         M  M
14  91  70  81  -3   0  16 0.67  0.0    0  7.1 16 280   M    M   5        22 280
15  91  74  83  -1   0  18 0.00  0.0    0  6.6 14 180   M    M   2        22 180
16  91  77  84   0   0  19 0.00  0.0    0  8.8 15 170   M    M   3        20 180
================================================================================
SM 1448 1132         0 256  2.54     0.0  90.7          M       68
================================================================================
AV 90.5 70.8                               5.7 FASTST   M    M   4    MAX(MPH)
                                 MISC ---->    20   M                 29    M
================================================================================
NOTES:
# LAST OF SEVERAL OCCURRENCES

COLUMN 17 PEAK WIND IN M.P.H.

PRELIMINARY LOCAL CLIMATOLOGICAL DATA (WS FORM: F-6) , PAGE 2

                                          STATION:  GAINESVILLE
                                          MONTH:    AUGUST
                                          YEAR:     2017
                                          LATITUDE:   33 39 N
                                          LONGITUDE:  97 12 W

[TEMPERATURE DATA]      [PRECIPITATION DATA]       SYMBOLS USED IN COLUMN 16

AVERAGE MONTHLY: 80.6   TOTAL FOR MONTH:   2.54    1 = FOG OR MIST
DPTR FM NORMAL:  -3.4   DPTR FM NORMAL:    1.51    2 = FOG REDUCING VISIBILITY
HIGHEST:    96 ON  5    GRTST 24HR  0.83 ON 12-12      TO 1/4 MILE OR LESS
LOWEST:     66 ON  3                               3 = THUNDER
                        SNOW, ICE PELLETS, HAIL    4 = ICE PELLETS
                        TOTAL MONTH:   0.0 INCH    5 = HAIL
                        GRTST 24HR     0.0         6 = FREEZING RAIN OR DRIZZLE
                        GRTST DEPTH:   0           7 = DUSTSTORM OR SANDSTORM:
                                                       VSBY 1/2 MILE OR LESS
                                                   8 = SMOKE OR HAZE
[NO. OF DAYS WITH]      [WEATHER - DAYS WITH]      9 = BLOWING SNOW
                                                   X = TORNADO
MAX 32 OR BELOW:   0    0.01 INCH OR MORE:   6
MAX 90 OR ABOVE:  10    0.10 INCH OR MORE:   5
MIN 32 OR BELOW:   0    0.50 INCH OR MORE:   3
MIN  0 OR BELOW:   0    1.00 INCH OR MORE:   0

[HDD (BASE 65) ]
TOTAL THIS MO.     0    CLEAR  (SCALE 0-3)   7
DPTR FM NORMAL     0    PTCLDY (SCALE 4-7)   8
TOTAL FM JUL 1     0    CLOUDY (SCALE 8-10)  1
DPTR FM NORMAL     0

[CDD (BASE 65) ]
TOTAL THIS MO.   256
DPTR FM NORMAL   -48    [PRESSURE DATA]
TOTAL FM JAN 1  1489    HIGHEST SLP M ON M
DPTR FM NORMAL   -23    LOWEST  SLP M ON M

[REMARKS]
