000
CXUS53 KAPX 230631
CF6GLR
PRELIMINARY LOCAL CLIMATOLOGICAL DATA (WS FORM: F-6)

                                          STATION:   GAYLORD
                                          MONTH:     FEBRUARY
                                          YEAR:      2018
                                          LATITUDE:   45  0 N
                                          LONGITUDE:  84 42 W

  TEMPERATURE IN F:       :PCPN:    SNOW:  WIND      :SUNSHINE: SKY     :PK WND
================================================================================
1   2   3   4   5  6A  6B    7    8   9   10  11  12  13   14  15   16   17  18
                                     12Z  AVG MX 2MIN
DY MAX MIN AVG DEP HDD CDD  WTR  SNW DPTH SPD SPD DIR MIN PSBL S-S WX    SPD DR
================================================================================

 1  30   6  18   1  47   0 0.04    M    M  9.7 20 250   M    M  10 12     27 280
 2  11 -10   1 -16  64   0 0.05    M    M  7.3 22 250   M    M   9 1289   28 260
 3  19   9  14  -3  51   0 0.16    M    M  7.7 16 250   M    M  10 1      22 260
 4  16   1   9  -8  56   0 0.03    M    M  5.1 10 310   M    M   9 18     16 350
 5  13   3   8  -9  57   0    T    M    M 13.1 20 240   M    M   7 18     31 240
 6  12 -10   1 -16  64   0 0.01    M    M  3.6 14 230   M    M   6 128    16 240
 7  17  -4   7 -10  58   0    T    M    M  3.5 13 270   M    M   8 1      20 270
 8  14  -2   6 -12  59   0    T    M    M  8.7 24 250   M    M   9 18     31 260
 9  19   3  11  -7  54   0    T    M    M  1.8  9 210   M    M  10 18     12 200
10  20  -2   9  -9  56   0 0.00    M    M  2.2  9 310   M    M   4        13 280
11  20  -2   9  -9  56   0 0.08    M    M  6.0 20 250   M    M   6 12     26 260
12  18  -5   7 -11  58   0 0.00    M    M  5.6 16 260   M    M   4 8      20 290
13  24  -7   9  -9  56   0 0.00    M    M  9.2 21 210   M    M   4        29 200
14  46  21  34  16  31   0 0.00    M    M 14.4 22 250   M    M   0 18     27 230
15  42  22  32  13  33   0 0.00    M    M 14.3 26 250   M    M   7 1      36 240
16  22  12  17  -2  48   0    T    M    M  8.9 17 260   M    M   6 1      28 320
17  30  10  20   1  45   0    T    M    M 13.9 26 230   M    M   4 1      32 230
18  33  23  28   9  37   0    T    M    M 11.2 22 180   M    M   8 1      30 160
19  38  28  33  14  32   0 0.22    M    M  6.2 16 190   M    M   8 16     21 200
20  53  32  43  23  22   0 0.84    M    M  9.1 20 290   M    M   9 126    28 200
21  32  19  26   6  39   0    T    M    M  6.3 15 270   M    M   7 1      23 270
22  29  18  24   4  41   0 0.00    M    M  4.4 13 130   M    M   6        16 130
================================================================================
SM  558  165      1064   0  1.43    M    172.2          M      151
================================================================================
AV 25.4  7.5                               7.8 FASTST   M    M   7    MAX(MPH)
                                 MISC ---->  # 26 250               # 36  240
================================================================================
NOTES:
# LAST OF SEVERAL OCCURRENCES

COLUMN 17 PEAK WIND IN M.P.H.

PRELIMINARY LOCAL CLIMATOLOGICAL DATA (WS FORM: F-6) , PAGE 2

                                          STATION:  GAYLORD
                                          MONTH:    FEBRUARY
                                          YEAR:     2018
                                          LATITUDE:   45  0 N
                                          LONGITUDE:  84 42 W

[TEMPERATURE DATA]      [PRECIPITATION DATA]       SYMBOLS USED IN COLUMN 16

AVERAGE MONTHLY: 16.4   TOTAL FOR MONTH:   1.43    1 = FOG OR MIST
DPTR FM NORMAL:  -1.8   DPTR FM NORMAL:    0.48    2 = FOG REDUCING VISIBILITY
HIGHEST:    53 ON 20    GRTST 24HR  0.84 ON 20-20      TO 1/4 MILE OR LESS
LOWEST:    -10 ON  6, 2                            3 = THUNDER
                        SNOW, ICE PELLETS, HAIL    4 = ICE PELLETS
                        TOTAL MONTH:    M          5 = HAIL
                        GRTST 24HR    M  ON   M    6 = FREEZING RAIN OR DRIZZLE
                        GRTST DEPTH:  M  ON   M    7 = DUSTSTORM OR SANDSTORM:
                                                       VSBY 1/2 MILE OR LESS
                                                   8 = SMOKE OR HAZE
[NO. OF DAYS WITH]      [WEATHER - DAYS WITH]      9 = BLOWING SNOW
                                                   X = TORNADO
MAX 32 OR BELOW:  17    0.01 INCH OR MORE:   8
MAX 90 OR ABOVE:   0    0.10 INCH OR MORE:   3
MIN 32 OR BELOW:  22    0.50 INCH OR MORE:   1
MIN  0 OR BELOW:   8    1.00 INCH OR MORE:   0

[HDD (BASE 65) ]
TOTAL THIS MO.  1064    CLEAR  (SCALE 0-3)   1
DPTR FM NORMAL    34    PTCLDY (SCALE 4-7)  14
TOTAL FM JUL 1  5684    CLOUDY (SCALE 8-10)  7
DPTR FM NORMAL  -115

[CDD (BASE 65) ]
TOTAL THIS MO.     0
DPTR FM NORMAL     0    [PRESSURE DATA]
TOTAL FM JAN 1     0    HIGHEST SLP M ON M
DPTR FM NORMAL     0    LOWEST  SLP 29.57 ON 15

[REMARKS]
