000
CXUS53 KAPX 260631
CF6GLR
PRELIMINARY LOCAL CLIMATOLOGICAL DATA (WS FORM: F-6)

                                          STATION:   GAYLORD
                                          MONTH:     MAY
                                          YEAR:      2015
                                          LATITUDE:   45  0 N
                                          LONGITUDE:  84 42 W

  TEMPERATURE IN F:       :PCPN:    SNOW:  WIND      :SUNSHINE: SKY     :PK WND
================================================================================
1   2   3   4   5  6A  6B    7    8   9   10  11  12  13   14  15   16   17  18
                                     12Z  AVG MX 2MIN
DY MAX MIN AVG DEP HDD CDD  WTR  SNW DPTH SPD SPD DIR MIN PSBL S-S WX    SPD DR
================================================================================

 1  68  31  50   2  15   0 0.00    M    M  3.1 13 270   M    M   0        20 280
 2  73  41  57   9   8   0    T    M    M  6.4 17 250   M    M   3        23 250
 3  77  53  65  16   0   0    T    M    M 11.7 24 210   M    M   3        34 240
 4  68  43  56   7   9   0 0.03    M    M  6.8 17 230   M    M   3 1      23 240
 5  68  41  55   6  10   0 0.00    M    M  4.8 13  50   M    M   0        17  60
 6  72  37  55   5  10   0 0.00    M    M  4.5 14 190   M    M   2        18 180
 7  84  53  69  19   0   4    T  0.0    M  9.2 28 200   M    M   3 18     36 200
 8  81  58  70  20   0   5 0.05    M    M  9.9 23 230   M    M   4 13     29 250
 9  60  48  54   3  11   0 0.38    M    M  4.8  9 290   M    M   9 1      14 300
10  49  43  46  -5  19   0 0.06    M    M  8.4 16  60   M    M  10 12     21  60
11  61  42  52   1  13   0 0.23    M    M  8.7 29 250   M    M   9 12     36 230
12  56  36  46  -6  19   0 0.05    M    M 12.3 24 250   M    M  10 1      31 250
13  57  36  47  -5  18   0 0.00    M    M  5.0 12 360   M    M   3 1      21  50
14  67  34  51  -1  14   0 0.00    M    M  6.6 14 160   M    M   1 8      21 160
15  57  47  52   0  13   0 0.23    M    M  7.6 14 150   M    M  10 1      19 150
16  74  47  61   8   4   0 0.00    M    M  3.5 13  60   M    M   7 12     17  60
17  80  54  67  14   0   2 0.04    M    M 11.4 23 180   M    M   7 128    31 160
18  80  46  63   9   2   0 0.00    M    M 15.5 28 250   M    M   3        36 240
19  46  32  39 -15  26   0    T    M    M  9.0 20 290   M    M  10 1      31 300
20  57  29  43 -11  22   0 0.00    M    M  5.6 12 280   M    M   0        18 280
21  66  37  52  -2  13   0 0.00    M    M  9.7 25 260   M    M   1        32 260
22  54  28  41 -14  24   0 0.00    M    M  5.3 15 290   M    M   0        25 310
23  74  32  53  -2  12   0 0.00    M    M  9.2 23 250   M    M   0        34 230
24  78  52  65  10   0   0 0.31    M    M  7.0 18 230   M    M   5 1      22 230
25  77  57  67  11   0   2 0.91    M    M 12.2 24 250   M    M   9 1      35 210
================================================================================
SM 1684 1057       262  13  2.29     0.0 198.2          M      112
================================================================================
AV 67.4 42.3                               7.9 FASTST   M    M   4    MAX(MPH)
                                 MISC ---->  # 29 250               # 36  200
================================================================================
NOTES:
# LAST OF SEVERAL OCCURRENCES

COLUMN 17 PEAK WIND IN M.P.H.

PRELIMINARY LOCAL CLIMATOLOGICAL DATA (WS FORM: F-6) , PAGE 2

                                          STATION:  GAYLORD
                                          MONTH:    MAY
                                          YEAR:     2015
                                          LATITUDE:   45  0 N
                                          LONGITUDE:  84 42 W

[TEMPERATURE DATA]      [PRECIPITATION DATA]       SYMBOLS USED IN COLUMN 16

AVERAGE MONTHLY: 54.8   TOTAL FOR MONTH:   2.29    1 = FOG OR MIST
DPTR FM NORMAL:   2.9   DPTR FM NORMAL:   -0.04    2 = FOG REDUCING VISIBILITY
HIGHEST:    84 ON  7    GRTST 24HR  1.22 ON 24-25      TO 1/4 MILE OR LESS
LOWEST:     28 ON 22                               3 = THUNDER
                        SNOW, ICE PELLETS, HAIL    4 = ICE PELLETS
                        TOTAL MONTH:   0.0 INCH    5 = HAIL
                        GRTST 24HR     0.0         6 = FREEZING RAIN OR DRIZZLE
                        GRTST DEPTH:  M  ON   M    7 = DUSTSTORM OR SANDSTORM:
                                                       VSBY 1/2 MILE OR LESS
                                                   8 = SMOKE OR HAZE
[NO. OF DAYS WITH]      [WEATHER - DAYS WITH]      9 = BLOWING SNOW
                                                   X = TORNADO
MAX 32 OR BELOW:   0    0.01 INCH OR MORE:  10
MAX 90 OR ABOVE:   0    0.10 INCH OR MORE:   5
MIN 32 OR BELOW:   5    0.50 INCH OR MORE:   1
MIN  0 OR BELOW:   0    1.00 INCH OR MORE:   0

[HDD (BASE 65) ]
TOTAL THIS MO.   262    CLEAR  (SCALE 0-3)  14
DPTR FM NORMAL   -75    PTCLDY (SCALE 4-7)   4
TOTAL FM JUL 1  8962    CLOUDY (SCALE 8-10)  7
DPTR FM NORMAL   699

[CDD (BASE 65) ]
TOTAL THIS MO.    13
DPTR FM NORMAL     6    [PRESSURE DATA]
TOTAL FM JAN 1    13    HIGHEST SLP M ON M
DPTR FM NORMAL     5    LOWEST  SLP 29.67 ON M

[REMARKS]
