000
CXUS54 KOUN 240700
CF6GOK
PRELIMINARY LOCAL CLIMATOLOGICAL DATA (WS FORM: F-6)

                                          STATION:   GUTHRIE MUNICIPAL
                                          MONTH:     MAY
                                          YEAR:      2017
                                          LATITUDE:   35 50 N
                                          LONGITUDE:  97 25 W

  TEMPERATURE IN F:       :PCPN:    SNOW:  WIND      :SUNSHINE: SKY     :PK WND
================================================================================
1   2   3   4   5  6A  6B    7    8   9   10  11  12  13   14  15   16   17  18
                                     12Z  AVG MX 2MIN
DY MAX MIN AVG DEP HDD CDD  WTR  SNW DPTH SPD SPD DIR MIN PSBL S-S WX    SPD DR
================================================================================

 1  72  38  55 -11  10   0 0.00  0.0    0 10.6 25 280   M    M   1        34 280
 2  80  47  64  -2   1   0    T  0.0    0  8.1 20  70   M    M   1        25  80
 3  62  49  56 -10   9   0    T  0.0    0  9.2 21  80   M    M   6 13     29 360
 4  71  42  57  -9   8   0 0.00  0.0    0  6.9 16 330   M    M   3 1      28 340
 5  75  41  58  -9   7   0 0.00  0.0    0  3.9 13 290   M    M   0        16 290
 6  84  48  66  -1   0   1 0.00  0.0    0  5.7 13 230   M    M   0        17 220
 7  87  57  72   5   0   7 0.00  0.0    0  9.0 17 180   M    M   0        29 160
 8  83  60  72   5   0   7 0.00  0.0    0 10.0 18 160   M    M   0        23 180
 9  84  61  73   5   0   8 0.00  0.0    0  9.5 17 180   M    M   3        25 180
10  79  60  70   2   0   5    T  0.0    0  9.7 29 260   M    M   9 138    40 260
11  79  59  69   1   0   4 0.23  0.0    0  4.8 30 300   M    M   4 138    46 310
12  75  53  64  -4   1   0 0.01  0.0    0  7.3 15  20   M    M   4 1      23 340
13  80  49  65  -4   0   0 0.00  0.0    0  5.1 14 160   M    M   0        20 180
14  87  61  74   5   0   9 0.00  0.0    0 12.0 18 170   M    M   0        33 170
15  90  69  80  11   0  15 0.00  0.0    0 13.4 20 170   M    M   0        26 200
16  79  70  75   5   0  10    T  0.0    0 16.6 28 170   M    M   5        36 170
17  84  62  73   3   0   8 0.46  0.0    0 16.0 35 250   M    M   1 13     50 240
18  87  65  76   6   0  11 0.25  0.0    0 13.5 28 170   M    M   1 13     38 170
19  76  59  68  -2   0   3 2.73  0.0    0  9.1 30 250   M    M   4 13     43 250
20  71  51  61 -10   4   0 0.00  0.0    0  7.9 20 270   M    M   3        23 310
21  77  46  62  -9   3   0 0.00  0.0    0  3.9 12  80   M    M   0        16  80
22  70  53  62  -9   3   0 0.16  0.0    0  3.6 14 260   M    M   5 13     18 270
23  70  53  62  -9   3   0 0.03  0.0    0  6.0 13 350   M    M   5 1      23 340
================================================================================
SM 1802 1253        49  88  3.87     0.0 201.8          M       55
================================================================================
AV 78.4 54.5                               8.8 FASTST   M    M   2    MAX(MPH)
                                 MISC ---->  # 35 250               # 50  240
================================================================================
NOTES:
# LAST OF SEVERAL OCCURRENCES

COLUMN 17 PEAK WIND IN M.P.H.

PRELIMINARY LOCAL CLIMATOLOGICAL DATA (WS FORM: F-6) , PAGE 2

                                          STATION:  GUTHRIE MUNICIPAL
                                          MONTH:    MAY
                                          YEAR:     2017
                                          LATITUDE:   35 50 N
                                          LONGITUDE:  97 25 W

[TEMPERATURE DATA]      [PRECIPITATION DATA]       SYMBOLS USED IN COLUMN 16

AVERAGE MONTHLY: 66.4   TOTAL FOR MONTH:   3.87    1 = FOG OR MIST
DPTR FM NORMAL:  -2.1   DPTR FM NORMAL:    0.87    2 = FOG REDUCING VISIBILITY
HIGHEST:    90 ON 15    GRTST 24HR  2.73 ON 19-19      TO 1/4 MILE OR LESS
LOWEST:     38 ON  1                               3 = THUNDER
                        SNOW, ICE PELLETS, HAIL    4 = ICE PELLETS
                        TOTAL MONTH:   0.0 INCH    5 = HAIL
                        GRTST 24HR     0.0         6 = FREEZING RAIN OR DRIZZLE
                        GRTST DEPTH:   0           7 = DUSTSTORM OR SANDSTORM:
                                                       VSBY 1/2 MILE OR LESS
                                                   8 = SMOKE OR HAZE
[NO. OF DAYS WITH]      [WEATHER - DAYS WITH]      9 = BLOWING SNOW
                                                   X = TORNADO
MAX 32 OR BELOW:   0    0.01 INCH OR MORE:   7
MAX 90 OR ABOVE:   1    0.10 INCH OR MORE:   5
MIN 32 OR BELOW:   0    0.50 INCH OR MORE:   1
MIN  0 OR BELOW:   0    1.00 INCH OR MORE:   1

[HDD (BASE 65) ]
TOTAL THIS MO.    49    CLEAR  (SCALE 0-3)  14
DPTR FM NORMAL    16    PTCLDY (SCALE 4-7)   8
TOTAL FM JUL 1  2792    CLOUDY (SCALE 8-10)  1
DPTR FM NORMAL  -768

[CDD (BASE 65) ]
TOTAL THIS MO.    88
DPTR FM NORMAL   -24    [PRESSURE DATA]
TOTAL FM JAN 1   216    HIGHEST SLP M ON M
DPTR FM NORMAL    32    LOWEST  SLP 29.48 ON 18

[REMARKS]
