000
CXUS54 KOUN 300800
CF6GOK
PRELIMINARY LOCAL CLIMATOLOGICAL DATA (WS FORM: F-6)

                                          STATION:   GUTHRIE MUNICIPAL
                                          MONTH:     AUGUST
                                          YEAR:      2015
                                          LATITUDE:   35 50 N
                                          LONGITUDE:  97 25 W

  TEMPERATURE IN F:       :PCPN:    SNOW:  WIND      :SUNSHINE: SKY     :PK WND
================================================================================
1   2   3   4   5  6A  6B    7    8   9   10  11  12  13   14  15   16   17  18
                                     12Z  AVG MX 2MIN
DY MAX MIN AVG DEP HDD CDD  WTR  SNW DPTH SPD SPD DIR MIN PSBL S-S WX    SPD DR
================================================================================

 1  93  70  82  -2   0  17    T  0.0    0  4.6 14 150   M    M   1 1      19 140
 2  88  72  80  -4   0  15 0.09  0.0    0  7.0 16 170   M    M   5        20  50
 3  91  71  81  -3   0  16    T  0.0    0  6.8 15 190   M    M   2        19 180
 4  91  72  82  -2   0  17 0.03  0.0    0  9.1 20 170   M    M   3 1      28 160
 5  98  74  86   2   0  21 0.01  0.0    0  7.0 15 150   M    M   1 3      23 360
 6 100  75  88   4   0  23 0.00  0.0    0  8.3 16 150   M    M   0        27 130
 7 102  75  89   5   0  24 0.00  0.0    0  6.1 13 150   M    M   0 8      16 140
 8 102  73  88   4   0  23 0.00  0.0    0  9.1 17 160   M    M   0        24 120
 9 104  80  92   9   0  27 0.00  0.0    0  9.9 17 190   M    M   0        21 200
10  92  73  83   0   0  18 0.02  0.0    0  4.3 16  70   M    M   2        22  70
11  96  73  85   2   0  20 0.00  0.0    0  6.7 12  50   M    M   0        24 360
12  90  66  78  -5   0  13 0.00  0.0    0  5.6 13  90   M    M   0        15  90
13  91  68  80  -3   0  15 0.00  0.0    0  7.5 14 150   M    M   1        19 170
14  87  69  78  -5   0  13 0.24  0.0    0  5.9 13 190   M    M   2 13     17 300
15  91  68  80  -3   0  15 0.00  0.0    0  7.3 13 180   M    M   0        15 140
16  93  66  80  -3   0  15 0.00  0.0    0  6.5 13 170   M    M   0        17 170
17  96  73  85   2   0  20    T  0.0    0  8.3 16 200   M    M   1        22 180
18  96  75  86   4   0  21 0.02  0.0    0  9.8 22 190   M    M   4 3      29 210
19  76  56  66 -16   0   1 0.57  0.0    0  7.0 21  30   M    M   6 13     36 350
20  82  52  67 -15   0   2 0.00  0.0    0  5.3 14 180   M    M   0        18 190
21  88  68  78  -4   0  13    T  0.0    0  8.6 16  20   M    M   7 1      23 360
22  90  65  78  -4   0  13    T  0.0    0 11.5 25  80   M    M   3 3      37  70
23  81  69  75  -7   0  10 0.00  0.0    0  6.8 17  40   M    M   6        25  30
24  82  62  72  -9   0   7 0.00  0.0    0  5.2 12  80   M    M   5        17  70
25  90  59  75  -6   0  10 0.00  0.0    0  7.0 14 140   M    M   1        17 130
26  95  70  83   2   0  18 0.00  0.0    0  7.3 14 160   M    M   1        19 200
27  95  70  83   2   0  18 0.00  0.0    0 10.2 24  90   M    M   0        31  80
28  85  72  79  -1   0  14 0.00  0.0    0  8.1 18 170   M    M   3 3      24 170
29  91  68  80   0   0  15 0.00  0.0    0  4.8 10  10   M    M   0        16 360
================================================================================
SM 2656 2004         0 454  0.98     0.0 211.6          M       54
================================================================================
AV 91.6 69.1                               7.3 FASTST   M    M   2    MAX(MPH)
                                 MISC ---->  # 25  80               # 37   70
================================================================================
NOTES:
# LAST OF SEVERAL OCCURRENCES

COLUMN 17 PEAK WIND IN M.P.H.

PRELIMINARY LOCAL CLIMATOLOGICAL DATA (WS FORM: F-6) , PAGE 2

                                          STATION:  GUTHRIE MUNICIPAL
                                          MONTH:    AUGUST
                                          YEAR:     2015
                                          LATITUDE:   35 50 N
                                          LONGITUDE:  97 25 W

[TEMPERATURE DATA]      [PRECIPITATION DATA]       SYMBOLS USED IN COLUMN 16

AVERAGE MONTHLY: 80.3   TOTAL FOR MONTH:   0.98    1 = FOG OR MIST
DPTR FM NORMAL:  -2.2   DPTR FM NORMAL:   -1.86    2 = FOG REDUCING VISIBILITY
HIGHEST:   104 ON  9    GRTST 24HR  0.57 ON 19-19      TO 1/4 MILE OR LESS
LOWEST:     52 ON 20                               3 = THUNDER
                        SNOW, ICE PELLETS, HAIL    4 = ICE PELLETS
                        TOTAL MONTH:   0.0 INCH    5 = HAIL
                        GRTST 24HR     0.0         6 = FREEZING RAIN OR DRIZZLE
                        GRTST DEPTH:   0           7 = DUSTSTORM OR SANDSTORM:
                                                       VSBY 1/2 MILE OR LESS
                                                   8 = SMOKE OR HAZE
[NO. OF DAYS WITH]      [WEATHER - DAYS WITH]      9 = BLOWING SNOW
                                                   X = TORNADO
MAX 32 OR BELOW:   0    0.01 INCH OR MORE:   7
MAX 90 OR ABOVE:  21    0.10 INCH OR MORE:   2
MIN 32 OR BELOW:   0    0.50 INCH OR MORE:   1
MIN  0 OR BELOW:   0    1.00 INCH OR MORE:   0

[HDD (BASE 65) ]
TOTAL THIS MO.     0    CLEAR  (SCALE 0-3)  22
DPTR FM NORMAL     0    PTCLDY (SCALE 4-7)   7
TOTAL FM JUL 1     0    CLOUDY (SCALE 8-10)  0
DPTR FM NORMAL     0

[CDD (BASE 65) ]
TOTAL THIS MO.   454
DPTR FM NORMAL   -55    [PRESSURE DATA]
TOTAL FM JAN 1  1653    HIGHEST SLP M ON M
DPTR FM NORMAL   -34    LOWEST  SLP 29.62 ON 18

[REMARKS]
