000
CXUS54 KOUN 180700
CF6GOK
PRELIMINARY LOCAL CLIMATOLOGICAL DATA (WS FORM: F-6)

                                          STATION:   GUTHRIE MUNICIPAL
                                          MONTH:     AUGUST
                                          YEAR:      2017
                                          LATITUDE:   35 50 N
                                          LONGITUDE:  97 25 W

  TEMPERATURE IN F:       :PCPN:    SNOW:  WIND      :SUNSHINE: SKY     :PK WND
================================================================================
1   2   3   4   5  6A  6B    7    8   9   10  11  12  13   14  15   16   17  18
                                     12Z  AVG MX 2MIN
DY MAX MIN AVG DEP HDD CDD  WTR  SNW DPTH SPD SPD DIR MIN PSBL S-S WX    SPD DR
================================================================================

 1  77  67  72 -12   0   7 1.24  0.0    0  3.4 15  50   M    M   8 1      19  40
 2  89  66  78  -6   0  13 0.00  0.0    0  4.1 10 100   M    M   3 18     15  70
 3  92  68  80  -4   0  15 0.00  0.0    0  5.5 14 100   M    M   1 3      18 110
 4  85  68  77  -7   0  12    T  0.0    0  8.5 16  90   M    M   2 3      21  80
 5  99  68  84   0   0  19 0.05  0.0    0 15.1 25 180   M    M   0        36 190
 6  88  70  79  -5   0  14 0.04  0.0    0  7.9 20  70   M    M   6 1      24  80
 7  84  67  76  -8   0  11 0.00  0.0    0  6.9 16  70   M    M   5 1      22  80
 8  88  65  77  -7   0  12 0.00  0.0    0  6.0 12  80   M    M   2        15  70
 9  91  65  78  -5   0  13 0.72  0.0    0  6.7 14 140   M    M   2 13     20  30
10  89  70  80  -3   0  15 0.12  0.0    0  7.8 20 170   M    M   3 13     24 170
11  86  69  78  -5   0  13 0.41  0.0    0  4.5 15 280   M    M   5 13     18 280
12  74  69  72 -11   0   7 0.44  0.0    0  4.8 10 100   M    M   8 1      14 110
13  86  70  78  -5   0  13    T  0.0    0  4.1 12 120   M    M   6 1      15 120
14  88  72  80  -3   0  15 0.18  0.0    0  5.5 10 200   M    M   3 13     19 350
15  85  72  79  -4   0  14 0.20  0.0    0  7.9 16 140   M    M   3 13     22 150
16  93  71  82  -1   0  17 0.11  0.0    0 11.2 28 290   M    M   2 13     34 290
17  91  68  80  -3   0  15 0.00  0.0    0  3.0  8 310   M    M   0 1      12 300
================================================================================
SM 1485 1165         0 225  3.51     0.0 112.9          M       59
================================================================================
AV 87.4 68.5                               6.6 FASTST   M    M   3    MAX(MPH)
                                 MISC ---->  # 28 290               # 36  190
================================================================================
NOTES:
# LAST OF SEVERAL OCCURRENCES

COLUMN 17 PEAK WIND IN M.P.H.

PRELIMINARY LOCAL CLIMATOLOGICAL DATA (WS FORM: F-6) , PAGE 2

                                          STATION:  GUTHRIE MUNICIPAL
                                          MONTH:    AUGUST
                                          YEAR:     2017
                                          LATITUDE:   35 50 N
                                          LONGITUDE:  97 25 W

[TEMPERATURE DATA]      [PRECIPITATION DATA]       SYMBOLS USED IN COLUMN 16

AVERAGE MONTHLY: 77.9   TOTAL FOR MONTH:   3.51    1 = FOG OR MIST
DPTR FM NORMAL:  -5.5   DPTR FM NORMAL:    1.88    2 = FOG REDUCING VISIBILITY
HIGHEST:    99 ON  5    GRTST 24HR  1.24 ON  1- 1      TO 1/4 MILE OR LESS
LOWEST:     65 ON  9, 8                            3 = THUNDER
                        SNOW, ICE PELLETS, HAIL    4 = ICE PELLETS
                        TOTAL MONTH:   0.0 INCH    5 = HAIL
                        GRTST 24HR     0.0         6 = FREEZING RAIN OR DRIZZLE
                        GRTST DEPTH:   0           7 = DUSTSTORM OR SANDSTORM:
                                                       VSBY 1/2 MILE OR LESS
                                                   8 = SMOKE OR HAZE
[NO. OF DAYS WITH]      [WEATHER - DAYS WITH]      9 = BLOWING SNOW
                                                   X = TORNADO
MAX 32 OR BELOW:   0    0.01 INCH OR MORE:  10
MAX 90 OR ABOVE:   5    0.10 INCH OR MORE:   8
MIN 32 OR BELOW:   0    0.50 INCH OR MORE:   2
MIN  0 OR BELOW:   0    1.00 INCH OR MORE:   1

[HDD (BASE 65) ]
TOTAL THIS MO.     0    CLEAR  (SCALE 0-3)  10
DPTR FM NORMAL     0    PTCLDY (SCALE 4-7)   6
TOTAL FM JUL 1     0    CLOUDY (SCALE 8-10)  1
DPTR FM NORMAL     0

[CDD (BASE 65) ]
TOTAL THIS MO.   225
DPTR FM NORMAL   -88    [PRESSURE DATA]
TOTAL FM JAN 1  1537    HIGHEST SLP M ON M
DPTR FM NORMAL    46    LOWEST  SLP 29.69 ON  6

[REMARKS]
