000
CXUS53 KGID 300730
CF6GRI
PRELIMINARY LOCAL CLIMATOLOGICAL DATA (WS FORM: F-6)

                                          STATION:   GRAND ISLAND NE
                                          MONTH:     SEPTEMBER
                                          YEAR:      2016
                                          LATITUDE:   40 58 N
                                          LONGITUDE:  98 19 W

  TEMPERATURE IN F:       :PCPN:    SNOW:  WIND      :SUNSHINE: SKY     :PK WND
================================================================================
1   2   3   4   5  6A  6B    7    8   9   10  11  12  13   14  15   16   17  18
                                     12Z  AVG MX 2MIN
DY MAX MIN AVG DEP HDD CDD  WTR  SNW DPTH SPD SPD DIR MIN PSBL S-S WX    SPD DR
================================================================================

 1  81  50  66  -5   0   1 0.00  0.0    0  5.3 14 110   M    M   0 1      18 130
 2  77  56  67  -4   0   2 0.00  0.0    0 12.4 21 150   M    M   1        28 140
 3  72  61  67  -3   0   2 0.04  0.0    0 15.5 23 160   M    M   5 1      30 140
 4  83  65  74   4   0   9    T  0.0    0 13.9 31 170   M    M   5        42 160
 5  92  72  82  12   0  17 0.00  0.0    0 16.1 25 210   M    M   1        35 210
 6  87  67  77   8   0  12 0.00  0.0    0  7.4 21  10   M    M   3        26  20
 7  86  64  75   6   0  10 0.11  0.0    0  6.8 16 210   M    M   5 1      21 190
 8  83  61  72   4   0   7 0.00  0.0    0  8.9 18 150   M    M   3 1      24 150
 9  72  52  62  -6   3   0 1.18  0.0    0 11.4 29 300   M    M   7 123    36 310
10  76  48  62  -6   3   0 0.00  0.0    0  9.1 17 280   M    M   0        23 240
11  83  55  69   2   0   4 0.00  0.0    0 17.8 26 190   M    M   0        33 190
12  74  58  66  -1   0   1 0.05  0.0    0 12.7 22 350   M    M   6 3      28  10
13  59  52  56 -10   9   0 0.01  0.0    0 11.9 24  30   M    M  10 1      32  30
14  61  52  57  -9   8   0 0.00  0.0    0  7.0 12  60   M    M  10 1      14  60
15  83  61  72   6   0   7 0.93  0.0    0 12.5 36 280   M    M   7 13     44 280
16  78  54  66   1   0   1    T  0.0    0  5.8 24  90   M    M   3 18     28  90
17  84  48  66   1   0   1 0.00  0.0    0  5.7 18 220   M    M   0        25 210
18  86  54  70   6   0   5 0.00  0.0    0 11.1 20 210   M    M   0        26 230
19  83  57  70   6   0   5 0.00  0.0    0 11.2 21  20   M    M   0        27  10
20  93  56  75  12   0  10 0.00  0.0    0 11.6 23 190   M    M   0        28 180
21  87  73  80  17   0  15    T  0.0    0 15.5 26 200   M    M   1        36 190
22  80  62  71   9   0   6 0.00  0.0    0  6.5 20 180   M    M   4 12     24 170
23  88  62  75  13   0  10 0.00  0.0    0 13.5 24 160   M    M   1 12     35 170
24  75  59  67   5   0   2 0.21  0.0    0 10.1 22 160   M    M   5 3      28 160
25  72  44  58  -3   7   0 0.00  0.0    0 13.8 29 320   M    M   0        35 340
26  78  41  60  -1   5   0 0.00  0.0    0  9.3 22 280   M    M   0        29 350
27  83  45  64   4   1   0 0.00  0.0    0  7.2 18 300   M    M   0 8      22 270
28  70  43  57  -3   8   0 0.00  0.0    0  8.1 18 360   M    M   0 8      28  10
29  69  38  54  -5  11   0 0.00  0.0    0  3.8 10  80   M    M   0        15 110
================================================================================
SM 2295 1610        55 127  2.53     0.0 301.9          M       77
================================================================================
AV 79.1 55.5                              10.4 FASTST   M    M   3    MAX(MPH)
                                 MISC ---->  # 36 280               # 44  280
================================================================================
NOTES:
# LAST OF SEVERAL OCCURRENCES

COLUMN 17 PEAK WIND IN M.P.H.

PRELIMINARY LOCAL CLIMATOLOGICAL DATA (WS FORM: F-6) , PAGE 2

                                          STATION:  GRAND ISLAND NE
                                          MONTH:    SEPTEMBER
                                          YEAR:     2016
                                          LATITUDE:   40 58 N
                                          LONGITUDE:  98 19 W

[TEMPERATURE DATA]      [PRECIPITATION DATA]       SYMBOLS USED IN COLUMN 16

AVERAGE MONTHLY: 67.3   TOTAL FOR MONTH:   2.53    1 = FOG OR MIST
DPTR FM NORMAL:   1.9   DPTR FM NORMAL:    0.36    2 = FOG REDUCING VISIBILITY
HIGHEST:    93 ON 20    GRTST 24HR  1.18 ON  8- 9      TO 1/4 MILE OR LESS
LOWEST:     38 ON 29                               3 = THUNDER
                        SNOW, ICE PELLETS, HAIL    4 = ICE PELLETS
                        TOTAL MONTH:   0.0 INCH    5 = HAIL
                        GRTST 24HR     0.0         6 = FREEZING RAIN OR DRIZZLE
                        GRTST DEPTH:   0           7 = DUSTSTORM OR SANDSTORM:
                                                       VSBY 1/2 MILE OR LESS
                                                   8 = SMOKE OR HAZE
[NO. OF DAYS WITH]      [WEATHER - DAYS WITH]      9 = BLOWING SNOW
                                                   X = TORNADO
MAX 32 OR BELOW:   0    0.01 INCH OR MORE:   7
MAX 90 OR ABOVE:   2    0.10 INCH OR MORE:   4
MIN 32 OR BELOW:   0    0.50 INCH OR MORE:   2
MIN  0 OR BELOW:   0    1.00 INCH OR MORE:   1

[HDD (BASE 65) ]
TOTAL THIS MO.    55    CLEAR  (SCALE 0-3)  18
DPTR FM NORMAL   -43    PTCLDY (SCALE 4-7)   9
TOTAL FM JUL 1    62    CLOUDY (SCALE 8-10)  2
DPTR FM NORMAL   -46

[CDD (BASE 65) ]
TOTAL THIS MO.   127
DPTR FM NORMAL    19    [PRESSURE DATA]
TOTAL FM JAN 1  1141    HIGHEST SLP M ON M
DPTR FM NORMAL   119    LOWEST  SLP 29.70 ON  4

[REMARKS]
