000
CXGM50 PGUM 181850
CF6GSN
PRELIMINARY LOCAL CLIMATOLOGICAL DATA (WS FORM: F-6)

                                          STATION:   SAIPAN/ISLEY_(CGS) MP
                                          MONTH:     DECEMBER
                                          YEAR:      2014
                                          LATITUDE:   15  7 N
                                          LONGITUDE: 145-44 E

  TEMPERATURE IN F:       :PCPN:    SNOW:  WIND      :SUNSHINE: SKY     :PK WND
================================================================================
1   2   3   4   5  6A  6B    7    8   9   10  11  12  13   14  15   16   17  18
                                     12Z  AVG MX 2MIN
DY MAX MIN AVG DEP HDD CDD  WTR  SNW DPTH SPD SPD DIR MIN PSBL S-S WX    SPD DR
================================================================================

 1  86  77  82   M   0  17 0.00  0.0    0 11.4 15  90   M    M   2        15  90
 2  87  79  83   M   0  18 0.00  0.0    0 16.4 23  80   M    M   4        23  80
 3  88  80  84   M   0  19 0.00  0.0    0 16.6 20  70   M    M   4        26  90
 4  88  79  84   M   0  19 0.05  0.0    0 15.7 24 100   M    M   5        24 100
 5  86  76  81   M   0  16 0.09  0.0    0  8.8 15 120   M    M   3 1      18  80
 6  86  75  81   M   0  16    T  0.0    0  7.8 18  80   M    M   3 1      18  80
 7  86  76  81   M   0  16 0.22  0.0    0 13.6 23  80   M    M   4 8      26  60
 8  87  76  82   M   0  17    T  0.0    0 16.0 23  90   M    M   4 18     28 100
 9  87  77  82   M   0  17 0.11  0.0    0 10.7 17  80   M    M   3        22  80
10  87  76  82   M   0  17 0.02  0.0    0  7.7 17  80   M    M   4 1      21  80
11  87  78  83   M   0  18    T  0.0    0  6.8 15  80   M    M   1        21 150
12  88  78  83   M   0  18    T  0.0    0  7.8 15  80   M    M   2        20  70
13  88  76  82   M   0  17 0.00  0.0    0 10.8 20  70   M    M   3        25  80
14  88  76  82   M   0  17 0.51  0.0    0 12.5 26  60   M    M   5 1      31  60
15  88  79  84   M   0  19    T  0.0    0 17.5 24  70   M    M   4        31  90
16  87  80  84   M   0  19 0.00  0.0    0 17.0 25  80   M    M   4        31  80
17  87  80  84   M   0  19 0.00  0.0    0 13.0 22  80   M    M   5        28  80
18  88  77  83   M   0  18 0.00  0.0    0 14.4 24  70   M    M   4 1      29  50
================================================================================
SM 1569 1395         0 317  1.00     0.0 224.5          M       64
================================================================================
AV 87.2 77.5                              12.5 FASTST   M    M   4    MAX(MPH)
                                 MISC ---->  # 26  60               # 31   60
================================================================================
NOTES:
# LAST OF SEVERAL OCCURRENCES

COLUMN 17 PEAK WIND IN M.P.H.

PRELIMINARY LOCAL CLIMATOLOGICAL DATA (WS FORM: F-6) , PAGE 2

                                          STATION:  SAIPAN/ISLEY_(CGS) MP
                                          MONTH:    DECEMBER
                                          YEAR:     2014
                                          LATITUDE:   15  7 N
                                          LONGITUDE: 145-44 E

[TEMPERATURE DATA]      [PRECIPITATION DATA]       SYMBOLS USED IN COLUMN 16

AVERAGE MONTHLY: 82.3   TOTAL FOR MONTH:   1.00    1 = FOG OR MIST
DPTR FM NORMAL:     M   DPTR FM NORMAL:   -1.39    2 = FOG REDUCING VISIBILITY
HIGHEST:    88 ON 18,15 GRTST 24HR  0.51 ON 14-14      TO 1/4 MILE OR LESS
LOWEST:     75 ON  6                               3 = THUNDER
                        SNOW, ICE PELLETS, HAIL    4 = ICE PELLETS
                        TOTAL MONTH:   0.0 INCH    5 = HAIL
                        GRTST 24HR     0.0         6 = FREEZING RAIN OR DRIZZLE
                        GRTST DEPTH:   0           7 = DUSTSTORM OR SANDSTORM:
                                                       VSBY 1/2 MILE OR LESS
                                                   8 = SMOKE OR HAZE
[NO. OF DAYS WITH]      [WEATHER - DAYS WITH]      9 = BLOWING SNOW
                                                   X = TORNADO
MAX 32 OR BELOW:   0    0.01 INCH OR MORE:   6
MAX 90 OR ABOVE:   0    0.10 INCH OR MORE:   3
MIN 32 OR BELOW:   0    0.50 INCH OR MORE:   1
MIN  0 OR BELOW:   0    1.00 INCH OR MORE:   0

[HDD (BASE 65) ]
TOTAL THIS MO.     0    CLEAR  (SCALE 0-3)   7
DPTR FM NORMAL     M    PTCLDY (SCALE 4-7)  11
TOTAL FM JUL 1     0    CLOUDY (SCALE 8-10)  0
DPTR FM NORMAL     M

[CDD (BASE 65) ]
TOTAL THIS MO.   317
DPTR FM NORMAL     M    [PRESSURE DATA]
TOTAL FM JAN 1  5968    HIGHEST SLP M ON M
DPTR FM NORMAL     M    LOWEST  SLP 29.81 ON  1

[REMARKS]
