000
CXGM50 PGUM 231850
CF6GSN
PRELIMINARY LOCAL CLIMATOLOGICAL DATA (WS FORM: F-6)

                                          STATION:   SAIPAN/ISLEY_(CGS) MP
                                          MONTH:     OCTOBER
                                          YEAR:      2014
                                          LATITUDE:   15  7 N
                                          LONGITUDE: 145-44 E

  TEMPERATURE IN F:       :PCPN:    SNOW:  WIND      :SUNSHINE: SKY     :PK WND
================================================================================
1   2   3   4   5  6A  6B    7    8   9   10  11  12  13   14  15   16   17  18
                                     12Z  AVG MX 2MIN
DY MAX MIN AVG DEP HDD CDD  WTR  SNW DPTH SPD SPD DIR MIN PSBL S-S WX    SPD DR
================================================================================

 1  86  76  81   M   0  16 0.42  0.0    0 17.1 32 190   M    M   5 1      40 180
 2  87  78  83   M   0  18 0.16  0.0    0 13.0 21 190   M    M   6 1      28 180
 3  87  79  83   M   0  18 0.20  0.0    0  9.2 16 180   M    M   4 1      26 170
 4  88  79  84   M   0  19 0.01  0.0    0  8.8 15 120   M    M   3        21 130
 5  86  79  83   M   0  18 0.28  0.0    0 12.7 32  50   M    M   5 18     43  60
 6  84  76  80   M   0  15 0.87  0.0    0 19.2 44 100   M    M   7 18     60 100
 7  86  79  83   M   0  18 0.01  0.0    0  9.5 16 150   M    M   4        21 110
 8  85  77  81   M   0  16 0.19  0.0    0  7.8 18 110   M    M   4 1      25 120
 9  88  80  84   M   0  19 0.04  0.0    0  6.4 16 110   M    M   3 1      20 110
10  87  79  83   M   0  18 0.27  0.0    0  7.2 14 140   M    M   3 1      20 110
11  86  79  83   M   0  18 0.07  0.0    0  8.4 17 120   M    M   4 1      22 100
12  88  80  84   M   0  19 0.02  0.0    0  9.1 15  70   M    M   2        18  60
13  88  79  84   M   0  19 0.02  0.0    0  4.1  9 180   M    M   1        13 150
14  86  78  82   M   0  17 0.03  0.0    0  2.8 12 260   M    M   2        16 270
15  88  78  83   M   0  18 0.04  0.0    0  3.3 10 310   M    M   3 1X     14 320
16  86  76  81   M   0  16 0.07  0.0    0  5.1 12 170   M    M   3 18     16 150
17  87  77  82   M   0  17 0.04  0.0    0  7.8 12  80   M    M   4         M  M
18  89  78  84   M   0  19 0.12  0.0    0  7.4 16  60   M    M   3 1      21  40
19  87  79  83   M   0  18 0.08  0.0    0  9.0 20  50   M    M   3 1      24  60
20  90  78  84   M   0  19 0.02  0.0    0  7.9 15  50   M    M   2        18  40
21  89  76  83   M   0  18    T  0.0    0  4.6 10  80   M    M   2        15  60
22  89  78  84   M   0  19 0.10  0.0    0  6.5 23  80   M    M   4 1      28  80
23  89  78  84   M   0  19 0.00  0.0    0  7.5 14 120   M    M   2        17 110
================================================================================
SM 2006 1796         0 411  3.06     0.0 194.4          M       79
================================================================================
AV 87.2 78.1                               8.5 FASTST   M    M   3    MAX(MPH)
                                 MISC ---->  # 44 100               # 60  100
================================================================================
NOTES:
# LAST OF SEVERAL OCCURRENCES

COLUMN 17 PEAK WIND IN M.P.H.

PRELIMINARY LOCAL CLIMATOLOGICAL DATA (WS FORM: F-6) , PAGE 2

                                          STATION:  SAIPAN/ISLEY_(CGS) MP
                                          MONTH:    OCTOBER
                                          YEAR:     2014
                                          LATITUDE:   15  7 N
                                          LONGITUDE: 145-44 E

[TEMPERATURE DATA]      [PRECIPITATION DATA]       SYMBOLS USED IN COLUMN 16

AVERAGE MONTHLY: 82.7   TOTAL FOR MONTH:   3.06    1 = FOG OR MIST
DPTR FM NORMAL:     M   DPTR FM NORMAL:   -5.79    2 = FOG REDUCING VISIBILITY
HIGHEST:    90 ON 20    GRTST 24HR  0.92 ON  5- 6      TO 1/4 MILE OR LESS
LOWEST:     76 ON 21,16                            3 = THUNDER
                        SNOW, ICE PELLETS, HAIL    4 = ICE PELLETS
                        TOTAL MONTH:   0.0 INCH    5 = HAIL
                        GRTST 24HR     0.0         6 = FREEZING RAIN OR DRIZZLE
                        GRTST DEPTH:   0           7 = DUSTSTORM OR SANDSTORM:
                                                       VSBY 1/2 MILE OR LESS
                                                   8 = SMOKE OR HAZE
[NO. OF DAYS WITH]      [WEATHER - DAYS WITH]      9 = BLOWING SNOW
                                                   X = TORNADO
MAX 32 OR BELOW:   0    0.01 INCH OR MORE:  21
MAX 90 OR ABOVE:   1    0.10 INCH OR MORE:   9
MIN 32 OR BELOW:   0    0.50 INCH OR MORE:   1
MIN  0 OR BELOW:   0    1.00 INCH OR MORE:   0

[HDD (BASE 65) ]
TOTAL THIS MO.     0    CLEAR  (SCALE 0-3)  11
DPTR FM NORMAL     M    PTCLDY (SCALE 4-7)  12
TOTAL FM JUL 1     0    CLOUDY (SCALE 8-10)  0
DPTR FM NORMAL     M

[CDD (BASE 65) ]
TOTAL THIS MO.   411
DPTR FM NORMAL     M    [PRESSURE DATA]
TOTAL FM JAN 1  5025    HIGHEST SLP M ON M
DPTR FM NORMAL     M    LOWEST  SLP 29.52 ON  6

[REMARKS]
