000
CXUS54 KAMA 271015
CF6GUY
PRELIMINARY LOCAL CLIMATOLOGICAL DATA (WS FORM: F-6)

                                          STATION:   GUYMON
                                          MONTH:     MAY
                                          YEAR:      2015
                                          LATITUDE:   36 41 N
                                          LONGITUDE: 101 30 W

  TEMPERATURE IN F:       :PCPN:    SNOW:  WIND      :SUNSHINE: SKY     :PK WND
================================================================================
1   2   3   4   5  6A  6B    7    8   9   10  11  12  13   14  15   16   17  18
                                     12Z  AVG MX 2MIN
DY MAX MIN AVG DEP HDD CDD  WTR  SNW DPTH SPD SPD DIR MIN PSBL S-S WX    SPD DR
================================================================================

 1  83  48  66   6   0   1 0.00  0.0    0  8.9 18 160   M    M   0        25 160
 2  87  56  72  12   0   7 0.00  0.0    0 14.0 26 200   M    M   0        34 190
 3  89  51  70   9   0   5 0.14  0.0    0  8.7 31 240   M    M   2 3      41 200
 4  79  58  69   8   0   4 0.14  0.0    0  7.6 24 240   M    M   5 13     31 240
 5  70  52  61  -1   4   0 1.51  0.0    0  9.9 25 160   M    M   8 13     33 170
 6  81  51  66   4   0   1 0.00  0.0    0 16.9 32 210   M    M   0        40 210
 7  80  55  68   6   0   3 0.00  0.0    0 10.2 22 160   M    M   1        29 150
 8  71  51  61  -1   4   0 0.10  0.0    0 11.6 20 130   M    M   4 1      26 130
 9  78  50  64   1   1   0 0.40  0.0    0 15.3 38  50   M    M   4 13     48  50
10  64  41  53 -10  12   0 0.00  0.0    0 15.9 26 340   M    M   0        34 340
11  66  38  52 -11  13   0 0.00  0.0    0  8.9 21 350   M    M   2        26 360
12  74  41  58  -6   7   0 0.00  0.0    0 13.8 25 180   M    M   0        34 220
13  59  53  56  -8   9   0 0.47  0.0    0  8.4 16 120   M    M   7 1      22 170
14  81  52  67   3   0   2 0.00  0.0    0  8.1 18 170   M    M   3 12     23 200
15  83  56  70   5   0   5 0.18  0.0    0 16.0 30 200   M    M   2 13     38 180
16  72  54  63  -2   2   0 0.37  0.0    0 14.7 31 220   M    M   3 13     38 230
17  78  50  64  -1   1   0 0.00  0.0    0  8.7 17 200   M    M   0        22 170
18  71  49  60  -6   5   0 0.00  0.0    0 14.2 25  40   M    M   5        33  40
19  58  44  51 -15  14   0 0.86  0.0    0 16.2 24  90   M    M  10 13     33  80
20  56  42  49 -17  16   0 0.00  0.0    0 13.3 22  10   M    M   9        27  10
21  58  46  52 -14  13   0 0.50  0.0    0  6.7 12 120   M    M   9 1      15  80
22  69  50  60  -7   5   0 0.42  0.0    0 13.2 21 160   M    M   8 1      28 150
23  67  55  61  -6   4   0 1.23  0.0    0 11.9 21  70   M    M   9 13     26  70
24  77  56  67   0   0   2 0.00  0.0    0  8.4 21 180   M    M   7 13     33 180
25  76  48  62  -6   3   0 0.00  0.0    0  7.4 23 200   M    M   1        29 190
26  79  52  66  -2   0   1 0.00  0.0    0  5.6 13  70   M    M   1        17  10
================================================================================
SM 1906 1299       113  31  6.32     0.0 294.5          M      100
================================================================================
AV 73.3 50.0                              11.3 FASTST   M    M   4    MAX(MPH)
                                 MISC ---->  # 38  50               # 48   50
================================================================================
NOTES:
# LAST OF SEVERAL OCCURRENCES

COLUMN 17 PEAK WIND IN M.P.H.

PRELIMINARY LOCAL CLIMATOLOGICAL DATA (WS FORM: F-6) , PAGE 2

                                          STATION:  GUYMON
                                          MONTH:    MAY
                                          YEAR:     2015
                                          LATITUDE:   36 41 N
                                          LONGITUDE: 101 30 W

[TEMPERATURE DATA]      [PRECIPITATION DATA]       SYMBOLS USED IN COLUMN 16

AVERAGE MONTHLY: 61.6   TOTAL FOR MONTH:   6.32    1 = FOG OR MIST
DPTR FM NORMAL:  -2.5   DPTR FM NORMAL:    4.44    2 = FOG REDUCING VISIBILITY
HIGHEST:    89 ON  3    GRTST 24HR  1.51 ON  5- 5      TO 1/4 MILE OR LESS
LOWEST:     38 ON 11                               3 = THUNDER
                        SNOW, ICE PELLETS, HAIL    4 = ICE PELLETS
                        TOTAL MONTH:   0.0 INCH    5 = HAIL
                        GRTST 24HR     0.0         6 = FREEZING RAIN OR DRIZZLE
                        GRTST DEPTH:   0           7 = DUSTSTORM OR SANDSTORM:
                                                       VSBY 1/2 MILE OR LESS
                                                   8 = SMOKE OR HAZE
[NO. OF DAYS WITH]      [WEATHER - DAYS WITH]      9 = BLOWING SNOW
                                                   X = TORNADO
MAX 32 OR BELOW:   0    0.01 INCH OR MORE:  12
MAX 90 OR ABOVE:   0    0.10 INCH OR MORE:  12
MIN 32 OR BELOW:   0    0.50 INCH OR MORE:   4
MIN  0 OR BELOW:   0    1.00 INCH OR MORE:   2

[HDD (BASE 65) ]
TOTAL THIS MO.   113    CLEAR  (SCALE 0-3)  12
DPTR FM NORMAL    23    PTCLDY (SCALE 4-7)   9
TOTAL FM JUL 1  3996    CLOUDY (SCALE 8-10)  5
DPTR FM NORMAL  -447

[CDD (BASE 65) ]
TOTAL THIS MO.    31
DPTR FM NORMAL   -37    [PRESSURE DATA]
TOTAL FM JAN 1    48    HIGHEST SLP M ON M
DPTR FM NORMAL   -35    LOWEST  SLP 29.58 ON 16

[REMARKS]
