000
CXUS54 KJAN 230800
CF6GWO
PRELIMINARY LOCAL CLIMATOLOGICAL DATA (WS FORM: F-6)

                                          STATION:   GREENWOOD
                                          MONTH:     AUGUST
                                          YEAR:      2014
                                          LATITUDE:   33 30 N
                                          LONGITUDE:  90  5 W

  TEMPERATURE IN F:       :PCPN:    SNOW:  WIND      :SUNSHINE: SKY     :PK WND
================================================================================
1   2   3   4   5  6A  6B    7    8   9   10  11  12  13   14  15   16   17  18
                                     12Z  AVG MX 2MIN
DY MAX MIN AVG DEP HDD CDD  WTR  SNW DPTH SPD SPD DIR MIN PSBL S-S WX    SPD DR
================================================================================

 1  81  68  75  -7   0  10 0.03  0.0    0  1.7 12  40   M    M   5 18     13  40
 2  88  71  80  -2   0  15 0.12  0.0    0  3.3 15 210   M    M   6 1      19 210
 3  92  69  81  -1   0  16 0.01  0.0    0  4.0 25  80   M    M   3 1      36  80
 4  93  68  81  -1   0  16 0.17  0.0    0  4.1 16 170   M    M   3 1      19 170
 5  92  68  80  -2   0  15 0.00  0.0    0  1.2  7 360   M    M   1 12     11  40
 6  93  68  81  -1   0  16 0.00  0.0    0  1.8 10 350   M    M   0 18     13 360
 7  89  70  80  -2   0  15 0.01  0.0    0  3.8 17  20   M    M   2 1      21  20
 8  92  72  82   0   0  17 0.52  0.0    0  5.4 23 290   M    M   1 18     35 270
 9  92  74  83   2   0  18 0.00  0.0    0  4.0 12 320   M    M   2 1      18 260
10  91  71  81   0   0  16 0.40  0.0    0  4.9 16 340   M    M   6 1      21 360
11  82  70  76  -5   0  11 0.99  0.0    0  3.6  9 210   M    M   5 1      15 230
12  87  66  77  -4   0  12 0.00  0.0    0  4.3 13 350   M    M   5 12     19 300
13  86  61  74  -7   0   9 0.00  0.0    0  4.4 14  20   M    M   0 1      18  30
14  86  59  73  -8   0   8 0.00  0.0    0  2.5 10  90   M    M   1 1      12  80
15  88  61  75  -6   0  10 0.00  0.0    0  2.3  8  70   M    M   0 1      11  30
16  89  65  77  -4   0  12 0.00  0.0    0  3.6 10 180   M    M   1 1      14 220
17  92  72  82   1   0  17 0.00  0.0    0  6.9 14 220   M    M   2        19 220
18  85  71  78  -3   0  13 0.01  0.0    0  6.1 17 220   M    M   4        22 210
19  94  69  82   1   0  17 0.00  0.0    0  4.6 14 190   M    M   1        17 190
20  92  73  83   2   0  18 0.00  0.0    0  3.7 10 230   M    M   0 1      13 200
21  93  72  83   2   0  18 0.00  0.0    0  4.8 12 220   M    M   1 1      16 220
22   M   M   M   M   M   M    M    M    M   M   M   M   M    M   M 1       M  M
================================================================================
SM 1877 1438         0 299  2.26     0.0  81.0          M       49
================================================================================
AV 89.4 68.5                               3.9 FASTST   M    M   2    MAX(MPH)
                                 MISC ---->  # 25  80               # 36   80
================================================================================
NOTES:
# LAST OF SEVERAL OCCURRENCES

COLUMN 17 PEAK WIND IN M.P.H.

PRELIMINARY LOCAL CLIMATOLOGICAL DATA (WS FORM: F-6) , PAGE 2

                                          STATION:  GREENWOOD
                                          MONTH:    AUGUST
                                          YEAR:     2014
                                          LATITUDE:   33 30 N
                                          LONGITUDE:  90  5 W

[TEMPERATURE DATA]      [PRECIPITATION DATA]       SYMBOLS USED IN COLUMN 16

AVERAGE MONTHLY: 78.9   TOTAL FOR MONTH:   2.26    1 = FOG OR MIST
DPTR FM NORMAL:  -2.4   DPTR FM NORMAL:    0.30    2 = FOG REDUCING VISIBILITY
HIGHEST:    94 ON 19    GRTST 24HR  1.39 ON 10-11      TO 1/4 MILE OR LESS
LOWEST:     59 ON 14                               3 = THUNDER
                        SNOW, ICE PELLETS, HAIL    4 = ICE PELLETS
                        TOTAL MONTH:   0.0 INCH    5 = HAIL
                        GRTST 24HR     0.0         6 = FREEZING RAIN OR DRIZZLE
                        GRTST DEPTH:   0           7 = DUSTSTORM OR SANDSTORM:
                                                       VSBY 1/2 MILE OR LESS
                                                   8 = SMOKE OR HAZE
[NO. OF DAYS WITH]      [WEATHER - DAYS WITH]      9 = BLOWING SNOW
                                                   X = TORNADO
MAX 32 OR BELOW:   0    0.01 INCH OR MORE:   9
MAX 90 OR ABOVE:  11    0.10 INCH OR MORE:   5
MIN 32 OR BELOW:   0    0.50 INCH OR MORE:   2
MIN  0 OR BELOW:   0    1.00 INCH OR MORE:   0

[HDD (BASE 65) ]
TOTAL THIS MO.     0    CLEAR  (SCALE 0-3)  15
DPTR FM NORMAL     0    PTCLDY (SCALE 4-7)   6
TOTAL FM JUL 1     0    CLOUDY (SCALE 8-10)  0
DPTR FM NORMAL     0

[CDD (BASE 65) ]
TOTAL THIS MO.   299
DPTR FM NORMAL   -53    [PRESSURE DATA]
TOTAL FM JAN 1  1389    HIGHEST SLP M ON M
DPTR FM NORMAL  -211    LOWEST  SLP 29.87 ON M

[REMARKS]
