000
CXUS54 KFWD 280730
CF6GYI
PRELIMINARY LOCAL CLIMATOLOGICAL DATA (WS FORM: F-6)

                                          STATION:   SHERMAN DENISON
                                          MONTH:     APRIL
                                          YEAR:      2016
                                          LATITUDE:   33 42 N
                                          LONGITUDE:  96 40 W

  TEMPERATURE IN F:       :PCPN:    SNOW:  WIND      :SUNSHINE: SKY     :PK WND
================================================================================
1   2   3   4   5  6A  6B    7    8   9   10  11  12  13   14  15   16   17  18
                                     12Z  AVG MX 2MIN
DY MAX MIN AVG DEP HDD CDD  WTR  SNW DPTH SPD SPD DIR MIN PSBL S-S WX    SPD DR
================================================================================

 1  62  42  52  -7  13   0 0.00  0.0    0  7.8 15  20   M    M   3        23  20
 2  65  37  51  -8  14   0 0.00  0.0    0  5.3 13 310   M    M   0        18 310
 3  73  45  59   0   6   0 0.00  0.0    0 10.6 20 190   M    M   0        23 190
 4  80  49  65   6   0   0 0.00  0.0    0  8.3 14 190   M    M   0        16 220
 5  82  51  67   7   0   2 0.00  0.0    0 10.2 21 190   M    M   0        27 190
 6  73  48  61   1   4   0 0.00  0.0    0 13.9 23 320   M    M   0        32 320
 7  78  46  62   2   3   0 0.00  0.0    0  8.6 20 270   M    M   0        25 270
 8  68  47  58  -2   7   0 0.00  0.0    0  5.5 14  60   M    M   0         M  M
 9  67  47  57  -4   8   0 0.02  0.0    0  8.3 15 170   M    M   7        22 170
10  75  56  66   5   0   1 0.00  0.0    0 18.4 25 170   M    M   6        31 180
11  69  51  60  -1   5   0 0.10  0.0    0 10.6 22 180   M    M   8 3      28 180
12  65  48  57  -4   8   0 0.02  0.0    0  6.1 13  90   M    M   6        16  60
13  56  49  53  -9  12   0 0.47  0.0    0  4.8  9  90   M    M   9         M  M
14  69  51  60  -2   5   0 0.00  0.0    0  4.4  9  80   M    M   6         M  M
15  70  49  60  -2   5   0 0.00  0.0    0  7.9 12 120   M    M   4 12     20 120
16  75  61  68   6   0   3 0.00  0.0    0 15.9 22 100   M    M   9        33 100
17  65  58  62  -1   3   0 1.42  0.0    0 11.3 18 110   M    M   9 3      28 110
18  69  59  64   1   1   0 0.15  0.0    0  4.0 10 180   M    M   7 13     16 180
19  74  60  67   4   0   2 0.12  0.0    0  3.5  9  80   M    M   8 3       M  M
20  71  55  63  -1   2   0 0.82  0.0    0  4.2 13 320   M    M   6 3      22 320
21  74  54  64   0   1   0 0.00  0.0    0  4.5 12 330   M    M   2 8       M  M
22  76  50  63  -1   2   0 0.00  0.0    0  2.7 12 330   M    M   0         M  M
23  77  54  66   2   0   1 0.00  0.0    0  5.8 13 150   M    M   0         M  M
24  75  58  67   2   0   2 0.00  0.0    0 14.3 22 150   M    M   0        31 150
25  81  63  72   7   0   7 0.00  0.0    0 13.0 18 200   M    M   6        23 170
26  80  58  69   4   0   4 0.80  0.0    0 16.4 24 140   M    M   6 3      36 240
27  74  57  66   1   0   1 0.00  0.0    0  7.5 15 200   M    M   1        16 290
================================================================================
SM 1943 1403        99  23  3.92     0.0 233.8          M      103
================================================================================
AV 72.0 52.0                               8.7 FASTST   M    M   4    MAX(MPH)
                                 MISC ---->    25   M                 36    M
================================================================================
NOTES:
# LAST OF SEVERAL OCCURRENCES

COLUMN 17 PEAK WIND IN M.P.H.

PRELIMINARY LOCAL CLIMATOLOGICAL DATA (WS FORM: F-6) , PAGE 2

                                          STATION:  SHERMAN DENISON
                                          MONTH:    APRIL
                                          YEAR:     2016
                                          LATITUDE:   33 42 N
                                          LONGITUDE:  96 40 W

[TEMPERATURE DATA]      [PRECIPITATION DATA]       SYMBOLS USED IN COLUMN 16

AVERAGE MONTHLY: 62.0   TOTAL FOR MONTH:   3.92    1 = FOG OR MIST
DPTR FM NORMAL:  -0.0   DPTR FM NORMAL:    0.81    2 = FOG REDUCING VISIBILITY
HIGHEST:    82 ON  5    GRTST 24HR  1.42 ON 17-17      TO 1/4 MILE OR LESS
LOWEST:     37 ON  2                               3 = THUNDER
                        SNOW, ICE PELLETS, HAIL    4 = ICE PELLETS
                        TOTAL MONTH:   0.0 INCH    5 = HAIL
                        GRTST 24HR     0.0         6 = FREEZING RAIN OR DRIZZLE
                        GRTST DEPTH:   0           7 = DUSTSTORM OR SANDSTORM:
                                                       VSBY 1/2 MILE OR LESS
                                                   8 = SMOKE OR HAZE
[NO. OF DAYS WITH]      [WEATHER - DAYS WITH]      9 = BLOWING SNOW
                                                   X = TORNADO
MAX 32 OR BELOW:   0    0.01 INCH OR MORE:   9
MAX 90 OR ABOVE:   0    0.10 INCH OR MORE:   7
MIN 32 OR BELOW:   0    0.50 INCH OR MORE:   3
MIN  0 OR BELOW:   0    1.00 INCH OR MORE:   1

[HDD (BASE 65) ]
TOTAL THIS MO.    99    CLEAR  (SCALE 0-3)  13
DPTR FM NORMAL   -31    PTCLDY (SCALE 4-7)  11
TOTAL FM JUL 1  2028    CLOUDY (SCALE 8-10)  3
DPTR FM NORMAL  -813

[CDD (BASE 65) ]
TOTAL THIS MO.    23
DPTR FM NORMAL   -26    [PRESSURE DATA]
TOTAL FM JAN 1    37    HIGHEST SLP M ON M
DPTR FM NORMAL   -28    LOWEST  SLP M ON M

[REMARKS]
