000
CXUS53 KGID 190730
CF6HJH
PRELIMINARY LOCAL CLIMATOLOGICAL DATA (WS FORM: F-6)

                                          STATION:   HEBRON
                                          MONTH:     FEBRUARY
                                          YEAR:      2018
                                          LATITUDE:   40  9 N
                                          LONGITUDE:  97 35 W

  TEMPERATURE IN F:       :PCPN:    SNOW:  WIND      :SUNSHINE: SKY     :PK WND
================================================================================
1   2   3   4   5  6A  6B    7    8   9   10  11  12  13   14  15   16   17  18
                                     12Z  AVG MX 2MIN
DY MAX MIN AVG DEP HDD CDD  WTR  SNW DPTH SPD SPD DIR MIN PSBL S-S WX    SPD DR
================================================================================

 1  38   9  24  -2  41   0 0.00    M    M 10.3 23  30   M    M   3        29  30
 2  43   8  26   0  39   0 0.00    M    M  9.8 18 200   M    M   3        29 200
 3  58  29  44  18  21   0 0.00    M    M 11.4 16 360   M    M   5        27 220
 4  28  -6  11 -16  54   0    M    M    M 12.3 27 360   M    M   6 8      33 360
 5  23  -4  10 -17  55   0    T    M    M  9.9 17 180   M    M   5        29  10
 6  14   2   8 -19  57   0    M    M    M  2.6  8  60   M    M   6         M  M
 7  23  -1  11 -16  54   0 0.00    M    M  2.4  6  50   M    M   3         M  M
 8  32  11  22  -6  43   0 0.00    M    M  3.7  8  60   M    M   2         M  M
 9  24   9  17 -11  48   0    M    M    M 15.2 21  20   M    M   9        28  20
10  11   6   9 -19  56   0    M    M    M  8.1 14  20   M    M   8        23  20
11  26   3  15 -13  50   0    T    M    M  2.8  8 230   M    M   0         M  M
12  24  -1  12 -16  53   0 0.00    M    M  6.8 15 100   M    M   3        21 100
13  46  23  35   6  30   0 0.00    M    M  6.3 15 170   M    M   2 1      21 170
14  48  24  36   7  29   0 0.00    M    M  2.5  8 190   M    M   0 1       M  M
15  52  26  39  10  26   0 0.00    M    M  9.6 23 350   M    M   3        32 360
16  35  15  25  -5  40   0 0.00    M    M  8.7 21 360   M    M   1        28 360
17  53  25  39   9  26   0 0.00    M    M  7.9 15 310   M    M   0        24 330
18  61  33  47  17  18   0 0.00    M    M 17.2 33 190   M    M   1        40 190
================================================================================
SM  639  211       740   0    T     M    147.5          M       60
================================================================================
AV 35.5 11.7                               8.2 FASTST   M    M   3    MAX(MPH)
                                 MISC ---->  # 33 190               # 40  190
================================================================================
NOTES:
# LAST OF SEVERAL OCCURRENCES

COLUMN 17 PEAK WIND IN M.P.H.

PRELIMINARY LOCAL CLIMATOLOGICAL DATA (WS FORM: F-6) , PAGE 2

                                          STATION:  HEBRON
                                          MONTH:    FEBRUARY
                                          YEAR:     2018
                                          LATITUDE:   40  9 N
                                          LONGITUDE:  97 35 W

[TEMPERATURE DATA]      [PRECIPITATION DATA]       SYMBOLS USED IN COLUMN 16

AVERAGE MONTHLY: 23.6   TOTAL FOR MONTH:      T    1 = FOG OR MIST
DPTR FM NORMAL:  -4.3   DPTR FM NORMAL:   -0.47    2 = FOG REDUCING VISIBILITY
HIGHEST:    61 ON 18    GRTST 24HR    T  ON 11-11      TO 1/4 MILE OR LESS
LOWEST:     -6 ON  4                               3 = THUNDER
                        SNOW, ICE PELLETS, HAIL    4 = ICE PELLETS
                        TOTAL MONTH:    M          5 = HAIL
                        GRTST 24HR    M  ON   M    6 = FREEZING RAIN OR DRIZZLE
                        GRTST DEPTH:  M  ON   M    7 = DUSTSTORM OR SANDSTORM:
                                                       VSBY 1/2 MILE OR LESS
                                                   8 = SMOKE OR HAZE
[NO. OF DAYS WITH]      [WEATHER - DAYS WITH]      9 = BLOWING SNOW
                                                   X = TORNADO
MAX 32 OR BELOW:   9    0.01 INCH OR MORE:   0
MAX 90 OR ABOVE:   0    0.10 INCH OR MORE:   0
MIN 32 OR BELOW:  17    0.50 INCH OR MORE:   0
MIN  0 OR BELOW:   4    1.00 INCH OR MORE:   0

[HDD (BASE 65) ]
TOTAL THIS MO.   740    CLEAR  (SCALE 0-3)  10
DPTR FM NORMAL    73    PTCLDY (SCALE 4-7)   7
TOTAL FM JUL 1  4037    CLOUDY (SCALE 8-10)  1
DPTR FM NORMAL  -249

[CDD (BASE 65) ]
TOTAL THIS MO.     0
DPTR FM NORMAL     0    [PRESSURE DATA]
TOTAL FM JAN 1     0    HIGHEST SLP M ON M
DPTR FM NORMAL     0    LOWEST  SLP M ON M

[REMARKS]
