000
CXUS54 KJAN 301414
CF6HKS
PRELIMINARY LOCAL CLIMATOLOGICAL DATA (WS FORM: F-6)

                                          STATION:   JACKSON HAWKINS
                                          MONTH:     JULY
                                          YEAR:      2015
                                          LATITUDE:   32 20 N
                                          LONGITUDE:  90 14 W

  TEMPERATURE IN F:       :PCPN:    SNOW:  WIND      :SUNSHINE: SKY     :PK WND
================================================================================
1   2   3   4   5  6A  6B    7    8   9   10  11  12  13   14  15   16   17  18
                                     12Z  AVG MX 2MIN
DY MAX MIN AVG DEP HDD CDD  WTR  SNW DPTH SPD SPD DIR MIN PSBL S-S WX    SPD DR
================================================================================

 1  90  70  80  -1   0  15 0.00  0.0    0  8.0 17 210   M    M   0        32 170
 2  89  75  82   0   0  17    T  0.0    0  8.8 17 240   M    M   0        34 210
 3  88  77  83   1   0  18 0.00  0.0    0  8.5 18 240   M    M   1        25 220
 4  86  71  79  -3   0  14 0.71  0.0    0  8.0 21 310   M    M   2 138    33 310
 5  78  68  73  -9   0   8 0.85  0.0    0  6.2 15 260   M    M   5 13     29 280
 6  90  67  79  -3   0  14 0.00  0.0    0  6.4 14 220   M    M   2        18 260
 7  93  74  84   2   0  19 0.03  0.0    0  6.8 16 150   M    M   3 13     22 220
 8  93  72  83   1   0  18 0.00  0.0    0  7.8 14 200   M    M   2        19 170
 9  93  74  84   2   0  19 0.00  0.0    0  4.0 12 160   M    M   1 8      15 150
10  94  74  84   2   0  19    T  0.0    0  2.2 13 250   M    M   2 38     15 250
11  93  76  85   3   0  20 0.00  0.0    0  3.1  9 290   M    M   1 3      15 300
12  93  77  85   3   0  20 0.00  0.0    0  4.4 13 320   M    M   0        26 320
13  94  76  85   3   0  20 0.00  0.0    0  4.5 12 250   M    M   0        16 240
14  93  77  85   3   0  20 0.00  0.0    0  7.2 15 250   M    M   1        22 100
15  93  76  85   3   0  20 0.00  0.0    0  6.5 14 300   M    M   1        24 240
16  94  77  86   4   0  21 0.00  0.0    0  4.8 13 280   M    M   1        18 280
17  94  76  85   3   0  20 0.00  0.0    0  5.0 12 290   M    M   1        15 290
18  96  77  87   5   0  22 0.00  0.0    0  3.8 12 300   M    M   1        14 300
19  96  77  87   5   0  22 0.00  0.0    0  4.0 13 270   M    M   1        17 320
20  98  79  89   7   0  24 0.00  0.0    0  5.0 13 310   M    M   1        16 260
21  95  78  87   5   0  22 0.00  0.0    0  6.1 14 300   M    M   0        17 280
22  94  77  86   4   0  21 0.00  0.0    0  5.7 15 270   M    M   1        19 250
23  95  79  87   5   0  22 0.00  0.0    0  7.4 15 250   M    M   1         M  M
24  96  77  87   5   0  22 0.00  0.0    0  7.4 17 290   M    M   1        21 310
25  98  75  87   5   0  22 0.01  0.0    0  4.1 15  80   M    M   1 3      19 320
26  98  73  86   4   0  21 0.00  0.0    0  3.8 13 130   M    M   1        18 300
27  99  74  87   5   0  22 0.00  0.0    0  2.6 12 150   M    M   0        17 150
28  98  77  88   6   0  23    T  0.0    0  3.5 12 270   M    M   1        16 270
29  99  79  89   7   0  24    T  0.0    0  6.6 15 300   M    M   0        20 300
================================================================================
SM 2710 2179         0 569  1.60     0.0 162.2          M       32
================================================================================
AV 93.4 75.1                               5.6 FASTST   M    M   1    MAX(MPH)
                                 MISC ---->  # 21 310               # 34  210
================================================================================
NOTES:
# LAST OF SEVERAL OCCURRENCES

COLUMN 17 PEAK WIND IN M.P.H.

PRELIMINARY LOCAL CLIMATOLOGICAL DATA (WS FORM: F-6) , PAGE 2

                                          STATION:  JACKSON HAWKINS
                                          MONTH:    JULY
                                          YEAR:     2015
                                          LATITUDE:   32 20 N
                                          LONGITUDE:  90 14 W

[TEMPERATURE DATA]      [PRECIPITATION DATA]       SYMBOLS USED IN COLUMN 16

AVERAGE MONTHLY: 84.3   TOTAL FOR MONTH:   1.60    1 = FOG OR MIST
DPTR FM NORMAL:   2.3   DPTR FM NORMAL:   -2.67    2 = FOG REDUCING VISIBILITY
HIGHEST:    99 ON 29,27 GRTST 24HR  1.44 ON  4- 5      TO 1/4 MILE OR LESS
LOWEST:     67 ON  6                               3 = THUNDER
                        SNOW, ICE PELLETS, HAIL    4 = ICE PELLETS
                        TOTAL MONTH:   0.0 INCH    5 = HAIL
                        GRTST 24HR     0.0         6 = FREEZING RAIN OR DRIZZLE
                        GRTST DEPTH:   0           7 = DUSTSTORM OR SANDSTORM:
                                                       VSBY 1/2 MILE OR LESS
                                                   8 = SMOKE OR HAZE
[NO. OF DAYS WITH]      [WEATHER - DAYS WITH]      9 = BLOWING SNOW
                                                   X = TORNADO
MAX 32 OR BELOW:   0    0.01 INCH OR MORE:   4
MAX 90 OR ABOVE:  25    0.10 INCH OR MORE:   2
MIN 32 OR BELOW:   0    0.50 INCH OR MORE:   2
MIN  0 OR BELOW:   0    1.00 INCH OR MORE:   0

[HDD (BASE 65) ]
TOTAL THIS MO.     0    CLEAR  (SCALE 0-3)  28
DPTR FM NORMAL     0    PTCLDY (SCALE 4-7)   1
TOTAL FM JUL 1     0    CLOUDY (SCALE 8-10)  0
DPTR FM NORMAL     0

[CDD (BASE 65) ]
TOTAL THIS MO.   569
DPTR FM NORMAL    78    [PRESSURE DATA]
TOTAL FM JAN 1  1499    HIGHEST SLP M ON M
DPTR FM NORMAL   201    LOWEST  SLP 29.80 ON 14

[REMARKS]
