031
CXUS54 KLZK 221130
CF6HOT
PRELIMINARY LOCAL CLIMATOLOGICAL DATA (WS FORM: F-6)

                                          STATION:   Hot Springs Memorial Field
                                          MONTH:     MAY
                                          YEAR:      2017
                                          LATITUDE:   34 28 N
                                          LONGITUDE:  93  6 W

  TEMPERATURE IN F:       :PCPN:    SNOW:  WIND      :SUNSHINE: SKY     :PK WND
================================================================================
1   2   3   4   5  6A  6B    7    8   9   10  11  12  13   14  15   16   17  18
                                     12Z  AVG MX 2MIN
DY MAX MIN AVG DEP HDD CDD  WTR  SNW DPTH SPD SPD DIR MIN PSBL S-S WX    SPD DR
================================================================================

 1  75  46  61  -6   4   0 0.00    M    M   M   M   M   M    M   M         M  M
 2  80  44  62  -5   3   0 0.00  0.0    0  4.3 13 250   M    M   0        18 230
 3  70  52  61  -6   4   0 2.90  0.0    0  7.0 23  90   M    M   6 13     33  80
 4  69  51  60  -7   5   0    T  0.0    0  8.7 18 310   M    M   5        30 300
 5  75  49  62  -6   3   0 0.00  0.0    0  5.7 18 350   M    M   0        29 350
 6  81  47  64  -4   1   0 0.00  0.0    0  4.2 13 280   M    M   0        19 260
 7  83  55  69   1   0   4 0.00  0.0    0  3.7 10  90   M    M   0        13  80
 8  84  57  71   3   0   6 0.00  0.0    0  3.0 13 210   M    M   0        17 190
 9  83  58  71   2   0   6 0.00  0.0    0  4.5 14 190   M    M   0        19 180
10  82  63  73   4   0   8 0.00  0.0    0  3.5 13 240   M    M   1 3      17 200
11  79  64  72   3   0   7 0.67  0.0    0  5.0 17 300   M    M   8 13     31 320
12  75  62  69  -1   0   4 0.08  0.0    0  4.6 18  40   M    M  10 13     24  30
13  78  56  67  -3   0   2 0.00  0.0    0  5.5 16  50   M    M   1        23  50
14  81  51  66  -4   0   1 0.00  0.0    0  1.7  9 200   M    M   0        14 190
15  84  56  70   0   0   5 0.00  0.0    0  3.5  9 140   M    M   1        15 150
16  86  65  76   5   0  11 0.00  0.0    0  8.2 18 180   M    M   1        26 190
17  78  69  74   3   0   9    T  0.0    0  7.5 16 170   M    M   8 1      25 160
18  86  72  79   8   0  14    T  0.0    0  7.6 14 160   M    M   7        20 180
19  87  70  79   7   0  14    T  0.0    0  6.6 16 190   M    M   6 13     24 200
20  77  65  71  -1   0   6 0.62  0.0    0  5.6 16 330   M    M   7 13     25 350
21  80  59  70  -2   0   5 0.00  0.0    0  3.7 12 330   M    M   1        16  30
================================================================================
SM 1673 1211        20 102  4.27     0.0 104.1          M       62
================================================================================
AV 79.7 57.7                               5.2 FASTST   M    M   3    MAX(MPH)
                                 MISC ---->  # 23  90               # 33   80
================================================================================
NOTES:
# LAST OF SEVERAL OCCURRENCES

COLUMN 17 PEAK WIND IN M.P.H.

PRELIMINARY LOCAL CLIMATOLOGICAL DATA (WS FORM: F-6) , PAGE 2

                                          STATION:  Hot Springs Memorial Field
                                          MONTH:    MAY
                                          YEAR:     2017
                                          LATITUDE:   34 28 N
                                          LONGITUDE:  93  6 W

[TEMPERATURE DATA]      [PRECIPITATION DATA]       SYMBOLS USED IN COLUMN 16

AVERAGE MONTHLY: 68.7   TOTAL FOR MONTH:   4.27    1 = FOG OR MIST
DPTR FM NORMAL:  -0.7   DPTR FM NORMAL:    0.28    2 = FOG REDUCING VISIBILITY
HIGHEST:    87 ON 19    GRTST 24HR  2.90 ON  3- 3      TO 1/4 MILE OR LESS
LOWEST:     44 ON  2                               3 = THUNDER
                        SNOW, ICE PELLETS, HAIL    4 = ICE PELLETS
                        TOTAL MONTH:   0.0 INCH    5 = HAIL
                        GRTST 24HR     0.0         6 = FREEZING RAIN OR DRIZZLE
                        GRTST DEPTH:   0           7 = DUSTSTORM OR SANDSTORM:
                                                       VSBY 1/2 MILE OR LESS
                                                   8 = SMOKE OR HAZE
[NO. OF DAYS WITH]      [WEATHER - DAYS WITH]      9 = BLOWING SNOW
                                                   X = TORNADO
MAX 32 OR BELOW:   0    0.01 INCH OR MORE:   4
MAX 90 OR ABOVE:   0    0.10 INCH OR MORE:   3
MIN 32 OR BELOW:   0    0.50 INCH OR MORE:   3
MIN  0 OR BELOW:   0    1.00 INCH OR MORE:   1

[HDD (BASE 65) ]
TOTAL THIS MO.    20    CLEAR  (SCALE 0-3)  12
DPTR FM NORMAL    -1    PTCLDY (SCALE 4-7)   7
TOTAL FM JUL 1  2084    CLOUDY (SCALE 8-10)  1
DPTR FM NORMAL  -849

[CDD (BASE 65) ]
TOTAL THIS MO.   102
DPTR FM NORMAL    -9    [PRESSURE DATA]
TOTAL FM JAN 1   240    HIGHEST SLP M ON M
DPTR FM NORMAL    48    LOWEST  SLP 29.69 ON 17

[REMARKS]
