000
CXUS54 KLZK 221130
CF6HOT
PRELIMINARY LOCAL CLIMATOLOGICAL DATA (WS FORM: F-6)

                                          STATION:   Hot Springs Memorial Field
                                          MONTH:     FEBRUARY
                                          YEAR:      2018
                                          LATITUDE:   34 28 N
                                          LONGITUDE:  93  6 W

  TEMPERATURE IN F:       :PCPN:    SNOW:  WIND      :SUNSHINE: SKY     :PK WND
================================================================================
1   2   3   4   5  6A  6B    7    8   9   10  11  12  13   14  15   16   17  18
                                     12Z  AVG MX 2MIN
DY MAX MIN AVG DEP HDD CDD  WTR  SNW DPTH SPD SPD DIR MIN PSBL S-S WX    SPD DR
================================================================================

 1  57  40  49   6  16   0    T    M    M  6.0 17  50   M    M   6 1      25  40
 2  44  29  37  -6  28   0 0.00  0.0    0  7.4 14  60   M    M   0        23  40
 3  47  31  39  -5  26   0 0.05    M    0  4.1 10 150   M    M   7 18     14 160
 4  63  31  47   3  18   0 0.00  0.0    0  4.6 17 340   M    M   5 1      27 330
 5  49  23  36  -8  29   0 0.00  0.0    0  6.1 15  60   M    M   3        18  60
 6  48  34  41  -3  24   0 0.72    M    M  8.1 16  70   M    M  10 13     20 100
 7  45  30  38  -6  27   0    T    M    M  6.1 14  70   M    M   6 1      20  10
 8  57  25  41  -3  24   0 0.00    M    M  3.6 10 160   M    M   0        14 200
 9  60  31  46   1  19   0 0.24    M    M  3.5 12 180   M    M   8 1      15 180
10  56  42  49   4  16   0 0.02  0.0    0  4.5 12  60   M    M  10 1      14  60
11  42  31  37  -8  28   0    T  0.0    0  6.5 14  50   M    M   9 1      21 320
12  48  29  39  -6  26   0 0.00  0.0    0  9.7 16  60   M    M   4        21  50
13  45  30  38  -8  27   0 0.13    M    0  2.7  9  80   M    M   8 1      13  80
14  60  44  52   6  13   0 0.03    M    0  1.5  9 240   M    M  10 1      13 230
15  76  59  68  22   0   3 0.00  0.0    0 10.9 23 220   M    M  10 1      35 240
16  70  46  58  12   7   0    T    M    0  8.0 20  30   M    M   9 1      31  40
17  52  37  45  -1  20   0 0.26    M    0  3.9 13 120   M    M   9 1      16 110
18  50  35  43  -4  22   0    T    M    0  4.9 15 120   M    M   8 12     19 130
19  76  50  63  16   2   0    T  0.0    0  7.4 18 190   M    M   9 12     26 230
20  77  59  68  21   0   3 1.15  0.0    0  7.4 18 270   M    M   9 138    27 280
21  60  42  51   4  14   0 4.26  0.0    0  7.8 20  90   M    M  10 13     26  90
================================================================================
SM 1182  778       386   6  6.86     0.0 124.7          M      150
================================================================================
AV 56.3 37.1                               5.9 FASTST   M    M   7    MAX(MPH)
                                 MISC ---->  # 23 220               # 35  240
================================================================================
NOTES:
# LAST OF SEVERAL OCCURRENCES

COLUMN 17 PEAK WIND IN M.P.H.

PRELIMINARY LOCAL CLIMATOLOGICAL DATA (WS FORM: F-6) , PAGE 2

                                          STATION:  Hot Springs Memorial Field
                                          MONTH:    FEBRUARY
                                          YEAR:     2018
                                          LATITUDE:   34 28 N
                                          LONGITUDE:  93  6 W

[TEMPERATURE DATA]      [PRECIPITATION DATA]       SYMBOLS USED IN COLUMN 16

AVERAGE MONTHLY: 46.7   TOTAL FOR MONTH:   6.86    1 = FOG OR MIST
DPTR FM NORMAL:   1.5   DPTR FM NORMAL:    3.91    2 = FOG REDUCING VISIBILITY
HIGHEST:    77 ON 20    GRTST 24HR  4.26 ON 21-21      TO 1/4 MILE OR LESS
LOWEST:     23 ON  5                               3 = THUNDER
                        SNOW, ICE PELLETS, HAIL    4 = ICE PELLETS
                        TOTAL MONTH:   0.0 INCH    5 = HAIL
                        GRTST 24HR     0.0         6 = FREEZING RAIN OR DRIZZLE
                        GRTST DEPTH:   0           7 = DUSTSTORM OR SANDSTORM:
                                                       VSBY 1/2 MILE OR LESS
                                                   8 = SMOKE OR HAZE
[NO. OF DAYS WITH]      [WEATHER - DAYS WITH]      9 = BLOWING SNOW
                                                   X = TORNADO
MAX 32 OR BELOW:   0    0.01 INCH OR MORE:   9
MAX 90 OR ABOVE:   0    0.10 INCH OR MORE:   6
MIN 32 OR BELOW:  10    0.50 INCH OR MORE:   3
MIN  0 OR BELOW:   0    1.00 INCH OR MORE:   2

[HDD (BASE 65) ]
TOTAL THIS MO.   386    CLEAR  (SCALE 0-3)   3
DPTR FM NORMAL   -32    PTCLDY (SCALE 4-7)   7
TOTAL FM JUL 1  2184    CLOUDY (SCALE 8-10) 11
DPTR FM NORMAL  -130

[CDD (BASE 65) ]
TOTAL THIS MO.     6
DPTR FM NORMAL     6    [PRESSURE DATA]
TOTAL FM JAN 1     6    HIGHEST SLP M ON M
DPTR FM NORMAL     5    LOWEST  SLP 29.85 ON 15

[REMARKS]
