000
CXUS54 KHGX 221515
CF6HOU
PRELIMINARY LOCAL CLIMATOLOGICAL DATA (WS FORM: F-6)

                                          STATION:   HOUSTON/HOBBY AIRPORT
                                          MONTH:     JANUARY
                                          YEAR:      2017
                                          LATITUDE:   29 38 N
                                          LONGITUDE:  95 17 W

  TEMPERATURE IN F:       :PCPN:    SNOW:  WIND      :SUNSHINE: SKY     :PK WND
================================================================================
1   2   3   4   5  6A  6B    7    8   9   10  11  12  13   14  15   16   17  18
                                     12Z  AVG MX 2MIN
DY MAX MIN AVG DEP HDD CDD  WTR  SNW DPTH SPD SPD DIR MIN PSBL S-S WX    SPD DR
================================================================================

 1  77  63  70  16   0   5 0.03  0.0    0  3.2 10 130   M    M   8 1      16 160
 2  75  57  66  12   0   1 1.05  0.0    0  8.1 30 340   M    M   6 135    37 340
 3  78  51  65  11   0   0 0.00  0.0    0  8.5 22 340   M    M   6        25 330
 4  56  44  50  -4  15   0 0.00  0.0    0  8.3 20 350   M    M   7        25 330
 5  58  45  52  -2  13   0 0.02  0.0    0  8.6 25  20   M    M  10 18     31  30
 6  45  28  37 -17  28   0 0.11  0.0    0 18.1 24 350   M    M   9 1      32 330
 7  43  23  33 -21  32   0 0.00  0.0    0 11.2 23 350   M    M   3        29 340
 8  49  26  38 -16  27   0 0.00  0.0    0  5.5 13 140   M    M   2        17 110
 9  68  45  57   3   8   0 0.00  0.0    0  9.8 17 120   M    M   8        22 120
10  77  62  70  16   0   5 0.00  0.0    0 12.8 26 210   M    M   6 8      34 210
11  80  64  72  18   0   7 0.00  0.0    0 12.3 25 190   M    M   5        34 210
12  80  64  72  18   0   7 0.00  0.0    0  8.9 18 180   M    M   4 12     26 180
13  75  65  70  16   0   5 0.05  0.0    0  7.9 17 100   M    M   9 12     20 110
14  68  62  65  11   0   0 0.00  0.0    0  7.1 13 110   M    M  10 12     16 110
15  78  63  71  17   0   6 0.01  0.0    0 10.0 23 150   M    M   9 12     31 150
16  80  68  74  20   0   9    T  0.0    0 11.0 22 180   M    M   7        31 180
17  75  62  69  15   0   4 0.17  0.0    0  9.3 20 350   M    M  10 1      23 340
18  77  58  68  14   0   3 0.58  0.0    0  9.2 20 200   M    M   9 13     26 190
19  68  56  62   8   3   0 0.58  0.0    0  5.4 14 210   M    M   9 123    17 210
20  80  55  68  14   0   3 1.33  0.0    0  6.6 25 250   M    M   8 123    35 310
21  81  63  72  18   0   7 0.12  0.0    0  7.3 23 290   M    M   7 1238   29 310
================================================================================
SM 1468 1124       126  62  4.05     0.0 189.1          M      152
================================================================================
AV 69.9 53.5                               9.0 FASTST   M    M   7    MAX(MPH)
                                 MISC ---->  # 30 340               # 37  340
================================================================================
NOTES:
# LAST OF SEVERAL OCCURRENCES

COLUMN 17 PEAK WIND IN M.P.H.

PRELIMINARY LOCAL CLIMATOLOGICAL DATA (WS FORM: F-6) , PAGE 2

                                          STATION:  HOUSTON/HOBBY AIRPORT
                                          MONTH:    JANUARY
                                          YEAR:     2017
                                          LATITUDE:   29 38 N
                                          LONGITUDE:  95 17 W

[TEMPERATURE DATA]      [PRECIPITATION DATA]       SYMBOLS USED IN COLUMN 16

AVERAGE MONTHLY: 61.7   TOTAL FOR MONTH:   4.05    1 = FOG OR MIST
DPTR FM NORMAL:   7.7   DPTR FM NORMAL:    1.47    2 = FOG REDUCING VISIBILITY
HIGHEST:    81 ON 21    GRTST 24HR  1.33 ON 20-20      TO 1/4 MILE OR LESS
LOWEST:     23 ON  7                               3 = THUNDER
                        SNOW, ICE PELLETS, HAIL    4 = ICE PELLETS
                        TOTAL MONTH:   0.0 INCH    5 = HAIL
                        GRTST 24HR     0.0         6 = FREEZING RAIN OR DRIZZLE
                        GRTST DEPTH:   0           7 = DUSTSTORM OR SANDSTORM:
                                                       VSBY 1/2 MILE OR LESS
                                                   8 = SMOKE OR HAZE
[NO. OF DAYS WITH]      [WEATHER - DAYS WITH]      9 = BLOWING SNOW
                                                   X = TORNADO
MAX 32 OR BELOW:   0    0.01 INCH OR MORE:  11
MAX 90 OR ABOVE:   0    0.10 INCH OR MORE:   7
MIN 32 OR BELOW:   3    0.50 INCH OR MORE:   4
MIN  0 OR BELOW:   0    1.00 INCH OR MORE:   2

[HDD (BASE 65) ]
TOTAL THIS MO.   126    CLEAR  (SCALE 0-3)   1
DPTR FM NORMAL  -123    PTCLDY (SCALE 4-7)  11
TOTAL FM JUL 1   375    CLOUDY (SCALE 8-10)  9
DPTR FM NORMAL  -350

[CDD (BASE 65) ]
TOTAL THIS MO.    62
DPTR FM NORMAL    52    [PRESSURE DATA]
TOTAL FM JAN 1    62    HIGHEST SLP M ON M
DPTR FM NORMAL    52    LOWEST  SLP 29.43 ON 21

[REMARKS]
