000
CXUS54 KHUN 311015
CF6HSV
PRELIMINARY LOCAL CLIMATOLOGICAL DATA (WS FORM: F-6)

                                          STATION:   HUNTSVILLE
                                          MONTH:     JULY
                                          YEAR:      2015
                                          LATITUDE:   34 39 N
                                          LONGITUDE:  86 46 W

  TEMPERATURE IN F:       :PCPN:    SNOW:  WIND      :SUNSHINE: SKY     :PK WND
================================================================================
1   2   3   4   5  6A  6B    7    8   9   10  11  12  13   14  15   16   17  18
                                     12Z  AVG MX 2MIN
DY MAX MIN AVG DEP HDD CDD  WTR  SNW DPTH SPD SPD DIR MIN PSBL S-S WX    SPD DR
================================================================================

 1  84  70  77  -3   0  12 0.92  0.0    0  4.9 17 310   M    M   8 138    32 310
 2  89  71  80   0   0  15 0.01  0.0    0  9.7 22 260   M    M   7 1      27 260
 3  79  71  75  -5   0  10 1.66  0.0    0  9.0 22 260   M    M   9 13     28 260
 4  84  70  77  -3   0  12 0.79  0.0    0  6.6 14 210   M    M  10 1      19 220
 5  84  70  77  -3   0  12 0.09  0.0    0  5.8 15 210   M    M   8 1      19 220
 6  89  71  80   0   0  15 0.02  0.0    0  4.8 12 180   M    M   5        15 190
 7  93  73  83   3   0  18 0.00  0.0    0  7.1 17 230   M    M   5 18     22 220
 8  93  75  84   4   0  19 0.00  0.0    0  6.6 16 230   M    M   2        22 230
 9  96  74  85   5   0  20 0.00  0.0    0  5.3 13 250   M    M   1 8      18 240
10  96  74  85   5   0  20 0.00  0.0    0  4.4 12 290   M    M   2        17 320
11  97  75  86   5   0  21 0.00  0.0    0  3.2 12 300   M    M   3 18     16 250
12  98  76  87   6   0  22 0.00  0.0    0  5.1 14 310   M    M   3        20 320
13  98  77  88   7   0  23 0.00  0.0    0  4.7 12 290   M    M   3 18     19 300
14  98  72  85   4   0  20 0.83  0.0    0  8.3 38 360   M    M   6 138    52 360
15  93  72  83   2   0  18 0.00  0.0    0  5.6 14  20   M    M   4        18  20
16  93  72  83   2   0  18 0.00  0.0    0  2.6 10 250   M    M   3 1      14 230
17  97  74  86   5   0  21 0.00  0.0    0  3.5  9 250   M    M   3        12 260
18  97  76  87   6   0  22    T  0.0    0  3.5 10 300   M    M   3 138    15 300
19  98  77  88   7   0  23 0.00  0.0    0  3.9 15 290   M    M   3 1      22 290
20  98  78  88   7   0  23 0.00  0.0    0  4.0 15 250   M    M   4        19 310
21  96  76  86   5   0  21 0.00  0.0    0  4.5 25 330   M    M   6 3      33 340
22  94  74  84   3   0  19    T  0.0    0  4.6 15 310   M    M   5 1      20 310
23  89  77  83   2   0  18 0.15  0.0    0  3.4 12 260   M    M   7 1      15 310
24  94  73  84   3   0  19 0.00  0.0    0  4.9 13  10   M    M   5 1      18 330
25  95  70  83   2   0  18 0.00  0.0    0  2.6 10 100   M    M   3 1      13  70
26  98  72  85   4   0  20 0.00  0.0    0  4.0 16  10   M    M   3 18     20  20
27  98  75  87   6   0  22 0.00  0.0    0  2.6  9 320   M    M   4        17 300
28 100  76  88   7   0  23 0.37  0.0    0  4.2 25  40   M    M   3 18     30  20
29  89  76  83   2   0  18 0.97  0.0    0  3.9 28 350   M    M   6 138    35 350
30  93  72  83   2   0  18 0.00  0.0    0  7.0 16  10   M    M   3 18     22  10
================================================================================
SM 2800 2209         0 560  5.81     0.0 150.3          M      137
================================================================================
AV 93.3 73.6                               5.0 FASTST   M    M   5    MAX(MPH)
                                 MISC ---->  # 38 360               # 52  360
================================================================================
NOTES:
# LAST OF SEVERAL OCCURRENCES

COLUMN 17 PEAK WIND IN M.P.H.

PRELIMINARY LOCAL CLIMATOLOGICAL DATA (WS FORM: F-6) , PAGE 2

                                          STATION:  HUNTSVILLE
                                          MONTH:    JULY
                                          YEAR:     2015
                                          LATITUDE:   34 39 N
                                          LONGITUDE:  86 46 W

[TEMPERATURE DATA]      [PRECIPITATION DATA]       SYMBOLS USED IN COLUMN 16

AVERAGE MONTHLY: 83.5   TOTAL FOR MONTH:   5.81    1 = FOG OR MIST
DPTR FM NORMAL:   2.8   DPTR FM NORMAL:    1.88    2 = FOG REDUCING VISIBILITY
HIGHEST:   100 ON 28    GRTST 24HR  1.67 ON  2- 3      TO 1/4 MILE OR LESS
LOWEST:     70 ON 25, 5                            3 = THUNDER
                        SNOW, ICE PELLETS, HAIL    4 = ICE PELLETS
                        TOTAL MONTH:   0.0 INCH    5 = HAIL
                        GRTST 24HR     0.0         6 = FREEZING RAIN OR DRIZZLE
                        GRTST DEPTH:   0           7 = DUSTSTORM OR SANDSTORM:
                                                       VSBY 1/2 MILE OR LESS
                                                   8 = SMOKE OR HAZE
[NO. OF DAYS WITH]      [WEATHER - DAYS WITH]      9 = BLOWING SNOW
                                                   X = TORNADO
MAX 32 OR BELOW:   0    0.01 INCH OR MORE:  10
MAX 90 OR ABOVE:  22    0.10 INCH OR MORE:   7
MIN 32 OR BELOW:   0    0.50 INCH OR MORE:   5
MIN  0 OR BELOW:   0    1.00 INCH OR MORE:   1

[HDD (BASE 65) ]
TOTAL THIS MO.     0    CLEAR  (SCALE 0-3)  12
DPTR FM NORMAL     0    PTCLDY (SCALE 4-7)  16
TOTAL FM JUL 1     0    CLOUDY (SCALE 8-10)  2
DPTR FM NORMAL     0

[CDD (BASE 65) ]
TOTAL THIS MO.   560
DPTR FM NORMAL    88    [PRESSURE DATA]
TOTAL FM JAN 1  1382    HIGHEST SLP M ON M
DPTR FM NORMAL   267    LOWEST  SLP 29.70 ON 14

[REMARKS]
