000
CXUS53 KAPX 290631
CF6HTL
PRELIMINARY LOCAL CLIMATOLOGICAL DATA (WS FORM: F-6)

                                          STATION:   HOUGHTON LAKE MI
                                          MONTH:     AUGUST
                                          YEAR:      2014
                                          LATITUDE:   44 22 N
                                          LONGITUDE:  84 41 W

  TEMPERATURE IN F:       :PCPN:    SNOW:  WIND      :SUNSHINE: SKY     :PK WND
================================================================================
1   2   3   4   5  6A  6B    7    8   9   10  11  12  13   14  15   16   17  18
                                     12Z  AVG MX 2MIN
DY MAX MIN AVG DEP HDD CDD  WTR  SNW DPTH SPD SPD DIR MIN PSBL S-S WX    SPD DR
================================================================================

 1  80  48  64  -3   1   0 0.00  0.0    0  2.7  8 230   M    M   1 123    10 200
 2  82  51  67   0   0   2 0.00  0.0    0  3.5 10 110   M    M   3 12     14 110
 3  83  51  67   0   0   2 0.59  0.0    0  3.0 26 240   M    M   5 123    36 280
 4  80  58  69   3   0   4 0.07  0.0    0  4.1 12 350   M    M   5 1      15 340
 5  80  56  68   2   0   3 0.08  0.0    0  4.4 10  70   M    M   4 1      14 300
 6  79  48  64  -2   1   0 0.00  0.0    0  4.0 14 330   M    M   3 12     20 360
 7  81  47  64  -2   1   0 0.00  0.0    0  3.9 14 140   M    M   1 1      18 160
 8  78  49  64  -2   1   0 0.00  0.0    0  3.5  9 140   M    M   1 1      14 170
 9  80  47  64  -2   1   0 0.00  0.0    0  3.8 13  80   M    M   1 12     17  80
10  81  48  65  -1   0   0 0.00  0.0    0  4.7 12 160   M    M   0 12     16 120
11  79  56  68   2   0   3 0.03  0.0    0  5.1 14  60   M    M   4 1      17 100
12  64  55  60  -6   5   0 0.31  0.0    0 10.3 18 310   M    M  10 1      28 290
13  73  52  63  -3   2   0 0.00  0.0    0 11.3 20 310   M    M   2        26 300
14  66  45  56  -9   9   0 0.00  0.0    0 10.4 24 310   M    M   0        33 330
15  74  43  59  -6   6   0 0.00  0.0    0  7.5 14 280   M    M   0        18 280
16  72  57  65   0   0   0 0.63  0.0    0  8.4 16 270   M    M   5 1      22 280
17  72  46  59  -6   6   0 0.00  0.0    0  3.6  9  50   M    M   6 12     12  80
18  75  55  65   0   0   0 0.00  0.0    0  7.1 13 180   M    M   7 12     19 130
19  74  62  68   3   0   3 0.01  0.0    0  7.5 14 190   M    M   8 12     21 120
20  75  63  69   4   0   4 0.00  0.0    0  5.9 13 310   M    M   9 1      16 300
21  79  60  70   6   0   5 0.00  0.0    0  3.9  8 240   M    M   7        11 330
22  80  59  70   6   0   5 0.00  0.0    0  3.8 10 110   M    M   9 12     13 110
23  81  56  69   5   0   4 0.00  0.0    0  6.3 15  70   M    M   3 12     19  60
24  75  58  67   3   0   2 0.00  0.0    0  6.8 13 110   M    M   7 1      19 110
25  79  64  72   8   0   7 0.27  0.0    0  5.9 20 280   M    M   4 13     27 280
26  82  53  68   4   0   3 0.00  0.0    0  5.5 14 280   M    M   4 12     18 290
27  72  44  58  -5   7   0 0.00  0.0    0  4.4 15 330   M    M   2 1      22 300
28  71  38  55  -8  10   0 0.00  0.0    0  3.5 10 230   M    M   0 12     14 220
================================================================================
SM 2147 1469        50  47  1.99     0.0 154.8          M      111
================================================================================
AV 76.7 52.5                               5.5 FASTST   M    M   4    MAX(MPH)
                                 MISC ---->  # 26 240               # 36  280
================================================================================
NOTES:
# LAST OF SEVERAL OCCURRENCES

COLUMN 17 PEAK WIND IN M.P.H.

PRELIMINARY LOCAL CLIMATOLOGICAL DATA (WS FORM: F-6) , PAGE 2

                                          STATION:  HOUGHTON LAKE MI
                                          MONTH:    AUGUST
                                          YEAR:     2014
                                          LATITUDE:   44 22 N
                                          LONGITUDE:  84 41 W

[TEMPERATURE DATA]      [PRECIPITATION DATA]       SYMBOLS USED IN COLUMN 16

AVERAGE MONTHLY: 64.6   TOTAL FOR MONTH:   1.99    1 = FOG OR MIST
DPTR FM NORMAL:  -0.6   DPTR FM NORMAL:   -1.10    2 = FOG REDUCING VISIBILITY
HIGHEST:    83 ON  3    GRTST 24HR  0.63 ON 16-16      TO 1/4 MILE OR LESS
LOWEST:     38 ON 28                               3 = THUNDER
                        SNOW, ICE PELLETS, HAIL    4 = ICE PELLETS
                        TOTAL MONTH:   0.0 INCH    5 = HAIL
                        GRTST 24HR     0.0         6 = FREEZING RAIN OR DRIZZLE
                        GRTST DEPTH:   0           7 = DUSTSTORM OR SANDSTORM:
                                                       VSBY 1/2 MILE OR LESS
                                                   8 = SMOKE OR HAZE
[NO. OF DAYS WITH]      [WEATHER - DAYS WITH]      9 = BLOWING SNOW
                                                   X = TORNADO
MAX 32 OR BELOW:   0    0.01 INCH OR MORE:   8
MAX 90 OR ABOVE:   0    0.10 INCH OR MORE:   4
MIN 32 OR BELOW:   0    0.50 INCH OR MORE:   2
MIN  0 OR BELOW:   0    1.00 INCH OR MORE:   0

[HDD (BASE 65) ]
TOTAL THIS MO.    50    CLEAR  (SCALE 0-3)  13
DPTR FM NORMAL   -18    PTCLDY (SCALE 4-7)  11
TOTAL FM JUL 1   154    CLOUDY (SCALE 8-10)  4
DPTR FM NORMAL    39

[CDD (BASE 65) ]
TOTAL THIS MO.    47
DPTR FM NORMAL   -25    [PRESSURE DATA]
TOTAL FM JAN 1   182    HIGHEST SLP M ON M
DPTR FM NORMAL   -77    LOWEST  SLP 29.59 ON 12

[REMARKS]
