000
CXUS51 KRLX 251133
CF6HTS
PRELIMINARY LOCAL CLIMATOLOGICAL DATA (WS FORM: F-6)

                                          STATION:   HUNTINGTON WV
                                          MONTH:     JULY
                                          YEAR:      2016
                                          LATITUDE:   38 22 N
                                          LONGITUDE:  82 33 W

  TEMPERATURE IN F:       :PCPN:    SNOW:  WIND      :SUNSHINE: SKY     :PK WND
================================================================================
1   2   3   4   5  6A  6B    7    8   9   10  11  12  13   14  15   16   17  18
                                     12Z  AVG MX 2MIN
DY MAX MIN AVG DEP HDD CDD  WTR  SNW DPTH SPD SPD DIR MIN PSBL S-S WX    SPD DR
================================================================================

 1  82  59  71  -4   0   6    T  0.0    0  3.6 16 330   M    M   4 1      19 330
 2  83  61  72  -3   0   7 0.00  0.0    0  4.7  9  40   M    M   1        13  50
 3  71  64  68  -7   0   3 0.07  0.0    0  4.0  9  70   M    M   9 1      12  60
 4  83  64  74  -2   0   9 1.10  0.0    0  5.1 13 210   M    M   9 13     19 240
 5  87  72  80   4   0  15 0.25  0.0    0  5.4 13 310   M    M   8 18     19 340
 6  88  70  79   3   0  14 0.82  0.0    0  4.5 24 230   M    M   4 138    32 220
 7  83  68  76   0   0  11 0.11  0.0    0  3.6 10 230   M    M   5 1      14 220
 8  83  69  76   0   0  11 0.23  0.0    0  5.5 22 270   M    M   6 138    30 270
 9  84  70  77   1   0  12 0.00  0.0    0  6.7 14 280   M    M   3 1      20 250
10  84  63  74  -2   0   9 0.00  0.0    0  1.1  7  10   M    M   1 1      10 240
11  88  63  76   0   0  11 0.00  0.0    0  2.1  8 200   M    M   0 1      13 110
12  86  66  76   0   0  11 0.28  0.0    0  4.8 18 230   M    M   3 13     28 240
13  91  72  82   6   0  17 0.15  0.0    0  5.8 20 260   M    M   1 18     30 270
14  90  69  80   4   0  15 0.40  0.0    0  6.8 26 310   M    M   4 13     39 320
15  88  67  78   2   0  13 0.02  0.0    0  4.7 24 330   M    M   4        34 330
16  83  67  75  -1   0  10    T  0.0    0  2.4  8 200   M    M   3 12     11 210
17  89  65  77   1   0  12 0.00  0.0    0  3.0  9 170   M    M   3 12     13 200
18  87  70  79   3   0  14    T  0.0    0  4.4 13 190   M    M   2 1      20 300
19  90  70  80   4   0  15 0.00  0.0    0  3.2 10 330   M    M   3 1      13 320
20  91  67  79   3   0  14 0.00  0.0    0  2.0  8 110   M    M   0 1      12  90
21  90  63  77   1   0  12 0.00  0.0    0  1.9  8 150   M    M   0 12     14 150
22  91  69  80   4   0  15 0.01  0.0    0  2.8 16  20   M    M   3 123    23  20
23  93  68  81   5   0  16 0.00  0.0    0  1.5  8 240   M    M   5 12     10 210
24  95  73  84   8   0  19 0.00  0.0    0  2.9  9 200   M    M   1 1      13 210
================================================================================
SM 2080 1609         0 291  3.44     0.0  92.5          M       82
================================================================================
AV 86.7 67.0                               3.9 FASTST   M    M   3    MAX(MPH)
                                 MISC ---->  # 26 310               # 39  320
================================================================================
NOTES:
# LAST OF SEVERAL OCCURRENCES

COLUMN 17 PEAK WIND IN M.P.H.

PRELIMINARY LOCAL CLIMATOLOGICAL DATA (WS FORM: F-6) , PAGE 2

                                          STATION:  HUNTINGTON WV
                                          MONTH:    JULY
                                          YEAR:     2016
                                          LATITUDE:   38 22 N
                                          LONGITUDE:  82 33 W

[TEMPERATURE DATA]      [PRECIPITATION DATA]       SYMBOLS USED IN COLUMN 16

AVERAGE MONTHLY: 76.9   TOTAL FOR MONTH:   3.44    1 = FOG OR MIST
DPTR FM NORMAL:   1.0   DPTR FM NORMAL:   -0.06    2 = FOG REDUCING VISIBILITY
HIGHEST:    95 ON 24    GRTST 24HR  1.10 ON  4- 4      TO 1/4 MILE OR LESS
LOWEST:     59 ON  1                               3 = THUNDER
                        SNOW, ICE PELLETS, HAIL    4 = ICE PELLETS
                        TOTAL MONTH:   0.0 INCH    5 = HAIL
                        GRTST 24HR     0.0         6 = FREEZING RAIN OR DRIZZLE
                        GRTST DEPTH:   0           7 = DUSTSTORM OR SANDSTORM:
                                                       VSBY 1/2 MILE OR LESS
                                                   8 = SMOKE OR HAZE
[NO. OF DAYS WITH]      [WEATHER - DAYS WITH]      9 = BLOWING SNOW
                                                   X = TORNADO
MAX 32 OR BELOW:   0    0.01 INCH OR MORE:  11
MAX 90 OR ABOVE:   8    0.10 INCH OR MORE:   8
MIN 32 OR BELOW:   0    0.50 INCH OR MORE:   2
MIN  0 OR BELOW:   0    1.00 INCH OR MORE:   1

[HDD (BASE 65) ]
TOTAL THIS MO.     0    CLEAR  (SCALE 0-3)  13
DPTR FM NORMAL     0    PTCLDY (SCALE 4-7)   9
TOTAL FM JUL 1     0    CLOUDY (SCALE 8-10)  2
DPTR FM NORMAL     0

[CDD (BASE 65) ]
TOTAL THIS MO.   291
DPTR FM NORMAL    30    [PRESSURE DATA]
TOTAL FM JAN 1   711    HIGHEST SLP M ON M
DPTR FM NORMAL   112    LOWEST  SLP 29.85 ON  6

[REMARKS]
