000
CXUS56 KTFX 281205
CF6HVR
PRELIMINARY LOCAL CLIMATOLOGICAL DATA (WS FORM: F-6)

                                          STATION:   HAVRE MT
                                          MONTH:     SEPTEMBER
                                          YEAR:      2016
                                          LATITUDE:   48 32 N
                                          LONGITUDE: 109 46 W

  TEMPERATURE IN F:       :PCPN:    SNOW:  WIND      :SUNSHINE: SKY     :PK WND
================================================================================
1   2   3   4   5  6A  6B    7    8   9   10  11  12  13   14  15   16   17  18
                                     12Z  AVG MX 2MIN
DY MAX MIN AVG DEP HDD CDD  WTR  SNW DPTH SPD SPD DIR MIN PSBL S-S WX    SPD DR
================================================================================

 1  93  63  78  16   0  13    T  0.0    0  7.3 24 180   M    M   0        29 180
 2  81  56  69   7   0   4    T  0.0    0  9.6 28 300   M    M   2        34 290
 3  76  42  59  -3   6   0 0.00  0.0    0 10.1 21 280   M    M   0        27 260
 4  59  49  54  -7  11   0 0.41  0.0    0  7.4 20  60   M    M   7 1      23  70
 5  55  43  49 -12  16   0 0.39  0.0    0  6.9 14  70   M    M   9 1      19  90
 6  71  38  55  -5  10   0 0.06  0.0    0  8.5 23 190   M    M   4        28 200
 7  73  46  60   0   5   0    T  0.0    0 13.1 22 300   M    M   5        27 270
 8  71  48  60   1   5   0 0.06  0.0    0 15.4 41 290   M    M   5 3      52 290
 9  69  44  57  -2   8   0 0.03  0.0    0  9.5 20 300   M    M   6        23 300
10  81  45  63   4   2   0 0.00  0.0    0 15.0 30 260   M    M   1        37 250
11  57  45  51  -7  14   0 0.01  0.0    0  9.8 20 340   M    M   7        25 330
12  54  36  45 -13  20   0 0.00  0.0    0  8.3 22  40   M    M   9        26  40
13  64  28  46 -11  19   0 0.00  0.0    0  4.4 10 200   M    M   0        18 190
14  71  34  53  -4  12   0 0.00  0.0    0  2.7  8 180   M    M   0        13 210
15  77  35  56  -1   9   0 0.00  0.0    0  6.2 14 240   M    M   2        17 240
16  82  44  63   7   2   0    T  0.0    0  9.5 23 240   M    M   0        28 250
17  79  47  63   7   2   0    T  0.0    0 15.6 29 280   M    M   3        36 270
18  72  43  58   3   7   0    T  0.0    0 15.6 35 270   M    M   5        44 270
19  72  38  55   0  10   0 0.00  0.0    0  9.8 22 240   M    M   1        26 270
20  65  46  56   1   9   0 0.00  0.0    0  4.0 14 220   M    M   2        17 220
21  57  50  54   0  11   0 0.01  0.0    0  8.7 16 100   M    M   9        20 100
22  52  48  50  -4  15   0 0.70  0.0    0 19.0 26  90   M    M  10 1      37  70
23  59  47  53  -1  12   0 0.13  0.0    0  7.3 21 230   M    M   8 1      24 230
24  65  40  53   0  12   0 0.00  0.0    0 13.9 30 340   M    M   1        39 340
25  68  38  53   0  12   0 0.00  0.0    0 10.2 24 250   M    M   0        31 240
26  77  41  59   7   6   0 0.00  0.0    0 10.6 18 230   M    M   0        23 230
27  88  48  68  16   0   3 0.00  0.0    0 11.5 25  10   M    M   0        34  10
================================================================================
SM 1888 1182       235  20  1.80     0.0 269.9          M       96
================================================================================
AV 69.9 43.8                              10.0 FASTST   M    M   4    MAX(MPH)
                                 MISC ---->  # 41 290               # 52  290
================================================================================
NOTES:
# LAST OF SEVERAL OCCURRENCES

COLUMN 17 PEAK WIND IN M.P.H.

PRELIMINARY LOCAL CLIMATOLOGICAL DATA (WS FORM: F-6) , PAGE 2

                                          STATION:  HAVRE MT
                                          MONTH:    SEPTEMBER
                                          YEAR:     2016
                                          LATITUDE:   48 32 N
                                          LONGITUDE: 109 46 W

[TEMPERATURE DATA]      [PRECIPITATION DATA]       SYMBOLS USED IN COLUMN 16

AVERAGE MONTHLY: 56.9   TOTAL FOR MONTH:   1.80    1 = FOG OR MIST
DPTR FM NORMAL:  -0.2   DPTR FM NORMAL:    0.78    2 = FOG REDUCING VISIBILITY
HIGHEST:    93 ON  1    GRTST 24HR  0.80 ON  4- 5      TO 1/4 MILE OR LESS
LOWEST:     28 ON 13                               3 = THUNDER
                        SNOW, ICE PELLETS, HAIL    4 = ICE PELLETS
                        TOTAL MONTH:   0.0 INCH    5 = HAIL
                        GRTST 24HR     0.0         6 = FREEZING RAIN OR DRIZZLE
                        GRTST DEPTH:   0           7 = DUSTSTORM OR SANDSTORM:
                                                       VSBY 1/2 MILE OR LESS
                                                   8 = SMOKE OR HAZE
[NO. OF DAYS WITH]      [WEATHER - DAYS WITH]      9 = BLOWING SNOW
                                                   X = TORNADO
MAX 32 OR BELOW:   0    0.01 INCH OR MORE:   9
MAX 90 OR ABOVE:   1    0.10 INCH OR MORE:   4
MIN 32 OR BELOW:   1    0.50 INCH OR MORE:   1
MIN  0 OR BELOW:   0    1.00 INCH OR MORE:   0

[HDD (BASE 65) ]
TOTAL THIS MO.   235    CLEAR  (SCALE 0-3)  15
DPTR FM NORMAL     1    PTCLDY (SCALE 4-7)   7
TOTAL FM JUL 1   296    CLOUDY (SCALE 8-10)  5
DPTR FM NORMAL   -21

[CDD (BASE 65) ]
TOTAL THIS MO.    20
DPTR FM NORMAL     3    [PRESSURE DATA]
TOTAL FM JAN 1   344    HIGHEST SLP M ON M
DPTR FM NORMAL   -40    LOWEST  SLP 29.67 ON  2

[REMARKS]
