000
CXUS54 KHGX 241315
CF6IAH
PRELIMINARY LOCAL CLIMATOLOGICAL DATA (WS FORM: F-6)

                                          STATION:   HOUSTON INTERCONTINENTAL
                                          MONTH:     JULY
                                          YEAR:      2016
                                          LATITUDE:   29 58 N
                                          LONGITUDE:  95 21 W

  TEMPERATURE IN F:       :PCPN:    SNOW:  WIND      :SUNSHINE: SKY     :PK WND
================================================================================
1   2   3   4   5  6A  6B    7    8   9   10  11  12  13   14  15   16   17  18
                                     12Z  AVG MX 2MIN
DY MAX MIN AVG DEP HDD CDD  WTR  SNW DPTH SPD SPD DIR MIN PSBL S-S WX    SPD DR
================================================================================

 1  94  76  85   1   0  20 0.00  0.0    0  5.9 14 150   M    M   4 1      18 140
 2  96  76  86   2   0  21 0.00  0.0    0  5.6 12 190   M    M   4        17 170
 3  97  80  89   5   0  24 0.00  0.0    0  9.2 18 170   M    M   4        25 180
 4  97  82  90   6   0  25 0.00  0.0    0  9.6 18 170   M    M   5        25 230
 5  97  83  90   6   0  25 0.00  0.0    0  9.0 16 170   M    M   7        21 170
 6  96  82  89   5   0  24 0.00  0.0    0 10.0 21 160   M    M   4        25 160
 7  97  81  89   5   0  24 0.00  0.0    0  9.8 21 160   M    M   5        25 150
 8  98  78  88   4   0  23 0.00  0.0    0  7.8 18 170   M    M   4        24 160
 9  98  77  88   4   0  23 0.28  0.0    0  7.0 16 120   M    M   5        21 120
10  96  80  88   4   0  23    T  0.0    0  8.0 17 230   M    M   7        23 220
11  97  81  89   5   0  24 0.00  0.0    0 11.0 22 140   M    M   3        29 140
12  97  80  89   5   0  24 0.00  0.0    0  9.5 20 150   M    M   4        25 160
13  98  81  90   6   0  25 0.00  0.0    0  9.0 21 160   M    M   3        25 150
14  98  79  89   5   0  24 0.00  0.0    0  7.7 16 160   M    M   5        21 200
15  99  77  88   4   0  23 0.00  0.0    0  7.2 22 140   M    M   4 1      25 130
16  96  77  87   3   0  22 0.00  0.0    0  6.2 17 140   M    M   4        24 110
17  96  76  86   2   0  21    T  0.0    0  5.4 20 180   M    M   6 3      29 160
18  97  76  87   3   0  22 0.24  0.0    0  3.5 16 180   M    M   6 3      22 180
19  93  77  85   1   0  20 0.22  0.0    0  5.2 16 110   M    M   7 3      21 190
20  97  76  87   2   0  22 0.01  0.0    0  3.7 18 150   M    M   5 3      23 140
21  98  75  87   2   0  22 0.00  0.0    0  3.9 16 140   M    M   5        18 140
22  99  76  88   3   0  23 0.00  0.0    0  3.5 15 150   M    M   4        18 150
23 100  77  89   4   0  24 0.00  0.0    0  5.5 16 150   M    M   4        20 140
================================================================================
SM 2231 1803         0 528  0.75     0.0 163.2          M      109
================================================================================
AV 97.0 78.4                               7.1 FASTST   M    M   5    MAX(MPH)
                                 MISC ---->  # 22 140               # 29  140
================================================================================
NOTES:
# LAST OF SEVERAL OCCURRENCES

COLUMN 17 PEAK WIND IN M.P.H.

PRELIMINARY LOCAL CLIMATOLOGICAL DATA (WS FORM: F-6) , PAGE 2

                                          STATION:  HOUSTON INTERCONTINENTAL
                                          MONTH:    JULY
                                          YEAR:     2016
                                          LATITUDE:   29 58 N
                                          LONGITUDE:  95 21 W

[TEMPERATURE DATA]      [PRECIPITATION DATA]       SYMBOLS USED IN COLUMN 16

AVERAGE MONTHLY: 87.7   TOTAL FOR MONTH:   0.75    1 = FOG OR MIST
DPTR FM NORMAL:   3.5   DPTR FM NORMAL:   -2.25    2 = FOG REDUCING VISIBILITY
HIGHEST:   100 ON 23    GRTST 24HR  0.46 ON 18-19      TO 1/4 MILE OR LESS
LOWEST:     75 ON 21                               3 = THUNDER
                        SNOW, ICE PELLETS, HAIL    4 = ICE PELLETS
                        TOTAL MONTH:   0.0 INCH    5 = HAIL
                        GRTST 24HR     0.0         6 = FREEZING RAIN OR DRIZZLE
                        GRTST DEPTH:   0           7 = DUSTSTORM OR SANDSTORM:
                                                       VSBY 1/2 MILE OR LESS
                                                   8 = SMOKE OR HAZE
[NO. OF DAYS WITH]      [WEATHER - DAYS WITH]      9 = BLOWING SNOW
                                                   X = TORNADO
MAX 32 OR BELOW:   0    0.01 INCH OR MORE:   4
MAX 90 OR ABOVE:  23    0.10 INCH OR MORE:   3
MIN 32 OR BELOW:   0    0.50 INCH OR MORE:   0
MIN  0 OR BELOW:   0    1.00 INCH OR MORE:   0

[HDD (BASE 65) ]
TOTAL THIS MO.     0    CLEAR  (SCALE 0-3)   1
DPTR FM NORMAL     0    PTCLDY (SCALE 4-7)  22
TOTAL FM JUL 1     0    CLOUDY (SCALE 8-10)  0
DPTR FM NORMAL     0

[CDD (BASE 65) ]
TOTAL THIS MO.   528
DPTR FM NORMAL    86    [PRESSURE DATA]
TOTAL FM JAN 1  1629    HIGHEST SLP M ON M
DPTR FM NORMAL    15    LOWEST  SLP 29.87 ON 23

[REMARKS]
