000
CXUS53 KUNR 270945
CF6ICR
PRELIMINARY LOCAL CLIMATOLOGICAL DATA (WS FORM: F-6)

                                          STATION:   WINNER REGIONAL AIRPORT SD
                                          MONTH:     FEBRUARY
                                          YEAR:      2015
                                          LATITUDE:   43 23 N
                                          LONGITUDE:  99 50 W

  TEMPERATURE IN F:       :PCPN:    SNOW:  WIND      :SUNSHINE: SKY     :PK WND
================================================================================
1   2   3   4   5  6A  6B    7    8   9   10  11  12  13   14  15   16   17  18
                                     12Z  AVG MX 2MIN
DY MAX MIN AVG DEP HDD CDD  WTR  SNW DPTH SPD SPD DIR MIN PSBL S-S WX    SPD DR
================================================================================

 1  12  -9   2 -23  63   0 0.01    M    M 15.4 28 340   M    M   6 18     32 350
 2  32  -8  12 -13  53   0 0.00    M    M 11.5 23 330   M    M   3        31 200
 3  29  12  21  -4  44   0 0.00    M    M 11.2 24 130   M    M   7        29 120
 4  18   3  11 -14  54   0    T    M    M 11.4 25 330   M    M   3        29 350
 5  43   8  26   1  39   0 0.00    M    M 12.1 29 200   M    M   0        38 210
 6  60  37  49  23  16   0 0.00    M    M  8.6 21 210   M    M   1        26 200
 7  74  42  58  32   7   0 0.00    M    M 10.8 20 290   M    M   1        24 280
 8  62  30  46  20  19   0    T    M    M 10.3 28 330   M    M   2 1      32 330
 9  39  25  32   6  33   0    T    M    M 11.9 30 140   M    M   8 126    38 150
10  59  27  43  17  22   0    T    M    M 18.1 31 330   M    M   7        39 330
11  35   9  22  -4  43   0 0.00    M    M 18.5 29 330   M    M   9        40 330
12  36   2  19  -7  46   0 0.00    M    M 12.1 25 180   M    M   3        32 170
13  60  24  42  15  23   0 0.00    M    M  9.6 18 300   M    M   2        23 300
14  35   9  22  -5  43   0    T    M    M 13.6 23  50   M    M   9        28  50
15  37  15  26  -1  39   0 0.00    M    M  9.0 20 180   M    M   6        25 170
16  39  19  29   2  36   0    T    M    M  8.7 20 330   M    M   9        24 320
17  24   8  16 -12  49   0    T    M    M 19.2 36 310   M    M   4 8      44 320
18  19  -1   9 -19  56   0    T    M    M 10.5 26 340   M    M   5 89     33 320
19  38   9  24  -4  41   0 0.00    M    M 13.5 22 190   M    M   5        27 200
20  54  32  43  15  22   0    T    M    M 11.8 23 300   M    M   4        32 290
21  35   8  22  -7  43   0    T    M    M 12.1 21 360   M    M   8 18     27  20
22  12  -5   4 -25  61   0 0.00    M    M  9.0 21 340   M    M   3 8      24 330
23  40  -1  20  -9  45   0 0.00    M    M 15.4 28 240   M    M   0        35 230
24  53  31  42  12  23   0 0.00    M    M 13.8 24 330   M    M   3        31 340
25  44   4  24  -6  41   0    T    M    M 14.9 24 360   M    M  10 18     28 360
26  14  -3   6 -24  59   0    T    M    M  8.8 18 340   M    M   6 89     23 320
================================================================================
SM 1003  327      1020   0  0.01    M    321.8          M      124
================================================================================
AV 38.6 12.6                              12.4 FASTST   M    M   5    MAX(MPH)
                                 MISC ---->  # 36 310               # 44  320
================================================================================
NOTES:
# LAST OF SEVERAL OCCURRENCES

COLUMN 17 PEAK WIND IN M.P.H.

PRELIMINARY LOCAL CLIMATOLOGICAL DATA (WS FORM: F-6) , PAGE 2

                                          STATION:  WINNER REGIONAL AIRPORT SD
                                          MONTH:    FEBRUARY
                                          YEAR:     2015
                                          LATITUDE:   43 23 N
                                          LONGITUDE:  99 50 W

[TEMPERATURE DATA]      [PRECIPITATION DATA]       SYMBOLS USED IN COLUMN 16

AVERAGE MONTHLY: 25.6   TOTAL FOR MONTH:   0.01    1 = FOG OR MIST
DPTR FM NORMAL:  -1.5   DPTR FM NORMAL:   -0.47    2 = FOG REDUCING VISIBILITY
HIGHEST:    74 ON  7    GRTST 24HR  0.04 ON 31- 1      TO 1/4 MILE OR LESS
LOWEST:     -9 ON  1                               3 = THUNDER
                        SNOW, ICE PELLETS, HAIL    4 = ICE PELLETS
                        TOTAL MONTH:    M          5 = HAIL
                        GRTST 24HR    M  ON   M    6 = FREEZING RAIN OR DRIZZLE
                        GRTST DEPTH:  M  ON   M    7 = DUSTSTORM OR SANDSTORM:
                                                       VSBY 1/2 MILE OR LESS
                                                   8 = SMOKE OR HAZE
[NO. OF DAYS WITH]      [WEATHER - DAYS WITH]      9 = BLOWING SNOW
                                                   X = TORNADO
MAX 32 OR BELOW:   8    0.01 INCH OR MORE:   1
MAX 90 OR ABOVE:   0    0.10 INCH OR MORE:   0
MIN 32 OR BELOW:  24    0.50 INCH OR MORE:   0
MIN  0 OR BELOW:   6    1.00 INCH OR MORE:   0

[HDD (BASE 65) ]
TOTAL THIS MO.  1020    CLEAR  (SCALE 0-3)   9
DPTR FM NORMAL    34    PTCLDY (SCALE 4-7)  12
TOTAL FM JUL 1  4665    CLOUDY (SCALE 8-10)  5
DPTR FM NORMAL  -276

[CDD (BASE 65) ]
TOTAL THIS MO.     0
DPTR FM NORMAL     0    [PRESSURE DATA]
TOTAL FM JAN 1     0    HIGHEST SLP M ON M
DPTR FM NORMAL     0    LOWEST  SLP 29.50 ON  7

[REMARKS]
