000
CXUS55 KPIH 011200
CF6IDA

PRELIMINARY LOCAL CLIMATOLOGICAL DATA (WS FORM: F-6)

                                          STATION:   IDAHO FALLS ID
                                          MONTH:     MAY
                                          YEAR:      2015
                                          LATITUDE:   43 31 N
                                          LONGITUDE: 112  4 W

  TEMPERATURE IN F:       :PCPN:    SNOW:  WIND      :SUNSHINE: SKY     :PK WND
================================================================================
1   2   3   4   5  6A  6B    7    8   9   10  11  12  13   14  15   16   17  18
                                     12Z  AVG MX 2MIN
DY MAX MIN AVG DEP HDD CDD  WTR  SNW DPTH SPD SPD DIR MIN PSBL S-S WX    SPD DR
================================================================================

 1  74  34  54   5  11   0 0.00    M    M  7.8 20 200   M    M   0        26 240
 2  79  40  60  11   5   0 0.00    M    M 11.5 26 230   M    M   2        35 230
 3  74  44  59  10   6   0 0.02    M    M  7.8 29 300   M    M   6        37 290
 4  77  40  59   9   6   0    T    M    M  6.2 25 310   M    M   4 3      33 300
 5  74  42  58   8   7   0 0.10    M    M  6.2 25 350   M    M   3 38     34  40
 6  65  42  54   4  11   0 0.05    M    M  8.4 18 310   M    M   5 1      22 310
 7  59  43  51   1  14   0 0.06    M    M  7.2 15  20   M    M   8 1      19  20
 8  62  43  53   2  12   0    T    M    M 11.0 22  10   M    M   6        27  20
 9  64  39  52   1  13   0 0.00    M    M 16.5 26  20   M    M   7        33  30
10  63  31  47  -4  18   0 0.00    M    M  8.9 18  20   M    M   0        25  30
11  70  30  50  -2  15   0 0.10    M    M  7.4 20 320   M    M   3 18     27 330
12  76  45  61   9   4   0    T    M    M  9.9 25 180   M    M   7 3      32 190
13  68  46  57   5   8   0 0.00    M    M 10.3 28 210   M    M   3 8      34 210
14  71  47  59   7   6   0 0.05    M    M  7.1 25 160   M    M   6 38     33 120
15  61  45  53   0  12   0 0.61    M    M  8.5 20 200   M    M   9 18     26 200
16  52  42  47  -6  18   0 0.69    M    M  7.6 21 200   M    M  10 1      25 200
17  60  41  51  -2  14   0 0.00    M    M  5.1 14  20   M    M   6        19 100
18  63  42  53  -1  12   0 0.20    M    M  8.4 30 140   M    M   7 138    37 150
19  59  47  53  -1  12   0 0.27    M    M  7.0 21 190   M    M   8 1      25 180
20  59  47  53  -1  12   0 0.32    M    M  5.5 22 180   M    M  10 13     27 190
21  68  46  57   3   8   0    T    M    M  4.8 22 170   M    M   8 3      29 170
22  66  46  56   2   9   0 0.04    M    M  5.6 17 130   M    M   8 3      23 140
23  66  43  55   0  10   0 0.37    M    M  3.8 18 200   M    M   8 123    23 200
24  68  40  54  -1  11   0    T    M    M  5.5 17 350   M    M   8 12     24 350
25  69  41  55   0  10   0 0.41    M    M  7.7 23 170   M    M   6 123    28 170
26  67  43  55  -1  10   0 0.42    M    M  9.8 21 130   M    M   8 13     25 210
27  64  44  54  -2  11   0 0.05    M    M  5.7 20 280   M    M   7 38     24 290
28  65  47  56   0   9   0 0.26    M    M  4.3 13  10   M    M   7 13     15  10
29  72  40  56   0   9   0 0.00    M    M  5.0 12  30   M    M   1        14  40
30  80  43  62   6   3   0    T    M    M  6.8 28 270   M    M   2 3      37 270
31  83  48  66   9   0   1 0.27    M    M  6.2 44 220   M    M   2 3      65 260
================================================================================
SM 2098 1311       306   1  4.29    M    233.5          M      175
================================================================================
AV 67.7 42.3                               7.5 FASTST   M    M   6    MAX(MPH)
                                 MISC ---->  # 44 220               # 65  260
================================================================================
NOTES:
# LAST OF SEVERAL OCCURRENCES

COLUMN 17 PEAK WIND IN M.P.H.

PRELIMINARY LOCAL CLIMATOLOGICAL DATA (WS FORM: F-6) , PAGE 2

                                          STATION:  IDAHO FALLS ID
                                          MONTH:    MAY
                                          YEAR:     2015
                                          LATITUDE:   43 31 N
                                          LONGITUDE: 112  4 W

[TEMPERATURE DATA]      [PRECIPITATION DATA]       SYMBOLS USED IN COLUMN 16

AVERAGE MONTHLY: 55.0   TOTAL FOR MONTH:   4.29    1 = FOG OR MIST
DPTR FM NORMAL:   2.1   DPTR FM NORMAL:    2.79    2 = FOG REDUCING VISIBILITY
HIGHEST:    83 ON 31    GRTST 24HR  0.98 ON 15-16      TO 1/4 MILE OR LESS
LOWEST:     30 ON 11                               3 = THUNDER
                        SNOW, ICE PELLETS, HAIL    4 = ICE PELLETS
                        TOTAL MONTH:    M          5 = HAIL
                        GRTST 24HR    M  ON   M    6 = FREEZING RAIN OR DRIZZLE
                        GRTST DEPTH:  M  ON   M    7 = DUSTSTORM OR SANDSTORM:
                                                       VSBY 1/2 MILE OR LESS
                                                   8 = SMOKE OR HAZE
[NO. OF DAYS WITH]      [WEATHER - DAYS WITH]      9 = BLOWING SNOW
                                                   X = TORNADO
MAX 32 OR BELOW:   0    0.01 INCH OR MORE:  18
MAX 90 OR ABOVE:   0    0.10 INCH OR MORE:  12
MIN 32 OR BELOW:   2    0.50 INCH OR MORE:   2
MIN  0 OR BELOW:   0    1.00 INCH OR MORE:   0

[HDD (BASE 65) ]
TOTAL THIS MO.   306    CLEAR  (SCALE 0-3)   7
DPTR FM NORMAL   -72    PTCLDY (SCALE 4-7)  17
TOTAL FM JUL 1  6391    CLOUDY (SCALE 8-10)  7
DPTR FM NORMAL -1300

[CDD (BASE 65) ]
TOTAL THIS MO.     1
DPTR FM NORMAL    -1    [PRESSURE DATA]
TOTAL FM JAN 1     1    HIGHEST SLP 30.20 ON 29
DPTR FM NORMAL    -1    LOWEST  SLP 29.60 ON 15

[REMARKS]
