000
CXUS53 KUNR 210945
CF6IEN
PRELIMINARY LOCAL CLIMATOLOGICAL DATA (WS FORM: F-6)

                                          STATION:   PINE RIDGE SD
                                          MONTH:     SEPTEMBER
                                          YEAR:      2017
                                          LATITUDE:   43  1 N
                                          LONGITUDE: 102 31 W

  TEMPERATURE IN F:       :PCPN:    SNOW:  WIND      :SUNSHINE: SKY     :PK WND
================================================================================
1   2   3   4   5  6A  6B    7    8   9   10  11  12  13   14  15   16   17  18
                                     12Z  AVG MX 2MIN
DY MAX MIN AVG DEP HDD CDD  WTR  SNW DPTH SPD SPD DIR MIN PSBL S-S WX    SPD DR
================================================================================

 1  92  53  73   6   0   8 0.06    M    M  6.8 23 190   M    M   2 18     33 180
 2  92  48  70   3   0   5 0.00    M    M  4.2 17 190   M    M   0 18     24 200
 3 101  55  78  12   0  13 0.00    M    M  7.3 20  20   M    M   2 8      26 340
 4  75  44  60  -6   5   0 0.00    M    M  7.9 24  20   M    M   1 18     29  30
 5  74  34  54 -12  11   0 0.00    M    M  4.3 18 360   M    M   0        25  10
 6  80  29  55 -10  10   0 0.00    M    M  2.4  9  60   M    M   0        13 280
 7  90  49  70   5   0   5 0.00    M    M  5.1 13 180   M    M   0        16  50
 8  91  48  70   6   0   5 0.00    M    M  7.4 24 160   M    M   0 3      30 160
 9  90  56  73   9   0   8 0.00    M    M  6.9 18 120   M    M   0        25  90
10  99  50  75  11   0  10 0.00    M    M  4.3 15  70   M    M   0        20  60
11  94  56  75  12   0  10 0.00    M    M  4.6 15  60   M    M   0 8      20  70
12  98  54  76  13   0  11 0.03    M    M  5.0 20 160   M    M   1 3      28 170
13  94  50  72  10   0   7 0.00    M    M  4.3 20 280   M    M   0        30 280
14  83  53  68   6   0   3 0.00    M    M  7.2 16 360   M    M   0 8      21 350
15  73  48  61   0   4   0 0.20    M    M  8.3 24  60   M    M   9 1      33  60
16  63  37  50 -11  15   0 0.20    M    M  5.7 14  10   M    M   6 1      18 360
17  72  32  52  -8  13   0    T    M    M 11.4 24 180   M    M   0        33 180
18  84  52  68   8   0   3 0.00    M    M 10.2 25 170   M    M   0        33 160
19  83  47  65   5   0   0    T    M    M 13.1 35 280   M    M   0 8      47 270
20  77  42  60   1   5   0 0.00    M    M 12.5 26 280   M    M   0        36 170
================================================================================
SM 1705  937        63  88  0.49    M    138.9          M       21
================================================================================
AV 85.3 46.9                               6.9 FASTST   M    M   1    MAX(MPH)
                                 MISC ---->  # 35 280               # 47  270
================================================================================
NOTES:
# LAST OF SEVERAL OCCURRENCES

COLUMN 17 PEAK WIND IN M.P.H.

PRELIMINARY LOCAL CLIMATOLOGICAL DATA (WS FORM: F-6) , PAGE 2

                                          STATION:  PINE RIDGE SD
                                          MONTH:    SEPTEMBER
                                          YEAR:     2017
                                          LATITUDE:   43  1 N
                                          LONGITUDE: 102 31 W

[TEMPERATURE DATA]      [PRECIPITATION DATA]       SYMBOLS USED IN COLUMN 16

AVERAGE MONTHLY: 66.1   TOTAL FOR MONTH:   0.49    1 = FOG OR MIST
DPTR FM NORMAL:   2.8   DPTR FM NORMAL:   -0.63    2 = FOG REDUCING VISIBILITY
HIGHEST:   101 ON  3    GRTST 24HR  0.20 ON 16-16      TO 1/4 MILE OR LESS
LOWEST:     29 ON  6                               3 = THUNDER
                        SNOW, ICE PELLETS, HAIL    4 = ICE PELLETS
                        TOTAL MONTH:    M          5 = HAIL
                        GRTST 24HR    M  ON   M    6 = FREEZING RAIN OR DRIZZLE
                        GRTST DEPTH:  M  ON   M    7 = DUSTSTORM OR SANDSTORM:
                                                       VSBY 1/2 MILE OR LESS
                                                   8 = SMOKE OR HAZE
[NO. OF DAYS WITH]      [WEATHER - DAYS WITH]      9 = BLOWING SNOW
                                                   X = TORNADO
MAX 32 OR BELOW:   0    0.01 INCH OR MORE:   4
MAX 90 OR ABOVE:  10    0.10 INCH OR MORE:   2
MIN 32 OR BELOW:   2    0.50 INCH OR MORE:   0
MIN  0 OR BELOW:   0    1.00 INCH OR MORE:   0

[HDD (BASE 65) ]
TOTAL THIS MO.    63    CLEAR  (SCALE 0-3)  18
DPTR FM NORMAL   -29    PTCLDY (SCALE 4-7)   1
TOTAL FM JUL 1    75    CLOUDY (SCALE 8-10)  1
DPTR FM NORMAL   -54

[CDD (BASE 65) ]
TOTAL THIS MO.    88
DPTR FM NORMAL    29    [PRESSURE DATA]
TOTAL FM JAN 1   761    HIGHEST SLP M ON M
DPTR FM NORMAL    54    LOWEST  SLP 29.25 ON 19

[REMARKS]
