000
CXUS53 KUNR 180945
CF6IEN
PRELIMINARY LOCAL CLIMATOLOGICAL DATA (WS FORM: F-6)

                                          STATION:   PINE RIDGE SD
                                          MONTH:     JANUARY
                                          YEAR:      2018
                                          LATITUDE:   43  1 N
                                          LONGITUDE: 102 31 W

  TEMPERATURE IN F:       :PCPN:    SNOW:  WIND      :SUNSHINE: SKY     :PK WND
================================================================================
1   2   3   4   5  6A  6B    7    8   9   10  11  12  13   14  15   16   17  18
                                     12Z  AVG MX 2MIN
DY MAX MIN AVG DEP HDD CDD  WTR  SNW DPTH SPD SPD DIR MIN PSBL S-S WX    SPD DR
================================================================================

 1  12  -7   3 -19  62   0 0.00    M    M  4.5 14 170   M    M   4        19 170
 2  27  -6  11 -12  54   0 0.00    M    M  9.8 21 230   M    M   2        27 230
 3  34   3  19  -4  46   0 0.00    M    M  2.8  9 260   M    M   2 8      10 250
 4  39  11  25   2  40   0 0.00    M    M  3.8 12 260   M    M   0        14 250
 5  37   7  22  -1  43   0 0.00    M    M  2.1  9  50   M    M   1        11  50
 6  45  20  33  10  32   0 0.00    M    M  5.6 14 250   M    M   2        20 260
 7  44  22  33  10  32   0    T    M    M  5.7 13 280   M    M   4        16 280
 8  46  16  31   8  34   0 0.00    M    M  2.8 10 240   M    M   0        12 240
 9  59  22  41  18  24   0 0.00    M    M  4.6 12 190   M    M   0        15 190
10  47   7  27   4  38   0    T    M    M  9.0 31  10   M    M   4 1      39 360
11  15   4  10 -13  55   0 0.00    M    M  8.4 17 360   M    M   5        22  10
12  15   2   9 -14  56   0    T    M    M  6.4 15  60   M    M   8 8      18  50
13  33   6  20  -3  45   0 0.05    M    M  4.7 13 220   M    M  10 18     18 330
14  39   7  23  -1  42   0 0.02    M    M 12.4 35  20   M    M   9 19     44  20
15   8 -18  -5 -29  70   0    T    M    M  9.8 23  10   M    M   0 8      30  20
16  27 -20   4 -20  61   0 0.00    M    M  5.8 15 200   M    M   0        21 210
17  43   9  26   2  39   0 0.00    M    M  5.1 10 250   M    M   0        14 280
================================================================================
SM  570   85       773   0  0.07    M    103.3          M       51
================================================================================
AV 33.5  5.0                               6.1 FASTST   M    M   3    MAX(MPH)
                                 MISC ---->  # 35  20               # 44   20
================================================================================
NOTES:
# LAST OF SEVERAL OCCURRENCES

COLUMN 17 PEAK WIND IN M.P.H.

PRELIMINARY LOCAL CLIMATOLOGICAL DATA (WS FORM: F-6) , PAGE 2

                                          STATION:  PINE RIDGE SD
                                          MONTH:    JANUARY
                                          YEAR:     2018
                                          LATITUDE:   43  1 N
                                          LONGITUDE: 102 31 W

[TEMPERATURE DATA]      [PRECIPITATION DATA]       SYMBOLS USED IN COLUMN 16

AVERAGE MONTHLY: 19.3   TOTAL FOR MONTH:   0.07    1 = FOG OR MIST
DPTR FM NORMAL:  -3.9   DPTR FM NORMAL:   -0.07    2 = FOG REDUCING VISIBILITY
HIGHEST:    59 ON  9    GRTST 24HR  0.05 ON 13-13      TO 1/4 MILE OR LESS
LOWEST:    -20 ON 16                               3 = THUNDER
                        SNOW, ICE PELLETS, HAIL    4 = ICE PELLETS
                        TOTAL MONTH:    M          5 = HAIL
                        GRTST 24HR    M  ON   M    6 = FREEZING RAIN OR DRIZZLE
                        GRTST DEPTH:  M  ON   M    7 = DUSTSTORM OR SANDSTORM:
                                                       VSBY 1/2 MILE OR LESS
                                                   8 = SMOKE OR HAZE
[NO. OF DAYS WITH]      [WEATHER - DAYS WITH]      9 = BLOWING SNOW
                                                   X = TORNADO
MAX 32 OR BELOW:   6    0.01 INCH OR MORE:   2
MAX 90 OR ABOVE:   0    0.10 INCH OR MORE:   0
MIN 32 OR BELOW:  17    0.50 INCH OR MORE:   0
MIN  0 OR BELOW:   4    1.00 INCH OR MORE:   0

[HDD (BASE 65) ]
TOTAL THIS MO.   773    CLEAR  (SCALE 0-3)  10
DPTR FM NORMAL    61    PTCLDY (SCALE 4-7)   5
TOTAL FM JUL 1  3444    CLOUDY (SCALE 8-10)  2
DPTR FM NORMAL  -258

[CDD (BASE 65) ]
TOTAL THIS MO.     0
DPTR FM NORMAL     0    [PRESSURE DATA]
TOTAL FM JAN 1     0    HIGHEST SLP M ON M
DPTR FM NORMAL     0    LOWEST  SLP 29.16 ON 10

[REMARKS]
