000
CXUS53 KUNR 210945
CF6IEN
PRELIMINARY LOCAL CLIMATOLOGICAL DATA (WS FORM: F-6)

                                          STATION:   PINE RIDGE SD
                                          MONTH:     SEPTEMBER
                                          YEAR:      2014
                                          LATITUDE:   43  1 N
                                          LONGITUDE: 102 31 W

  TEMPERATURE IN F:       :PCPN:    SNOW:  WIND      :SUNSHINE: SKY     :PK WND
================================================================================
1   2   3   4   5  6A  6B    7    8   9   10  11  12  13   14  15   16   17  18
                                     12Z  AVG MX 2MIN
DY MAX MIN AVG DEP HDD CDD  WTR  SNW DPTH SPD SPD DIR MIN PSBL S-S WX    SPD DR
================================================================================

 1  77  42  60  -7   5   0 0.15    M    M  5.4 24 270   M    M   1 13     39 260
 2  83  38  61  -6   4   0 0.00    M    M  6.2 22 200   M    M   0        26 200
 3  96  53  75   9   0  10 0.02    M    M  6.6 17 220   M    M   0 3      22 230
 4  72  53  63  -3   2   0 0.00    M    M  9.9 18  20   M    M   0        27 330
 5  68  48  58  -8   7   0 0.00    M    M  2.0  9 220   M    M   8 8      12 230
 6  78  42  60  -5   5   0 0.00    M    M  5.0 16 180   M    M   2        23 190
 7  87  55  71   6   0   6 0.00    M    M  8.4 21 190   M    M   0        29 180
 8  88  47  68   4   0   3 0.00    M    M  5.5 16 280   M    M   0        20 280
 9  75  46  61  -3   4   0 0.02    M    M  9.1 21  10   M    M   7 1      28 360
10  49  40  45 -19  20   0 0.09    M    M  8.1 15  40   M    M  10 1      20  40
11  40  35  38 -25  27   0 0.13    M    M  8.5 15  30   M    M  10 1      19  10
12  54  35  45 -18  20   0    T    M    M  7.7 18 210   M    M   5        24 200
13  67  37  52 -10  13   0 0.00    M    M 10.2 24 190   M    M   0        33 190
14  62  35  49 -13  16   0 0.00    M    M  8.1 18  50   M    M   4        23  60
15  69  28  49 -12  16   0 0.00    M    M  7.8 25 180   M    M   0 1      32 170
16  82  49  66   5   0   1 0.00    M    M  5.2 21 200   M    M   0        27 190
17  85  46  66   6   0   1 0.00    M    M  5.8 14 110   M    M   0        18  80
18  90  53  72  12   0   7 0.00    M    M 12.7 25 190   M    M   1        32 180
19  86  51  69   9   0   4 0.00    M    M  6.1 21 190   M    M   0        27 190
20  81  41  61   2   4   0 0.00    M    M  6.1 22  20   M    M   1 8      33 360
================================================================================
SM 1489  874       143  32  0.41    M    144.4          M       49
================================================================================
AV 74.4 43.7                               7.2 FASTST   M    M   2    MAX(MPH)
                                 MISC ---->  # 25 180               # 39  260
================================================================================
NOTES:
# LAST OF SEVERAL OCCURRENCES

COLUMN 17 PEAK WIND IN M.P.H.

PRELIMINARY LOCAL CLIMATOLOGICAL DATA (WS FORM: F-6) , PAGE 2

                                          STATION:  PINE RIDGE SD
                                          MONTH:    SEPTEMBER
                                          YEAR:     2014
                                          LATITUDE:   43  1 N
                                          LONGITUDE: 102 31 W

[TEMPERATURE DATA]      [PRECIPITATION DATA]       SYMBOLS USED IN COLUMN 16

AVERAGE MONTHLY: 59.1   TOTAL FOR MONTH:   0.41    1 = FOG OR MIST
DPTR FM NORMAL:  -4.2   DPTR FM NORMAL:   -0.71    2 = FOG REDUCING VISIBILITY
HIGHEST:    96 ON  3    GRTST 24HR  0.19 ON 10-11      TO 1/4 MILE OR LESS
LOWEST:     28 ON 15                               3 = THUNDER
                        SNOW, ICE PELLETS, HAIL    4 = ICE PELLETS
                        TOTAL MONTH:    M          5 = HAIL
                        GRTST 24HR    M  ON   M    6 = FREEZING RAIN OR DRIZZLE
                        GRTST DEPTH:  M  ON   M    7 = DUSTSTORM OR SANDSTORM:
                                                       VSBY 1/2 MILE OR LESS
                                                   8 = SMOKE OR HAZE
[NO. OF DAYS WITH]      [WEATHER - DAYS WITH]      9 = BLOWING SNOW
                                                   X = TORNADO
MAX 32 OR BELOW:   0    0.01 INCH OR MORE:   5
MAX 90 OR ABOVE:   2    0.10 INCH OR MORE:   2
MIN 32 OR BELOW:   1    0.50 INCH OR MORE:   0
MIN  0 OR BELOW:   0    1.00 INCH OR MORE:   0

[HDD (BASE 65) ]
TOTAL THIS MO.   143    CLEAR  (SCALE 0-3)  14
DPTR FM NORMAL    51    PTCLDY (SCALE 4-7)   4
TOTAL FM JUL 1   187    CLOUDY (SCALE 8-10)  2
DPTR FM NORMAL    58

[CDD (BASE 65) ]
TOTAL THIS MO.    32
DPTR FM NORMAL   -27    [PRESSURE DATA]
TOTAL FM JAN 1   450    HIGHEST SLP M ON M
DPTR FM NORMAL  -257    LOWEST  SLP 29.46 ON  3

[REMARKS]
