000
CXUS55 KVEF 190940
CF6IGM
PRELIMINARY LOCAL CLIMATOLOGICAL DATA (WS FORM: F-6)

                                          STATION:   KINGMAN AZ
                                          MONTH:     APRIL
                                          YEAR:      2014
                                          LATITUDE:   35 16 N
                                          LONGITUDE: 113 57 W

  TEMPERATURE IN F:       :PCPN:    SNOW:  WIND      :SUNSHINE: SKY     :PK WND
================================================================================
1   2   3   4   5  6A  6B    7    8   9   10  11  12  13   14  15   16   17  18
                                     12Z  AVG MX 2MIN
DY MAX MIN AVG DEP HDD CDD  WTR  SNW DPTH SPD SPD DIR MIN PSBL S-S WX    SPD DR
================================================================================

 1  62  43  53  -2  12   0 0.00  0.0    0 17.1 29 220   M    M   5        35 220
 2  55  33  44 -11  21   0    T  0.0    0 13.2 29 210   M    M   4        39 230
 3  63  27  45 -10  20   0 0.00  0.0    0  3.8 15 270   M    M   0        22 210
 4  66  36  51  -4  14   0 0.00  0.0    0  8.2 23 250   M    M   0        29 230
 5  68  37  53  -3  12   0    T  0.0    0  6.4 22 340   M    M   3        27 330
 6  70  40  55  -1  10   0 0.00  0.0    0 11.0 29 340   M    M   0        33 340
 7  79  43  61   5   4   0 0.00  0.0    0  7.7 14 360   M    M   0        18  20
 8  85  46  66  10   0   1 0.00  0.0    0  7.9 16 220   M    M   0 8      20 260
 9  86  46  66   9   0   1 0.00  0.0    0  8.8 22 230   M    M   0 8      28 230
10  86  48  67  10   0   2 0.00  0.0    0  9.5 24 220   M    M   0        33 250
11  86  59  73  16   0   8 0.00  0.0    0 13.7 32 210   M    M   0        47 210
12  79  54  67   9   0   2 0.00  0.0    0 12.6 26 230   M    M   0        33 220
13  81  50  66   8   0   1 0.00  0.0    0 13.4 35 350   M    M   0        42 350
14  75  41  58   0   7   0 0.00  0.0    0 11.1 22  50   M    M   0        29  40
15  77  40  59   1   6   0 0.00  0.0    0  8.9 20 230   M    M   0        24 240
16  85  47  66   7   0   1 0.00  0.0    0  6.6 23 260   M    M   0        29 250
17  85  51  68   9   0   3 0.00  0.0    0 14.5 30 220   M    M   0        36 230
18  77  55  66   7   0   1 0.01  0.0    0 12.6 28 130   M    M   3        33 130
================================================================================
SM 1365  796       106  20  0.01     0.0 187.0          M       15
================================================================================
AV 75.8 44.2                              10.4 FASTST   M    M   1    MAX(MPH)
                                 MISC ---->  # 35 350               # 47  210
================================================================================
NOTES:
# LAST OF SEVERAL OCCURRENCES

COLUMN 17 PEAK WIND IN M.P.H.

PRELIMINARY LOCAL CLIMATOLOGICAL DATA (WS FORM: F-6) , PAGE 2

                                          STATION:  KINGMAN AZ
                                          MONTH:    APRIL
                                          YEAR:     2014
                                          LATITUDE:   35 16 N
                                          LONGITUDE: 113 57 W

[TEMPERATURE DATA]      [PRECIPITATION DATA]       SYMBOLS USED IN COLUMN 16

AVERAGE MONTHLY: 60.0   TOTAL FOR MONTH:   0.01    1 = FOG OR MIST
DPTR FM NORMAL:   3.1   DPTR FM NORMAL:   -0.29    2 = FOG REDUCING VISIBILITY
HIGHEST:    86 ON 11,10 GRTST 24HR  0.01 ON 18-18      TO 1/4 MILE OR LESS
LOWEST:     27 ON  3                               3 = THUNDER
                        SNOW, ICE PELLETS, HAIL    4 = ICE PELLETS
                        TOTAL MONTH:   0.0 INCH    5 = HAIL
                        GRTST 24HR     0.0         6 = FREEZING RAIN OR DRIZZLE
                        GRTST DEPTH:   0           7 = DUSTSTORM OR SANDSTORM:
                                                       VSBY 1/2 MILE OR LESS
                                                   8 = SMOKE OR HAZE
[NO. OF DAYS WITH]      [WEATHER - DAYS WITH]      9 = BLOWING SNOW
                                                   X = TORNADO
MAX 32 OR BELOW:   0    0.01 INCH OR MORE:   1
MAX 90 OR ABOVE:   0    0.10 INCH OR MORE:   0
MIN 32 OR BELOW:   1    0.50 INCH OR MORE:   0
MIN  0 OR BELOW:   0    1.00 INCH OR MORE:   0

[HDD (BASE 65) ]
TOTAL THIS MO.   106    CLEAR  (SCALE 0-3)  14
DPTR FM NORMAL   -49    PTCLDY (SCALE 4-7)   4
TOTAL FM JUL 1  2734    CLOUDY (SCALE 8-10)  0
DPTR FM NORMAL  -252

[CDD (BASE 65) ]
TOTAL THIS MO.    20
DPTR FM NORMAL     9    [PRESSURE DATA]
TOTAL FM JAN 1    20    HIGHEST SLP M ON M
DPTR FM NORMAL     6    LOWEST  SLP 29.54 ON 12

[REMARKS]
