000
CXUS54 KFWD 270730
CF6ILE
PRELIMINARY LOCAL CLIMATOLOGICAL DATA (WS FORM: F-6)

                                          STATION:   KILLEEN SKYLARK
                                          MONTH:     SEPTEMBER
                                          YEAR:      2016
                                          LATITUDE:   31  4 N
                                          LONGITUDE:  97 41 W

  TEMPERATURE IN F:       :PCPN:    SNOW:  WIND      :SUNSHINE: SKY     :PK WND
================================================================================
1   2   3   4   5  6A  6B    7    8   9   10  11  12  13   14  15   16   17  18
                                     12Z  AVG MX 2MIN
DY MAX MIN AVG DEP HDD CDD  WTR  SNW DPTH SPD SPD DIR MIN PSBL S-S WX    SPD DR
================================================================================

 1  92  74  83   1   0  18 0.00  0.0    0  6.6 16 360   M    M   1        20 360
 2  84  71  78  -4   0  13 0.00  0.0    0  5.2  9  70   M    M   5         M  M
 3  89  71  80  -1   0  15 0.00  0.0    0  6.1  9  90   M    M   2         M  M
 4  92  71  82   1   0  17    T  0.0    0  5.8 13 130   M    M   3         M  M
 5  92  72  82   1   0  17 0.00  0.0    0  9.5 20 150   M    M   3 3      25 150
 6  93  75  84   4   0  19 0.00  0.0    0 10.2 16 150   M    M   5        31 140
 7  94  75  85   5   0  20 0.00  0.0    0  9.8 14 150   M    M   3        21 160
 8  94  73  84   4   0  19 0.00  0.0    0  9.1 14 160   M    M   0         M  M
 9  93  74  84   4   0  19 0.00  0.0    0  9.6 14 150   M    M   1        21 180
10  88  68  78  -1   0  13 0.01  0.0    0  9.4 24 360   M    M   1        30 360
11  88  65  77  -2   0  12 0.00  0.0    0  3.9  7  20   M    M   0         M  M
12  91  67  79   1   0  14 0.00  0.0    0  5.8 12 130   M    M   1        17 130
13  91  71  81   3   0  16 0.00  0.0    0  6.1 14  80   M    M   4         M  M
14  90  74  82   4   0  17 0.00  0.0    0  4.7 14  20   M    M   2         M  M
15  92  70  81   3   0  16 0.00  0.0    0  4.2  9  80   M    M   1         M  M
16  93  72  83   6   0  18 0.00  0.0    0  4.5  8 310   M    M   0         M  M
17  96  74  85   8   0  20 0.00  0.0    0  4.3  7 160   M    M   1         M  M
18  98  75  87  11   0  22 0.00  0.0    0  6.1  8 160   M    M   0         M  M
19  98  75  87  11   0  22 0.00  0.0    0  6.0 14 170   M    M   0         M  M
20  98  74  86  10   0  21    T  0.0    0  3.7  9 110   M    M   2         M  M
21  94  73  84   8   0  19 0.00  0.0    0  5.0  8  60   M    M   2         M  M
22  93  67  80   5   0  15 0.00  0.0    0  5.1 13 150   M    M   2        18 110
23  93  74  84   9   0  19 0.00  0.0    0 10.2 17 140   M    M   4        23 140
24  92  76  84  10   0  19    T  0.0    0 10.3 16 170   M    M   5 3      41 140
25  81  69  75   1   0  10 2.46  0.0    0  7.8 14  70   M    M   8 13     18  60
26  73  65  69  -5   0   4 0.04  0.0    0 10.7 17  10   M    M  10 1      22  10
================================================================================
SM 2372 1865         0 434  2.51     0.0 179.7          M       66
================================================================================
AV 91.2 71.7                               6.9 FASTST   M    M   3    MAX(MPH)
                                 MISC ---->    24   M                 41    M
================================================================================
NOTES:
# LAST OF SEVERAL OCCURRENCES

COLUMN 17 PEAK WIND IN M.P.H.

PRELIMINARY LOCAL CLIMATOLOGICAL DATA (WS FORM: F-6) , PAGE 2

                                          STATION:  KILLEEN SKYLARK
                                          MONTH:    SEPTEMBER
                                          YEAR:     2016
                                          LATITUDE:   31  4 N
                                          LONGITUDE:  97 41 W

[TEMPERATURE DATA]      [PRECIPITATION DATA]       SYMBOLS USED IN COLUMN 16

AVERAGE MONTHLY: 81.5   TOTAL FOR MONTH:   2.51    1 = FOG OR MIST
DPTR FM NORMAL:   3.5   DPTR FM NORMAL:    0.24    2 = FOG REDUCING VISIBILITY
HIGHEST:    98 ON 20,19 GRTST 24HR  2.46 ON 25-25      TO 1/4 MILE OR LESS
LOWEST:     65 ON 26,11                            3 = THUNDER
                        SNOW, ICE PELLETS, HAIL    4 = ICE PELLETS
                        TOTAL MONTH:   0.0 INCH    5 = HAIL
                        GRTST 24HR     0.0         6 = FREEZING RAIN OR DRIZZLE
                        GRTST DEPTH:   0           7 = DUSTSTORM OR SANDSTORM:
                                                       VSBY 1/2 MILE OR LESS
                                                   8 = SMOKE OR HAZE
[NO. OF DAYS WITH]      [WEATHER - DAYS WITH]      9 = BLOWING SNOW
                                                   X = TORNADO
MAX 32 OR BELOW:   0    0.01 INCH OR MORE:   3
MAX 90 OR ABOVE:  20    0.10 INCH OR MORE:   1
MIN 32 OR BELOW:   0    0.50 INCH OR MORE:   1
MIN  0 OR BELOW:   0    1.00 INCH OR MORE:   1

[HDD (BASE 65) ]
TOTAL THIS MO.     0    CLEAR  (SCALE 0-3)  19
DPTR FM NORMAL     0    PTCLDY (SCALE 4-7)   6
TOTAL FM JUL 1     0    CLOUDY (SCALE 8-10)  1
DPTR FM NORMAL     0

[CDD (BASE 65) ]
TOTAL THIS MO.   434
DPTR FM NORMAL    93    [PRESSURE DATA]
TOTAL FM JAN 1  2553    HIGHEST SLP M ON M
DPTR FM NORMAL   228    LOWEST  SLP M ON M

[REMARKS]
