000
CXUS51 KPHI 220800
CF6ILG
PRELIMINARY LOCAL CLIMATOLOGICAL DATA (WS FORM: F-6)

                                          STATION:   WILMINGTON DE
                                          MONTH:     MARCH
                                          YEAR:      2017
                                          LATITUDE:   39 40 N
                                          LONGITUDE:  75 36 W

  TEMPERATURE IN F:       :PCPN:    SNOW:  WIND      :SUNSHINE: SKY     :PK WND
================================================================================
1   2   3   4   5  6A  6B    7    8   9   10  11  12  13   14  15   16   17  18
                                     12Z  AVG MX 2MIN
DY MAX MIN AVG DEP HDD CDD  WTR  SNW DPTH SPD SPD DIR MIN PSBL S-S WX    SPD DR
================================================================================

 1  75  50  63  25   2   0 0.19  0.0    0 13.8 28 210   M    M   6 12     42 230
 2  62  35  49  10  16   0    T  0.0    0 20.9 36 300   M    M   2        47 290
 3  41  27  34  -5  31   0    T    T    0 14.1 32 290   M    M   4        41 300
 4  38  20  29 -10  36   0 0.00  0.0    0 13.8 26 290   M    M   2        35 300
 5  39  14  27 -13  38   0 0.00  0.0    0  7.5 17 340   M    M   0        22 330
 6  48  22  35  -5  30   0 0.00  0.0    0  7.1 15 160   M    M   4        20 170
 7  67  42  55  15  10   0 0.02  0.0    0  7.6 25 200   M    M   8        32 200
 8  64  47  56  16   9   0    T  0.0    0 16.4 40 300   M    M   4        48 310
 9  69  47  58  17   7   0 0.00  0.0    0 13.2 30 290   M    M   1        39 270
10  49  27  38  -3  27   0 0.26  1.5    0 15.0 31 300   M    M   7 1      39 290
11  34  19  27 -14  38   0 0.00  0.0    0 16.8 28 310   M    M   2        39 300
12  38  21  30 -12  35   0 0.00  0.0    0  9.9 24 330   M    M   2        30 280
13  38  20  29 -13  36   0 0.19  1.6    0  7.9 17 160   M    M   3 1      23 190
14  35  23  29 -13  36   0 1.95  0.2    1 23.4 33  20   M    M  10 16     47 360
15  31  19  25 -18  40   0 0.01  0.1    1 19.8 29 280   M    M   7 1      38 290
16  38  21  30 -13  35   0 0.00  0.0    1 15.1 28 290   M    M   1        37 280
17  46  25  36  -7  29   0 0.00  0.0    0  8.5 18 320   M    M   1        24 290
18  46  37  42  -2  23   0    T  0.0    0 10.3 23  50   M    M  10 1      27  50
19  51  36  44   0  21   0    T  0.0    0 13.6 22  30   M    M   3 1      29  40
20  52  31  42  -2  23   0 0.00  0.0    0  9.1 15 320   M    M   2        22 290
21  59  41  50   5  15   0 0.04  0.0    0  6.2 16 290   M    M   6 18     21 300
================================================================================
SM 1020  624       537   0  2.66     3.4 270.0          M       85
================================================================================
AV 48.6 29.7                              12.9 FASTST   M    M   4    MAX(MPH)
                                 MISC ---->  # 40 300               # 48  310
================================================================================
NOTES:
# LAST OF SEVERAL OCCURRENCES

COLUMN 17 PEAK WIND IN M.P.H.

PRELIMINARY LOCAL CLIMATOLOGICAL DATA (WS FORM: F-6) , PAGE 2

                                          STATION:  WILMINGTON DE
                                          MONTH:    MARCH
                                          YEAR:     2017
                                          LATITUDE:   39 40 N
                                          LONGITUDE:  75 36 W

[TEMPERATURE DATA]      [PRECIPITATION DATA]       SYMBOLS USED IN COLUMN 16

AVERAGE MONTHLY: 39.1   TOTAL FOR MONTH:   2.66    1 = FOG OR MIST
DPTR FM NORMAL:  -2.3   DPTR FM NORMAL:    0.10    2 = FOG REDUCING VISIBILITY
HIGHEST:    75 ON  1    GRTST 24HR  1.95 ON 14-14      TO 1/4 MILE OR LESS
LOWEST:     14 ON  5                               3 = THUNDER
                        SNOW, ICE PELLETS, HAIL    4 = ICE PELLETS
                        TOTAL MONTH:   3.4 INCHES  5 = HAIL
                        GRTST 24HR   1.6 ON 13-13  6 = FREEZING RAIN OR DRIZZLE
                        GRTST DEPTH:   1 ON 16,15  7 = DUSTSTORM OR SANDSTORM:
                                                       VSBY 1/2 MILE OR LESS
                                                   8 = SMOKE OR HAZE
[NO. OF DAYS WITH]      [WEATHER - DAYS WITH]      9 = BLOWING SNOW
                                                   X = TORNADO
MAX 32 OR BELOW:   1    0.01 INCH OR MORE:   7
MAX 90 OR ABOVE:   0    0.10 INCH OR MORE:   4
MIN 32 OR BELOW:  13    0.50 INCH OR MORE:   1
MIN  0 OR BELOW:   0    1.00 INCH OR MORE:   1

[HDD (BASE 65) ]
TOTAL THIS MO.   537    CLEAR  (SCALE 0-3)  11
DPTR FM NORMAL    41    PTCLDY (SCALE 4-7)   8
TOTAL FM JUL 1  3539    CLOUDY (SCALE 8-10)  2
DPTR FM NORMAL  -580

[CDD (BASE 65) ]
TOTAL THIS MO.     0
DPTR FM NORMAL     0    [PRESSURE DATA]
TOTAL FM JAN 1     0    HIGHEST SLP M ON M
DPTR FM NORMAL     0    LOWEST  SLP 29.09 ON 14

[REMARKS]
