000
CXUS52 KILM 221000
CF6ILM
PRELIMINARY LOCAL CLIMATOLOGICAL DATA (WS FORM: F-6)

                                          STATION:   WILMINGTON NORTH CAROLINA
                                          MONTH:     NOVEMBER
                                          YEAR:      2017
                                          LATITUDE:   34 16 N
                                          LONGITUDE:  77 55 W

  TEMPERATURE IN F:       :PCPN:    SNOW:  WIND      :SUNSHINE: SKY     :PK WND
================================================================================
1   2   3   4   5  6A  6B    7    8   9   10  11  12  13   14  15   16   17  18
                                     12Z  AVG MX 2MIN
DY MAX MIN AVG DEP HDD CDD  WTR  SNW DPTH SPD SPD DIR MIN PSBL S-S WX    SPD DR
================================================================================

 1  75  47  61   0   4   0 0.00  0.0    0  2.2  9 100   M    M   1        13 100
 2  81  57  69   9   0   4 0.00  0.0    0  1.9  8 130   M    M   1 18     11 130
 3  82  54  68   8   0   3 0.00  0.0    0  2.1 10 360   M    M   0 1      14 310
 4  80  56  68   8   0   3 0.00  0.0    0  6.1 15 100   M    M   1 1      19 110
 5  78  62  70  10   0   5 0.00  0.0    0  4.5 10 360   M    M   7 1      13  20
 6  82  61  72  13   0   7 0.00  0.0    0  2.7 12 250   M    M   3 128    16 250
 7  80  59  70  11   0   5 0.00  0.0    0  4.4 14 180   M    M   4 12     17 190
 8  71  50  61   2   4   0    T  0.0    0  9.3 17  20   M    M  10 1      21  10
 9  56  50  53  -5  12   0 0.73  0.0    0  6.7 13 320   M    M  10 1      15 350
10  65  44  55  -3  10   0 0.00  0.0    0 10.4 18  30   M    M   4 1      25  50
11  55  35  45 -13  20   0 0.00  0.0    0 10.5 20  20   M    M   3        26  20
12  66  39  53  -5  12   0 0.00  0.0    0  7.1 14 100   M    M   5        19 110
13  64  48  56  -2   9   0 0.05    M    0  7.6 15 360   M    M   6 18     20 360
14  61  44  53  -4  12   0 0.00  0.0    0 10.9 20  30   M    M   8 1      25  20
15  61  39  50  -7  15   0 0.00  0.0    0  6.9 17  20   M    M   3        21  20
16  69  40  55  -2  10   0 0.00  0.0    0  5.4 16 320   M    M   0 8      20 300
17  61  38  50  -6  15   0 0.00  0.0    0  5.9 18  40   M    M   0        23  30
18  72  36  54  -2  11   0 0.00  0.0    0  7.1 21 210   M    M   1        29 210
19  69  43  56   0   9   0 0.07    M    0 13.9 26 220   M    M   2 1      38 220
20  61  32  47  -9  18   0 0.00  0.0    0  2.4 14 360   M    M   0        18 360
21  69  35  52  -3  13   0 0.13    M    0  3.7 13  70   M    M   3 1      14 100
================================================================================
SM 1458  969       174  27  0.98     0.0 131.7          M       72
================================================================================
AV 69.4 46.1                               6.3 FASTST   M    M   3    MAX(MPH)
                                 MISC ---->  # 26 220               # 38  220
================================================================================
NOTES:
# LAST OF SEVERAL OCCURRENCES

COLUMN 17 PEAK WIND IN M.P.H.

PRELIMINARY LOCAL CLIMATOLOGICAL DATA (WS FORM: F-6) , PAGE 2

                                          STATION:  WILMINGTON NORTH CAROLINA
                                          MONTH:    NOVEMBER
                                          YEAR:     2017
                                          LATITUDE:   34 16 N
                                          LONGITUDE:  77 55 W

[TEMPERATURE DATA]      [PRECIPITATION DATA]       SYMBOLS USED IN COLUMN 16

AVERAGE MONTHLY: 57.8   TOTAL FOR MONTH:   0.98    1 = FOG OR MIST
DPTR FM NORMAL:  -0.2   DPTR FM NORMAL:   -1.26    2 = FOG REDUCING VISIBILITY
HIGHEST:    82 ON  6, 3 GRTST 24HR  0.73 ON  9- 9      TO 1/4 MILE OR LESS
LOWEST:     32 ON 20                               3 = THUNDER
                        SNOW, ICE PELLETS, HAIL    4 = ICE PELLETS
                        TOTAL MONTH:   0.0 INCH    5 = HAIL
                        GRTST 24HR     0.0         6 = FREEZING RAIN OR DRIZZLE
                        GRTST DEPTH:   0           7 = DUSTSTORM OR SANDSTORM:
                                                       VSBY 1/2 MILE OR LESS
                                                   8 = SMOKE OR HAZE
[NO. OF DAYS WITH]      [WEATHER - DAYS WITH]      9 = BLOWING SNOW
                                                   X = TORNADO
MAX 32 OR BELOW:   0    0.01 INCH OR MORE:   4
MAX 90 OR ABOVE:   0    0.10 INCH OR MORE:   2
MIN 32 OR BELOW:   1    0.50 INCH OR MORE:   1
MIN  0 OR BELOW:   0    1.00 INCH OR MORE:   0

[HDD (BASE 65) ]
TOTAL THIS MO.   174    CLEAR  (SCALE 0-3)  12
DPTR FM NORMAL     7    PTCLDY (SCALE 4-7)   7
TOTAL FM JUL 1   236    CLOUDY (SCALE 8-10)  2
DPTR FM NORMAL   -28

[CDD (BASE 65) ]
TOTAL THIS MO.    27
DPTR FM NORMAL     6    [PRESSURE DATA]
TOTAL FM JAN 1  2355    HIGHEST SLP M ON M
DPTR FM NORMAL   320    LOWEST  SLP 29.65 ON 19

[REMARKS]
