423
CXUS53 KILX 210900
CF6ILX
PRELIMINARY LOCAL CLIMATOLOGICAL DATA (WS FORM: F-6)

                                          STATION:   LINCOLN IL
                                          MONTH:     NOVEMBER
                                          YEAR:      2017
                                          LATITUDE:   40  9 N
                                          LONGITUDE:  89 20 W

  TEMPERATURE IN F:       :PCPN:    SNOW:  WIND      :SUNSHINE: SKY     :PK WND
================================================================================
1   2   3   4   5  6A  6B    7    8   9   10  11  12  13   14  15   16   17  18
                                     12Z  AVG MX 2MIN
DY MAX MIN AVG DEP HDD CDD  WTR  SNW DPTH SPD SPD DIR MIN PSBL S-S WX    SPD DR
================================================================================

 1  50  35  43  -5  22   0 0.01  0.0    0   M   M   M   M    M   M 1       M  M
 2  67  47  57   9   8   0    T  0.0    0   M   M   M   M    M   M 1       M  M
 3  56  39  48   0  17   0 0.00  0.0    0   M   M   M   M    M   M 1       M  M
 4  64  43  54   7  11   0 0.06  0.0    0   M   M   M   M    M   M 1       M  M
 5  58  45  52   5  13   0 0.05  0.0    0   M   M   M   M    M   M 12      M  M
 6  46  36  41  -6  24   0    T  0.0    0   M   M   M   M    M   M         M  M
 7  49  35  42  -4  23   0 0.00  0.0    0   M   M   M   M    M   M         M  M
 8  50  24  37  -9  28   0 0.00  0.0    0   M   M   M   M    M   M         M  M
 9  50  23  37  -8  28   0 0.00  0.0    0   M   M   M   M    M   M         M  M
10  37  18  28 -17  37   0 0.00  0.0    0   M   M   M   M    M   M         M  M
11  41  27  34 -10  31   0 0.00  0.0    0   M   M   M   M    M   M         M  M
12  41  37  39  -5  26   0 0.09  0.0    0   M   M   M   M    M   M 1       M  M
13  46  30  38  -6  27   0 0.00  0.0    0   M   M   M   M    M   M         M  M
14  52  29  41  -2  24   0 0.00  0.0    0   M   M   M   M    M   M 1       M  M
15  57  31  44   2  21   0 0.43  0.0    0   M   M   M   M    M   M 13      M  M
16  38  26  32 -10  33   0 0.00  0.0    0   M   M   M   M    M   M         M  M
17  50  27  39  -3  26   0 0.01  0.0    0   M   M   M   M    M   M         M  M
18  55  33  44   3  21   0 1.72    T    0   M   M   M   M    M   M 3       M  M
19  36  25  31 -10  34   0 0.00  0.0    0   M   M   M   M    M   M         M  M
20  55  29  42   2  23   0 0.00  0.0    0   M   M   M   M    M   M         M  M
================================================================================
SM  998  639       477   0  2.37    T        M          M        M
================================================================================
AV 49.9 32.0                                 M FASTST   M    M   6    MAX(MPH)
                                 MISC ---->     M   M                  M    M
================================================================================
NOTES:
# LAST OF SEVERAL OCCURRENCES

COLUMN 17 PEAK WIND IN M.P.H.

PRELIMINARY LOCAL CLIMATOLOGICAL DATA (WS FORM: F-6) , PAGE 2

                                          STATION:  LINCOLN IL
                                          MONTH:    NOVEMBER
                                          YEAR:     2017
                                          LATITUDE:   40  9 N
                                          LONGITUDE:  89 20 W

[TEMPERATURE DATA]      [PRECIPITATION DATA]       SYMBOLS USED IN COLUMN 16

AVERAGE MONTHLY: 40.9   TOTAL FOR MONTH:   2.37    1 = FOG OR MIST
DPTR FM NORMAL:  -3.6   DPTR FM NORMAL:    0.24    2 = FOG REDUCING VISIBILITY
HIGHEST:    67 ON  2    GRTST 24HR  1.72 ON 18-18      TO 1/4 MILE OR LESS
LOWEST:     18 ON 10                               3 = THUNDER
                        SNOW, ICE PELLETS, HAIL    4 = ICE PELLETS
                        TOTAL MONTH:    T          5 = HAIL
                        GRTST 24HR    T  ON 18-18  6 = FREEZING RAIN OR DRIZZLE
                        GRTST DEPTH:   0           7 = DUSTSTORM OR SANDSTORM:
                                                       VSBY 1/2 MILE OR LESS
                                                   8 = SMOKE OR HAZE
[NO. OF DAYS WITH]      [WEATHER - DAYS WITH]      9 = BLOWING SNOW
                                                   X = TORNADO
MAX 32 OR BELOW:   0    0.01 INCH OR MORE:   7
MAX 90 OR ABOVE:   0    0.10 INCH OR MORE:   2
MIN 32 OR BELOW:  11    0.50 INCH OR MORE:   1
MIN  0 OR BELOW:   0    1.00 INCH OR MORE:   1

[HDD (BASE 65) ]
TOTAL THIS MO.   477    CLEAR  (SCALE 0-3)   0
DPTR FM NORMAL    67    PTCLDY (SCALE 4-7)   0
TOTAL FM JUL 1   821    CLOUDY (SCALE 8-10)  0
DPTR FM NORMAL   -45

[CDD (BASE 65) ]
TOTAL THIS MO.     0
DPTR FM NORMAL     0    [PRESSURE DATA]
TOTAL FM JAN 1   984    HIGHEST SLP M ON M
DPTR FM NORMAL   -33    LOWEST  SLP M ON M

[REMARKS]
