000
CXUS55 KLBF 281200
CF6IML
PRELIMINARY LOCAL CLIMATOLOGICAL DATA (WS FORM: F-6)

                                          STATION:   IMPERIAL NE
                                          MONTH:     FEBRUARY
                                          YEAR:      2015
                                          LATITUDE:   40 31 N
                                          LONGITUDE: 101 37 W

  TEMPERATURE IN F:       :PCPN:    SNOW:  WIND      :SUNSHINE: SKY     :PK WND
================================================================================
1   2   3   4   5  6A  6B    7    8   9   10  11  12  13   14  15   16   17  18
                                     12Z  AVG MX 2MIN
DY MAX MIN AVG DEP HDD CDD  WTR  SNW DPTH SPD SPD DIR MIN PSBL S-S WX    SPD DR
================================================================================

 1  20   0  10 -19  55   0    T    M    M 19.8 36 350   M    M   4 189    44 360
 2  50   0  25  -4  40   0 0.00    M    M  8.0 21 340   M    M   0 18     24 330
 3  63  32  48  19  17   0 0.00    M    M 11.1 24 310   M    M   1        32 320
 4  35  14  25  -5  40   0 0.03    M    M 13.4 36  20   M    M   7 18     42  10
 5  60  16  38   8  27   0 0.00    M    M  7.3 17 180   M    M   1        21 180
 6  75  33  54  24  11   0 0.00    M    M  7.6 14 270   M    M   0        16 270
 7  76  33  55  25  10   0 0.00    M    M 11.7 25 330   M    M   0        33 340
 8  66  33  50  20  15   0 0.00    M    M 10.9 29 350   M    M   1        35 340
 9  70  25  48  18  17   0 0.00    M    M  8.9 21 200   M    M   0        26 190
10  64  30  47  17  18   0 0.00    M    M 11.6 24 340   M    M   1        31 340
11  51  25  38   8  27   0 0.00    M    M 12.3 23 360   M    M   3        28 350
12  45  22  34   3  31   0 0.00    M    M 10.4 21 160   M    M   8        26 180
13  62  29  46  15  19   0 0.00    M    M  8.6 16 340   M    M   1        20 340
14  47  17  32   1  33   0 0.00    M    M 12.5 23 100   M    M   4        27 120
15  32  17  25  -6  40   0 0.00    M    M  5.6 15 150   M    M   0 8      18 140
16  44  22  33   1  32   0 0.02    M    M 11.3 28 350   M    M   0 128    33 360
17  34  19  27  -5  38   0    T    M    M 17.2 40 340   M    M   0 18     49 330
18  34  16  25  -7  40   0 0.00    M    M  5.8  M   M   M    M   8         M  M
19  51  16  34   2  31   0 0.00    M    M  7.9 15 130   M    M   0        17 130
20  52  19  36   3  29   0 0.01    M    M  7.3 21  30   M    M   0        25  20
21  39  17  28  -5  37   0 0.04    M    M 12.9 29  30   M    M   0 18     34  30
22  17   9  13 -20  52   0 0.15    M    0  5.4 18  20   M    M   8 18     22  30
23  22   0  11 -23  54   0 0.00    M    M  8.3 16 220   M    M   1 18     20 240
24  51  15  33  -1  32   0 0.00    M    M 11.0 18 300   M    M   0        24 290
25  47  16  32  -2  33   0 0.02    M    M 17.9 31 360   M    M   0        36  20
26  22   7  15 -19  50   0 0.00    M    M 11.8 22  10   M    M   5        27  10
27  22   3  13 -22  52   0    T    M    M 14.7 23 160   M    M   8 8      28 150
================================================================================
SM 1251  485       880   0  0.27    M    291.2          M       61
================================================================================
AV 46.3 18.0                              10.8 FASTST   M    M   2    MAX(MPH)
                                 MISC ---->  # 40 340               # 49  330
================================================================================
NOTES:
# LAST OF SEVERAL OCCURRENCES

COLUMN 17 PEAK WIND IN M.P.H.

PRELIMINARY LOCAL CLIMATOLOGICAL DATA (WS FORM: F-6) , PAGE 2

                                          STATION:  IMPERIAL NE
                                          MONTH:    FEBRUARY
                                          YEAR:     2015
                                          LATITUDE:   40 31 N
                                          LONGITUDE: 101 37 W

[TEMPERATURE DATA]      [PRECIPITATION DATA]       SYMBOLS USED IN COLUMN 16

AVERAGE MONTHLY: 32.1   TOTAL FOR MONTH:   0.27    1 = FOG OR MIST
DPTR FM NORMAL:   0.7   DPTR FM NORMAL:   -0.09    2 = FOG REDUCING VISIBILITY
HIGHEST:    76 ON  7    GRTST 24HR  0.15 ON 22-22      TO 1/4 MILE OR LESS
LOWEST:      0 ON 23, 2                            3 = THUNDER
                        SNOW, ICE PELLETS, HAIL    4 = ICE PELLETS
                        TOTAL MONTH:    M          5 = HAIL
                        GRTST 24HR    M  ON   M    6 = FREEZING RAIN OR DRIZZLE
                        GRTST DEPTH:   0           7 = DUSTSTORM OR SANDSTORM:
                                                       VSBY 1/2 MILE OR LESS
                                                   8 = SMOKE OR HAZE
[NO. OF DAYS WITH]      [WEATHER - DAYS WITH]      9 = BLOWING SNOW
                                                   X = TORNADO
MAX 32 OR BELOW:   6    0.01 INCH OR MORE:   6
MAX 90 OR ABOVE:   0    0.10 INCH OR MORE:   1
MIN 32 OR BELOW:  24    0.50 INCH OR MORE:   0
MIN  0 OR BELOW:   3    1.00 INCH OR MORE:   0

[HDD (BASE 65) ]
TOTAL THIS MO.   880    CLEAR  (SCALE 0-3)  19
DPTR FM NORMAL   -27    PTCLDY (SCALE 4-7)   7
TOTAL FM JUL 1  4404    CLOUDY (SCALE 8-10)  1
DPTR FM NORMAL  -156

[CDD (BASE 65) ]
TOTAL THIS MO.     0
DPTR FM NORMAL     0    [PRESSURE DATA]
TOTAL FM JAN 1     0    HIGHEST SLP M ON M
DPTR FM NORMAL     0    LOWEST  SLP 29.65 ON  7

[REMARKS]
