000
CXUS55 KLBF 191200
CF6IML
PRELIMINARY LOCAL CLIMATOLOGICAL DATA (WS FORM: F-6)

                                          STATION:   IMPERIAL
                                          MONTH:     SEPTEMBER
                                          YEAR:      2017
                                          LATITUDE:   40 31 N
                                          LONGITUDE: 101 37 W

  TEMPERATURE IN F:       :PCPN:    SNOW:  WIND      :SUNSHINE: SKY     :PK WND
================================================================================
1   2   3   4   5  6A  6B    7    8   9   10  11  12  13   14  15   16   17  18
                                     12Z  AVG MX 2MIN
DY MAX MIN AVG DEP HDD CDD  WTR  SNW DPTH SPD SPD DIR MIN PSBL S-S WX    SPD DR
================================================================================

 1  85  61  73   3   0   8 0.07    M    M  7.9 21 150   M    M   3        28 150
 2  91  56  74   4   0   9 0.00    M    M  7.2 14  60   M    M   0        16  30
 3 103  60  82  13   0  17 0.00    M    M  8.4 18 240   M    M   2        23 250
 4  83  51  67  -2   0   2 0.00    M    M  9.8 18  60   M    M   3 8      22  30
 5  77  46  62  -7   3   0 0.00    M    M  7.8 21 350   M    M   4        25 350
 6  78  36  57 -11   8   0 0.00    M    M  4.2  9 180   M    M   0        12 330
 7  86  45  66  -2   0   1 0.00    M    M  5.7 15 140   M    M   0        23 140
 8  90  48  69   1   0   4 0.00    M    M  5.6 15 130   M    M   0        21 140
 9  92  59  76   9   0  11    T    M    M 12.3 24 150   M    M   0        31 140
10  94  62  78  11   0  13 0.00    M    M 10.9 20 150   M    M   0        27 130
11  96  53  75   8   0  10 0.00    M    M  6.0 13 200   M    M   0        18 190
12  95  54  75   9   0  10 0.00    M    M  7.1 18  50   M    M   0        27  50
13  98  55  77  11   0  12 0.00    M    M  7.8 24 220   M    M   0        33 200
14  97  59  78  13   0  13 0.36    M    M  8.0 29 280   M    M   1 3      38 240
15  87  57  72   7   0   7    T    M    M  8.3 22  10   M    M   0        28  10
16  70  50  60  -4   5   0 0.01    M    M 11.7 30  10   M    M   5        39  20
17  74  46  60  -4   5   0 0.00    M    M 11.2 22 170   M    M   5        30 140
18  87  57  72   8   0   7 0.00    M    M  7.2 16 140   M    M   4        22  60
================================================================================
SM 1583  955        21 124  0.44    M    147.1          M       27
================================================================================
AV 87.9 53.1                               8.2 FASTST   M    M   2    MAX(MPH)
                                 MISC ---->  # 30  10               # 39   20
================================================================================
NOTES:
# LAST OF SEVERAL OCCURRENCES

COLUMN 17 PEAK WIND IN M.P.H.

PRELIMINARY LOCAL CLIMATOLOGICAL DATA (WS FORM: F-6) , PAGE 2

                                          STATION:  IMPERIAL
                                          MONTH:    SEPTEMBER
                                          YEAR:     2017
                                          LATITUDE:   40 31 N
                                          LONGITUDE: 101 37 W

[TEMPERATURE DATA]      [PRECIPITATION DATA]       SYMBOLS USED IN COLUMN 16

AVERAGE MONTHLY: 70.5   TOTAL FOR MONTH:   0.44    1 = FOG OR MIST
DPTR FM NORMAL:   3.5   DPTR FM NORMAL:   -0.47    2 = FOG REDUCING VISIBILITY
HIGHEST:   103 ON  3    GRTST 24HR  0.36 ON 14-14      TO 1/4 MILE OR LESS
LOWEST:     36 ON  6                               3 = THUNDER
                        SNOW, ICE PELLETS, HAIL    4 = ICE PELLETS
                        TOTAL MONTH:    M          5 = HAIL
                        GRTST 24HR    M  ON   M    6 = FREEZING RAIN OR DRIZZLE
                        GRTST DEPTH:  M  ON   M    7 = DUSTSTORM OR SANDSTORM:
                                                       VSBY 1/2 MILE OR LESS
                                                   8 = SMOKE OR HAZE
[NO. OF DAYS WITH]      [WEATHER - DAYS WITH]      9 = BLOWING SNOW
                                                   X = TORNADO
MAX 32 OR BELOW:   0    0.01 INCH OR MORE:   3
MAX 90 OR ABOVE:   9    0.10 INCH OR MORE:   1
MIN 32 OR BELOW:   0    0.50 INCH OR MORE:   0
MIN  0 OR BELOW:   0    1.00 INCH OR MORE:   0

[HDD (BASE 65) ]
TOTAL THIS MO.    21    CLEAR  (SCALE 0-3)  14
DPTR FM NORMAL   -16    PTCLDY (SCALE 4-7)   4
TOTAL FM JUL 1    21    CLOUDY (SCALE 8-10)  0
DPTR FM NORMAL   -25

[CDD (BASE 65) ]
TOTAL THIS MO.   124
DPTR FM NORMAL    51    [PRESSURE DATA]
TOTAL FM JAN 1  1013    HIGHEST SLP M ON M
DPTR FM NORMAL    74    LOWEST  SLP 29.57 ON M

[REMARKS]
