000
CXUS54 KFWD 010730
CF6INJ
PRELIMINARY LOCAL CLIMATOLOGICAL DATA (WS FORM: F-6)

                                          STATION:   HILLSBORO
                                          MONTH:     JULY
                                          YEAR:      2015
                                          LATITUDE:   32  0 N
                                          LONGITUDE:  97  6 W

  TEMPERATURE IN F:       :PCPN:    SNOW:  WIND      :SUNSHINE: SKY     :PK WND
================================================================================
1   2   3   4   5  6A  6B    7    8   9   10  11  12  13   14  15   16   17  18
                                     12Z  AVG MX 2MIN
DY MAX MIN AVG DEP HDD CDD  WTR  SNW DPTH SPD SPD DIR MIN PSBL S-S WX    SPD DR
================================================================================

 1  90  71  81  -1   0  16 0.00  0.0    0 10.8 20 170   M    M   0        25 170
 2  89  70  80  -2   0  15 0.00  0.0    0 12.2 17 180   M    M   0        25 180
 3  90  75  83   1   0  18 0.00  0.0    0 10.1 14 190   M    M   2        20 220
 4  91  74  83   1   0  18 0.00  0.0    0  9.8 15 200   M    M   1        23 180
 5  92  74  83   1   0  18 0.00  0.0    0 12.2 20 170   M    M   1 1      25 180
 6  91  77  84   2   0  19 0.00  0.0    0 16.2 24 180   M    M   2        30 180
 7  89  76  83   1   0  18 0.00  0.0    0 14.5 22 180   M    M   2        28 170
 8  88  77  83   0   0  18 0.00  0.0    0 14.5 21 170   M    M   3 8      27 170
 9  92  73  83   0   0  18 0.00  0.0    0 12.3 17 160   M    M   1 18     28 160
10  92  72  82  -1   0  17 0.00  0.0    0  9.6 16 140   M    M   0 1      24 170
11  93  72  83   0   0  18 0.00  0.0    0  9.2 15 170   M    M   0        18 190
12  95  72  84   1   0  19 0.00  0.0    0  9.4 14 210   M    M   0        17 210
13  98  75  87   4   0  22 0.00  0.0    0  9.1 13 200   M    M   0        16 180
14  97  74  86   3   0  21 0.00  0.0    0  9.3 15 150   M    M   0         M  M
15  95  73  84   1   0  19 0.00  0.0    0  9.3 14 150   M    M   0        23 150
16  96  73  85   2   0  20 0.00  0.0    0 11.2 16 190   M    M   0        21 190
17  96  74  85   1   0  20 0.00  0.0    0 11.1 16 160   M    M   0        23 160
18  98  75  87   3   0  22 0.00  0.0    0 12.4 17 190   M    M   0        23 180
19  98  74  86   2   0  21 0.00  0.0    0 10.2 14 170   M    M   0        21 190
20  99  74  87   3   0  22 0.00  0.0    0  9.0 13 140   M    M   0        18 190
21  98  74  86   2   0  21 0.00  0.0    0  9.4 15 160   M    M   0        20 160
22  97  75  86   2   0  21 0.00  0.0    0 11.4 17 180   M    M   0        22 180
23  98  76  87   3   0  22 0.00  0.0    0 12.3 17 180   M    M   0        22 200
24  97  74  86   2   0  21 0.00  0.0    0 10.1 15 200   M    M   0        23 190
25 100  76  88   4   0  23 0.00  0.0    0  7.5 13 140   M    M   0        16 140
26  99  74  87   3   0  22 0.00  0.0    0  5.6 13 120   M    M   0        18 100
27  98  76  87   3   0  22 0.00  0.0    0  8.4 15 150   M    M   0        21 160
28  98  76  87   3   0  22 0.00  0.0    0 11.2 18 180   M    M   0        23 200
29 100  75  88   4   0  23 0.00  0.0    0  7.6 12 150   M    M   0         9 110
30 101  76  89   5   0  24 0.00  0.0    0  3.9  9  70   M    M   0         M  M
31  98  77  88   4   0  23 0.00  0.0    0  8.2 13 100   M    M   0        21  50
================================================================================
SM 2953 2304         0 623  0.00     0.0 318.0          M       12
================================================================================
AV 95.3 74.3                              10.3 FASTST   M    M   0    MAX(MPH)
                                 MISC ---->    24   M                 30    M
================================================================================
NOTES:
# LAST OF SEVERAL OCCURRENCES

COLUMN 17 PEAK WIND IN M.P.H.

PRELIMINARY LOCAL CLIMATOLOGICAL DATA (WS FORM: F-6) , PAGE 2

                                          STATION:  HILLSBORO
                                          MONTH:    JULY
                                          YEAR:     2015
                                          LATITUDE:   32  0 N
                                          LONGITUDE:  97  6 W

[TEMPERATURE DATA]      [PRECIPITATION DATA]       SYMBOLS USED IN COLUMN 16

AVERAGE MONTHLY: 84.8   TOTAL FOR MONTH:   0.00    1 = FOG OR MIST
DPTR FM NORMAL:   1.5   DPTR FM NORMAL:   -1.59    2 = FOG REDUCING VISIBILITY
HIGHEST:   101 ON 30    GRTST 24HR  0.00 ON 31-31      TO 1/4 MILE OR LESS
LOWEST:     70 ON  2                               3 = THUNDER
                        SNOW, ICE PELLETS, HAIL    4 = ICE PELLETS
                        TOTAL MONTH:   0.0 INCH    5 = HAIL
                        GRTST 24HR     0.0         6 = FREEZING RAIN OR DRIZZLE
                        GRTST DEPTH:   0           7 = DUSTSTORM OR SANDSTORM:
                                                       VSBY 1/2 MILE OR LESS
                                                   8 = SMOKE OR HAZE
[NO. OF DAYS WITH]      [WEATHER - DAYS WITH]      9 = BLOWING SNOW
                                                   X = TORNADO
MAX 32 OR BELOW:   0    0.01 INCH OR MORE:   0
MAX 90 OR ABOVE:  28    0.10 INCH OR MORE:   0
MIN 32 OR BELOW:   0    0.50 INCH OR MORE:   0
MIN  0 OR BELOW:   0    1.00 INCH OR MORE:   0

[HDD (BASE 65) ]
TOTAL THIS MO.     0    CLEAR  (SCALE 0-3)  31
DPTR FM NORMAL     0    PTCLDY (SCALE 4-7)   0
TOTAL FM JUL 1     0    CLOUDY (SCALE 8-10)  0
DPTR FM NORMAL     0

[CDD (BASE 65) ]
TOTAL THIS MO.   623
DPTR FM NORMAL    56    [PRESSURE DATA]
TOTAL FM JAN 1  1455    HIGHEST SLP M ON M
DPTR FM NORMAL    52    LOWEST  SLP M ON M

[REMARKS]
#FINAL-07-15#
