000
CXUS54 KMAF 261100
CF6INK
PRELIMINARY LOCAL CLIMATOLOGICAL DATA (WS FORM: F-6)

                                          STATION:   Wink
                                          MONTH:     SEPTEMBER
                                          YEAR:      2016
                                          LATITUDE:   31 46 N
                                          LONGITUDE: 103 12 W

  TEMPERATURE IN F:       :PCPN:    SNOW:  WIND      :SUNSHINE: SKY     :PK WND
================================================================================
1   2   3   4   5  6A  6B    7    8   9   10  11  12  13   14  15   16   17  18
                                     12Z  AVG MX 2MIN
DY MAX MIN AVG DEP HDD CDD  WTR  SNW DPTH SPD SPD DIR MIN PSBL S-S WX    SPD DR
================================================================================

 1  84  70  77  -3   0  12 0.07  0.0    0  5.6 17  60   M    M   6        20  60
 2  87  66  77  -3   0  12 0.00  0.0    0  5.9 13 140   M    M   2        17 120
 3  91  68  80   0   0  15 0.00  0.0    0 11.3 17 130   M    M   1 18     22 130
 4  92  70  81   1   0  16 0.00  0.0    0 15.3 22 140   M    M   0 18     30 120
 5  90  69  80   1   0  15 0.00  0.0    0 16.1 25 150   M    M   1        32 140
 6  92  72  82   3   0  17 0.05  0.0    0 14.2 28 160   M    M   1        35 150
 7  93  70  82   3   0  17 0.51  0.0    0  8.9 35 220   M    M   3 1      46 220
 8  91  69  80   2   0  15    T  0.0    0  6.7 21 250   M    M   1 1      25 260
 9  96  67  82   4   0  17    T  0.0    0  7.5 18 150   M    M   0 1      24 140
10  77  64  71  -7   0   6 0.06  0.0    0 12.0 31  20   M    M   6 1      41  30
11  86  60  73  -5   0   8    T  0.0    0  8.1 16 160   M    M   2        22 170
12  94  67  81   4   0  16    T  0.0    0  9.2 21 150   M    M   0        24 150
13  93  64  79   2   0  14    T  0.0    0  5.9 15 140   M    M   0        19 130
14  89  67  78   1   0  13    T  0.0    0  9.9 20 110   M    M   3 1      24 110
15  89  68  79   3   0  14    T  0.0    0  9.3 20 150   M    M   2        26 140
16  93  67  80   4   0  15    T  0.0    0 10.0 25 180   M    M   3        32 180
17  94  66  80   4   0  15 0.16  0.0    0  8.4 26  40   M    M   2 1      35  40
18  96  65  81   6   0  16 0.00  0.0    0  3.5 12 250   M    M   0        25 120
19  98  65  82   7   0  17 0.00  0.0    0  6.0 13 200   M    M   0 1      16 230
20  97  71  84  10   0  19 0.00  0.0    0 11.9 18 140   M    M   0        25 140
21  94  68  81   7   0  16 0.00  0.0    0 11.6 20 120   M    M   0        25 120
22  94  68  81   7   0  16 0.00  0.0    0 13.7 21 150   M    M   0        28 160
23  96  67  82   8   0  17 0.00  0.0    0 14.9 22 140   M    M   1 8      28 130
24  87  67  77   4   0  12 0.00  0.0    0  8.5 22 180   M    M   2        27 190
25  76  60  68  -5   0   3 0.00  0.0    0 12.0 29  30   M    M   6 18     38  40
================================================================================
SM 2269 1675         0 353  0.85     0.0 246.4          M       42
================================================================================
AV 90.8 67.0                               9.9 FASTST   M    M   2    MAX(MPH)
                                 MISC ---->  # 35 220               # 46  220
================================================================================
NOTES:
# LAST OF SEVERAL OCCURRENCES

COLUMN 17 PEAK WIND IN M.P.H.

PRELIMINARY LOCAL CLIMATOLOGICAL DATA (WS FORM: F-6) , PAGE 2

                                          STATION:  Wink
                                          MONTH:    SEPTEMBER
                                          YEAR:     2016
                                          LATITUDE:   31 46 N
                                          LONGITUDE: 103 12 W

[TEMPERATURE DATA]      [PRECIPITATION DATA]       SYMBOLS USED IN COLUMN 16

AVERAGE MONTHLY: 78.9   TOTAL FOR MONTH:   0.85    1 = FOG OR MIST
DPTR FM NORMAL:   2.1   DPTR FM NORMAL:   -0.28    2 = FOG REDUCING VISIBILITY
HIGHEST:    98 ON 19    GRTST 24HR  0.51 ON  7- 7      TO 1/4 MILE OR LESS
LOWEST:     60 ON 25,11                            3 = THUNDER
                        SNOW, ICE PELLETS, HAIL    4 = ICE PELLETS
                        TOTAL MONTH:   0.0 INCH    5 = HAIL
                        GRTST 24HR     0.0         6 = FREEZING RAIN OR DRIZZLE
                        GRTST DEPTH:   0           7 = DUSTSTORM OR SANDSTORM:
                                                       VSBY 1/2 MILE OR LESS
                                                   8 = SMOKE OR HAZE
[NO. OF DAYS WITH]      [WEATHER - DAYS WITH]      9 = BLOWING SNOW
                                                   X = TORNADO
MAX 32 OR BELOW:   0    0.01 INCH OR MORE:   5
MAX 90 OR ABOVE:  17    0.10 INCH OR MORE:   2
MIN 32 OR BELOW:   0    0.50 INCH OR MORE:   1
MIN  0 OR BELOW:   0    1.00 INCH OR MORE:   0

[HDD (BASE 65) ]
TOTAL THIS MO.     0    CLEAR  (SCALE 0-3)  21
DPTR FM NORMAL    -3    PTCLDY (SCALE 4-7)   4
TOTAL FM JUL 1     0    CLOUDY (SCALE 8-10)  0
DPTR FM NORMAL    -3

[CDD (BASE 65) ]
TOTAL THIS MO.   353
DPTR FM NORMAL    54    [PRESSURE DATA]
TOTAL FM JAN 1  2460    HIGHEST SLP M ON M
DPTR FM NORMAL    82    LOWEST  SLP 29.72 ON 23

[REMARKS]
