000
CXUS54 KMAF 281100
CF6INK
PRELIMINARY LOCAL CLIMATOLOGICAL DATA (WS FORM: F-6)

                                          STATION:   Wink
                                          MONTH:     JULY
                                          YEAR:      2015
                                          LATITUDE:   31 46 N
                                          LONGITUDE: 103 12 W

  TEMPERATURE IN F:       :PCPN:    SNOW:  WIND      :SUNSHINE: SKY     :PK WND
================================================================================
1   2   3   4   5  6A  6B    7    8   9   10  11  12  13   14  15   16   17  18
                                     12Z  AVG MX 2MIN
DY MAX MIN AVG DEP HDD CDD  WTR  SNW DPTH SPD SPD DIR MIN PSBL S-S WX    SPD DR
================================================================================

 1  95  68  82  -2   0  17 0.00  0.0    0 11.1 21 120   M    M   0        25 130
 2  93  70  82  -2   0  17 0.00  0.0    0 11.3 20 140   M    M   0        25 140
 3  94  73  84   0   0  19 0.00  0.0    0  9.2 18 100   M    M   2        24 130
 4  94  71  83  -1   0  18 0.00  0.0    0 10.3 18 140   M    M   2        24 150
 5 101  73  87   3   0  22 0.00  0.0    0 12.5 23 160   M    M   1        30 140
 6 103  74  89   5   0  24    T  0.0    0 13.4 31 150   M    M   2 3      39 150
 7  90  73  82  -2   0  17 0.00  0.0    0 12.6 21  40   M    M   6 3      26 360
 8  93  71  82  -2   0  17 0.00  0.0    0  9.4 26 160   M    M   5        34 160
 9  97  72  85   1   0  20    T  0.0    0 13.0 33 160   M    M   0        45 160
10  95  75  85   1   0  20    T  0.0    0 12.7 20 140   M    M   2        26 150
11 100  75  88   4   0  23    T  0.0    0 12.3 22 140   M    M   1        29 130
12 102  70  86   2   0  21    T  0.0    0  8.9 17 150   M    M   0        22 160
13 105  71  88   4   0  23 0.00  0.0    0  8.9 20 140   M    M   0        27 140
14 105  72  89   5   0  24 0.00  0.0    0  9.9 20 140   M    M   0        25 130
15 104  74  89   5   0  24    T  0.0    0 11.3 24 130   M    M   0        30 140
16 105  76  91   7   0  26    T  0.0    0 11.4 23 160   M    M   0        31 150
17 106  74  90   6   0  25 0.00  0.0    0 12.7 26 150   M    M   0        32 150
18 105  75  90   6   0  25 0.00  0.0    0 11.7 24 130   M    M   0        31 140
19 106  76  91   7   0  26 0.03  0.0    0 10.2 30 300   M    M   1 3      40 310
20 105  77  91   7   0  26 0.00  0.0    0  9.4 31 260   M    M   1 3      37 250
21  98  71  85   1   0  20    T  0.0    0  7.6 30 200   M    M   3 38     34 180
22 101  74  88   4   0  23 0.00  0.0    0  7.7 24 160   M    M   1        30 160
23 104  77  91   7   0  26 0.00  0.0    0 10.0 18 160   M    M   1        25 150
24 104  76  90   6   0  25 0.00  0.0    0 12.0 22 150   M    M   0        28 160
25 105  76  91   7   0  26 0.00  0.0    0  8.8 25 200   M    M   0        34 180
26 105  75  90   6   0  25 0.00  0.0    0  8.9 22 160   M    M   1        27 160
27 107  79  93   9   0  28 0.00  0.0    0 11.0 23 190   M    M   0        28 180
================================================================================
SM 2722 1988         0 607  0.03     0.0 288.2          M       29
================================================================================
AV100.8 73.6                              10.7 FASTST   M    M   1    MAX(MPH)
                                 MISC ---->  # 33 160               # 45  160
================================================================================
NOTES:
# LAST OF SEVERAL OCCURRENCES

COLUMN 17 PEAK WIND IN M.P.H.

PRELIMINARY LOCAL CLIMATOLOGICAL DATA (WS FORM: F-6) , PAGE 2

                                          STATION:  Wink
                                          MONTH:    JULY
                                          YEAR:     2015
                                          LATITUDE:   31 46 N
                                          LONGITUDE: 103 12 W

[TEMPERATURE DATA]      [PRECIPITATION DATA]       SYMBOLS USED IN COLUMN 16

AVERAGE MONTHLY: 87.2   TOTAL FOR MONTH:   0.03    1 = FOG OR MIST
DPTR FM NORMAL:   3.2   DPTR FM NORMAL:   -1.72    2 = FOG REDUCING VISIBILITY
HIGHEST:   107 ON 27    GRTST 24HR  0.03 ON 19-19      TO 1/4 MILE OR LESS
LOWEST:     68 ON  1                               3 = THUNDER
                        SNOW, ICE PELLETS, HAIL    4 = ICE PELLETS
                        TOTAL MONTH:   0.0 INCH    5 = HAIL
                        GRTST 24HR     0.0         6 = FREEZING RAIN OR DRIZZLE
                        GRTST DEPTH:   0           7 = DUSTSTORM OR SANDSTORM:
                                                       VSBY 1/2 MILE OR LESS
                                                   8 = SMOKE OR HAZE
[NO. OF DAYS WITH]      [WEATHER - DAYS WITH]      9 = BLOWING SNOW
                                                   X = TORNADO
MAX 32 OR BELOW:   0    0.01 INCH OR MORE:   1
MAX 90 OR ABOVE:  27    0.10 INCH OR MORE:   0
MIN 32 OR BELOW:   0    0.50 INCH OR MORE:   0
MIN  0 OR BELOW:   0    1.00 INCH OR MORE:   0

[HDD (BASE 65) ]
TOTAL THIS MO.     0    CLEAR  (SCALE 0-3)  25
DPTR FM NORMAL     0    PTCLDY (SCALE 4-7)   2
TOTAL FM JUL 1     0    CLOUDY (SCALE 8-10)  0
DPTR FM NORMAL     0

[CDD (BASE 65) ]
TOTAL THIS MO.   607
DPTR FM NORMAL    94    [PRESSURE DATA]
TOTAL FM JAN 1  1464    HIGHEST SLP M ON M
DPTR FM NORMAL    -3    LOWEST  SLP 29.67 ON 14

[REMARKS]
