000
CXUS55 KDVN 221100
CF6IOW
PRELIMINARY LOCAL CLIMATOLOGICAL DATA (WS FORM: F-6)

                                          STATION:   IOWA CITY IA
                                          MONTH:     OCTOBER
                                          YEAR:      2014
                                          LATITUDE:   41 37 N
                                          LONGITUDE:  91 33 W

  TEMPERATURE IN F:       :PCPN:    SNOW:  WIND      :SUNSHINE: SKY     :PK WND
================================================================================
1   2   3   4   5  6A  6B    7    8   9   10  11  12  13   14  15   16   17  18
                                     12Z  AVG MX 2MIN
DY MAX MIN AVG DEP HDD CDD  WTR  SNW DPTH SPD SPD DIR MIN PSBL S-S WX    SPD DR
================================================================================

 1  69  52  61   3   4   0 0.02    M    M  7.4 17 130   M    M   7        21 140
 2  68  57  63   6   2   0 0.39    M    M  6.7 21 320   M    M   8 1      27 320
 3  57  39  48  -9  17   0 0.02    M    M 17.6 30 280   M    M   7        41 300
 4  53  35  44 -12  21   0 0.00    M    M 13.1 25 280   M    M   5        37 300
 5  58  35  47  -9  18   0    T    M    M  4.4 21 270   M    M   8        26 270
 6  61  40  51  -5  14   0 0.00    M    M  8.8 22 270   M    M   4        27 290
 7  69  45  57   2   8   0 0.00    M    M  8.1 25 290   M    M   2        34 280
 8  69  38  54  -1  11   0 0.02    M    M  6.7 18 270   M    M   2        25 260
 9  65  47  56   2   9   0 0.23    M    M  5.0 12  10   M    M   4 1      15 310
10  58  38  48  -6  17   0 0.00    M    M  5.7 13  30   M    M   0        17  30
11  61  33  47  -7  18   0 0.00    M    M  2.1  9 150   M    M   0        12 200
12  54  35  45  -8  20   0    T    M    M  5.0 13 130   M    M   7 1      20 170
13  58  51  55   2  10   0 1.61    M    M  8.1 23  40   M    M  10 1      28  30
14  56  51  54   1  11   0 0.62    M    M 16.5 25 350   M    M  10 1      33 340
15  64  43  54   2  11   0 0.00    M    M  9.6 23 330   M    M   6        29 330
16  71  40  56   4   9   0 0.00    M    M  4.4 14 180   M    M   0 12     18 160
17  59  49  54   2  11   0 0.00    M    M 13.7 26 310   M    M   6        35 300
18  56  35  46  -5  19   0    T    M    M  6.1 16 320   M    M   4 1      20 320
19  64  31  48  -3  17   0 0.00    M    M  6.2 18 200   M    M   2 12     23 200
20  68  43  56   6   9   0 0.00    M    M  9.3 23 320   M    M   0 8      28 320
21  61  37  49  -1  16   0 0.00    M    M  5.4 13  80   M    M   0        18  90
================================================================================
SM 1299  874       272   0  2.91    M    169.9          M       92
================================================================================
AV 61.9 41.6                               8.1 FASTST   M    M   4    MAX(MPH)
                                 MISC ---->  # 30 280               # 41  300
================================================================================
NOTES:
# LAST OF SEVERAL OCCURRENCES

COLUMN 17 PEAK WIND IN M.P.H.

PRELIMINARY LOCAL CLIMATOLOGICAL DATA (WS FORM: F-6) , PAGE 2

                                          STATION:  IOWA CITY IA
                                          MONTH:    OCTOBER
                                          YEAR:     2014
                                          LATITUDE:   41 37 N
                                          LONGITUDE:  91 33 W

[TEMPERATURE DATA]      [PRECIPITATION DATA]       SYMBOLS USED IN COLUMN 16

AVERAGE MONTHLY: 51.7   TOTAL FOR MONTH:   2.91    1 = FOG OR MIST
DPTR FM NORMAL:  -2.0   DPTR FM NORMAL:    1.00    2 = FOG REDUCING VISIBILITY
HIGHEST:    71 ON 16    GRTST 24HR  1.92 ON 13-14      TO 1/4 MILE OR LESS
LOWEST:     31 ON 19                               3 = THUNDER
                        SNOW, ICE PELLETS, HAIL    4 = ICE PELLETS
                        TOTAL MONTH:    M          5 = HAIL
                        GRTST 24HR    M  ON   M    6 = FREEZING RAIN OR DRIZZLE
                        GRTST DEPTH:  M  ON   M    7 = DUSTSTORM OR SANDSTORM:
                                                       VSBY 1/2 MILE OR LESS
                                                   8 = SMOKE OR HAZE
[NO. OF DAYS WITH]      [WEATHER - DAYS WITH]      9 = BLOWING SNOW
                                                   X = TORNADO
MAX 32 OR BELOW:   0    0.01 INCH OR MORE:   7
MAX 90 OR ABOVE:   0    0.10 INCH OR MORE:   4
MIN 32 OR BELOW:   1    0.50 INCH OR MORE:   2
MIN  0 OR BELOW:   0    1.00 INCH OR MORE:   1

[HDD (BASE 65) ]
TOTAL THIS MO.   272    CLEAR  (SCALE 0-3)   8
DPTR FM NORMAL    28    PTCLDY (SCALE 4-7)  11
TOTAL FM JUL 1   405    CLOUDY (SCALE 8-10)  2
DPTR FM NORMAL    49

[CDD (BASE 65) ]
TOTAL THIS MO.     0
DPTR FM NORMAL   -10    [PRESSURE DATA]
TOTAL FM JAN 1   778    HIGHEST SLP M ON M
DPTR FM NORMAL  -134    LOWEST  SLP 29.41 ON M

[REMARKS]
