000
CXUS55 KPSR 201005
CF6IPL
PRELIMINARY LOCAL CLIMATOLOGICAL DATA (WS FORM: F-6)

                                          STATION:   IMPERIAL CA
                                          MONTH:     FEBRUARY
                                          YEAR:      2017
                                          LATITUDE:   32 50 N
                                          LONGITUDE: 115 35 W

  TEMPERATURE IN F:       :PCPN:    SNOW:  WIND      :SUNSHINE: SKY     :PK WND
================================================================================
1   2   3   4   5  6A  6B    7    8   9   10  11  12  13   14  15   16   17  18
                                     12Z  AVG MX 2MIN
DY MAX MIN AVG DEP HDD CDD  WTR  SNW DPTH SPD SPD DIR MIN PSBL S-S WX    SPD DR
================================================================================

 1  77  43  60   3   5   0 0.00  0.0    0  2.7 10 130   M    M   0        15 110
 2  77  44  61   4   4   0 0.00  0.0    0  3.1  9 130   M    M   0 8      13 100
 3  78  48  63   6   2   0 0.00  0.0    0  2.8 10 260   M    M   0        11 260
 4  75  52  64   7   1   0 0.00  0.0    0  4.4 12 320   M    M   0        15 320
 5  74  46  60   3   5   0 0.00  0.0    0  4.1 20 260   M    M   0        26 270
 6  72  57  65   8   0   0 0.00  0.0    0 12.9 29 260   M    M   1        35 250
 7  79  55  67  10   0   2 0.00  0.0    0 12.2 31 250   M    M   0 8      37 250
 8  81  53  67   9   0   2 0.00  0.0    0  2.7  8  20   M    M   0        11  20
 9  84  54  69  11   0   4 0.00  0.0    0  2.9  9 140   M    M   0        12 140
10  83  57  70  12   0   5 0.00  0.0    0  5.8 24 270   M    M   0 8      31 270
11  72  51  62   4   3   0 0.00  0.0    0  8.5 17 250   M    M   3        21 250
12  76  47  62   4   3   0    T    M    0  9.4 18 330   M    M   2        24 330
13  80  50  65   7   0   0 0.00  0.0    0  5.9 10 350   M    M   0         M  M
14  80  54  67   8   0   2 0.00  0.0    0  3.5  9 260   M    M   0         M  M
15  80  48  64   5   1   0 0.00  0.0    0  5.4 12  40   M    M   0         M  M
16  81  49  65   6   0   0 0.00  0.0    0  5.8 16 230   M    M   0        21 230
17  72  58  65   6   0   0 0.07  0.0    0 13.0 26 130   M    M   1        32 130
18  60  54  57  -3   8   0 0.24  0.0    0  4.0 15 240   M    M  10 1      18 230
19  70  46  58  -2   7   0 0.00  0.0    0  6.3 18 250   M    M   3 12     22 250
================================================================================
SM 1451  966        39  15  0.31     0.0 115.4          M       20
================================================================================
AV 76.4 50.8                               6.1 FASTST   M    M   1    MAX(MPH)
                                 MISC ---->  # 31 250               # 37  250
================================================================================
NOTES:
# LAST OF SEVERAL OCCURRENCES

COLUMN 17 PEAK WIND IN M.P.H.

PRELIMINARY LOCAL CLIMATOLOGICAL DATA (WS FORM: F-6) , PAGE 2

                                          STATION:  IMPERIAL CA
                                          MONTH:    FEBRUARY
                                          YEAR:     2017
                                          LATITUDE:   32 50 N
                                          LONGITUDE: 115 35 W

[TEMPERATURE DATA]      [PRECIPITATION DATA]       SYMBOLS USED IN COLUMN 16

AVERAGE MONTHLY: 63.6   TOTAL FOR MONTH:   0.31    1 = FOG OR MIST
DPTR FM NORMAL:   5.6   DPTR FM NORMAL:    0.04    2 = FOG REDUCING VISIBILITY
HIGHEST:    84 ON  9    GRTST 24HR  0.31 ON 17-18      TO 1/4 MILE OR LESS
LOWEST:     43 ON  1                               3 = THUNDER
                        SNOW, ICE PELLETS, HAIL    4 = ICE PELLETS
                        TOTAL MONTH:   0.0 INCH    5 = HAIL
                        GRTST 24HR     0.0         6 = FREEZING RAIN OR DRIZZLE
                        GRTST DEPTH:   0           7 = DUSTSTORM OR SANDSTORM:
                                                       VSBY 1/2 MILE OR LESS
                                                   8 = SMOKE OR HAZE
[NO. OF DAYS WITH]      [WEATHER - DAYS WITH]      9 = BLOWING SNOW
                                                   X = TORNADO
MAX 32 OR BELOW:   0    0.01 INCH OR MORE:   2
MAX 90 OR ABOVE:   0    0.10 INCH OR MORE:   1
MIN 32 OR BELOW:   0    0.50 INCH OR MORE:   0
MIN  0 OR BELOW:   0    1.00 INCH OR MORE:   0

[HDD (BASE 65) ]
TOTAL THIS MO.    39    CLEAR  (SCALE 0-3)  18
DPTR FM NORMAL   -97    PTCLDY (SCALE 4-7)   0
TOTAL FM JUL 1   653    CLOUDY (SCALE 8-10)  1
DPTR FM NORMAL  -238

[CDD (BASE 65) ]
TOTAL THIS MO.    15
DPTR FM NORMAL    15    [PRESSURE DATA]
TOTAL FM JAN 1    15    HIGHEST SLP M ON M
DPTR FM NORMAL    14    LOWEST  SLP 29.51 ON 18

[REMARKS]
