000
CXUS55 KCTP 271131
CF6IPT
PRELIMINARY LOCAL CLIMATOLOGICAL DATA (WS FORM: F-6)

                                          STATION:   WILLIAMSPORT PA
                                          MONTH:     FEBRUARY
                                          YEAR:      2015
                                          LATITUDE:   41 15 N
                                          LONGITUDE:  76 55 W

  TEMPERATURE IN F:       :PCPN:    SNOW:  WIND      :SUNSHINE: SKY     :PK WND
================================================================================
1   2   3   4   5  6A  6B    7    8   9   10  11  12  13   14  15   16   17  18
                                     12Z  AVG MX 2MIN
DY MAX MIN AVG DEP HDD CDD  WTR  SNW DPTH SPD SPD DIR MIN PSBL S-S WX    SPD DR
================================================================================

 1  31  17  24  -3  41   0 0.20  2.3    5  7.0 20  60   M    M  10 1      26  90
 2  36  15  26  -2  39   0 0.32  2.2    9 12.8 29 280   M    M  10 146    43 290
 3  27   2  15 -13  50   0 0.00  0.0    8  5.4 15 270   M    M   0        21 270
 4  38  14  26  -2  39   0 0.01    T    8  4.0 13 110   M    M   9        19 120
 5  33   4  19  -9  46   0    T  0.2    8 10.1 23 300   M    M   4        30 310
 6  26  -4  11 -17  54   0    T    T    7  2.9 16 250   M    M   2        21 250
 7  39   9  24  -4  41   0 0.00  0.0    7  2.3 12  60   M    M   8        13  60
 8  42  32  37   9  28   0 0.05  0.0    7  4.3 10 100   M    M   6 1      12  90
 9  36  29  33   5  32   0 0.21  0.0    6  7.7 16 110   M    M  10 1      21 100
10  32  23  28  -1  37   0 0.00  0.0    5  6.6 15 320   M    M   9        21 330
11  34  16  25  -4  40   0 0.00  0.0    5  2.7 10 250   M    M   4        13 330
12  35   6  21  -8  44   0 0.01    T    5  9.9 28 300   M    M   9 18     36 290
13  21   2  12 -17  53   0 0.00  0.0    5  8.2 20 300   M    M   2        26 280
14  25   9  17 -12  48   0 0.11  2.2    5  9.1 30 290   M    M  10 1289   40 310
15  11  -2   5 -25  60   0 0.00  0.0    7 17.6 29 300   M    M   2 89     38 280
16  13  -5   4 -26  61   0    T    T    6  9.1 18 250   M    M   2        22 280
17  26   6  16 -14  49   0 0.02  0.3    6  3.2 10 280   M    M   3 18     13 260
18  26   0  13 -17  52   0 0.02  1.0    6  7.0 31 270   M    M   6 12     40 270
19  15   0   8 -22  57   0    T    T    7 14.9 23 270   M    M   7        34 270
20  16  -4   6 -25  59   0 0.00  0.0    7  9.0 20 280   M    M   0        24 290
21  24   0  12 -19  53   0 0.13  1.0    6  7.8 20 150   M    M   9 1      35 140
22  38  24  31   0  34   0 0.00  0.0    7  7.2 17 260   M    M   9        22 270
23  30   0  15 -16  50   0    T    T    5  9.4 23 350   M    M   2        31 360
24  21  -9   6 -26  59   0 0.00  0.0    5  6.6 23 160   M    M   1        33 150
25  36   6  21 -11  44   0    T    T    5  4.4 17 240   M    M   4        20 240
26  28  16  22 -10  43   0 0.00  0.0    5  5.0  9 340   M    M   7        12 320
================================================================================
SM  739  206      1213   0  1.08     9.2 194.2          M      145
================================================================================
AV 28.4  7.9                               7.5 FASTST   M    M   6    MAX(MPH)
                                 MISC ---->  # 31 270               # 43  290
================================================================================
NOTES:
# LAST OF SEVERAL OCCURRENCES

COLUMN 17 PEAK WIND IN M.P.H.

PRELIMINARY LOCAL CLIMATOLOGICAL DATA (WS FORM: F-6) , PAGE 2

                                          STATION:  WILLIAMSPORT PA
                                          MONTH:    FEBRUARY
                                          YEAR:     2015
                                          LATITUDE:   41 15 N
                                          LONGITUDE:  76 55 W

[TEMPERATURE DATA]      [PRECIPITATION DATA]       SYMBOLS USED IN COLUMN 16

AVERAGE MONTHLY: 18.2   TOTAL FOR MONTH:   1.08    1 = FOG OR MIST
DPTR FM NORMAL: -11.3   DPTR FM NORMAL:   -1.09    2 = FOG REDUCING VISIBILITY
HIGHEST:    42 ON  8    GRTST 24HR  0.52 ON  1- 2      TO 1/4 MILE OR LESS
LOWEST:     -9 ON 24                               3 = THUNDER
                        SNOW, ICE PELLETS, HAIL    4 = ICE PELLETS
                        TOTAL MONTH:   9.2 INCHES  5 = HAIL
                        GRTST 24HR   2.3 ON   M    6 = FREEZING RAIN OR DRIZZLE
                        GRTST DEPTH:   9 ON  2     7 = DUSTSTORM OR SANDSTORM:
                                                       VSBY 1/2 MILE OR LESS
                                                   8 = SMOKE OR HAZE
[NO. OF DAYS WITH]      [WEATHER - DAYS WITH]      9 = BLOWING SNOW
                                                   X = TORNADO
MAX 32 OR BELOW:  16    0.01 INCH OR MORE:  10
MAX 90 OR ABOVE:   0    0.10 INCH OR MORE:   5
MIN 32 OR BELOW:  26    0.50 INCH OR MORE:   0
MIN  0 OR BELOW:   9    1.00 INCH OR MORE:   0

[HDD (BASE 65) ]
TOTAL THIS MO.  1213    CLEAR  (SCALE 0-3)   8
DPTR FM NORMAL   290    PTCLDY (SCALE 4-7)   9
TOTAL FM JUL 1  4543    CLOUDY (SCALE 8-10)  9
DPTR FM NORMAL   141

[CDD (BASE 65) ]
TOTAL THIS MO.     0
DPTR FM NORMAL     0    [PRESSURE DATA]
TOTAL FM JAN 1     0    HIGHEST SLP M ON M
DPTR FM NORMAL     0    LOWEST  SLP 29.41 ON  2

[REMARKS]
