000
CXUS55 KEAX 230736
CF6IRK
PRELIMINARY LOCAL CLIMATOLOGICAL DATA (WS FORM: F-6)

                                          STATION:   KIRKSVILLE MO
                                          MONTH:     JANUARY
                                          YEAR:      2018
                                          LATITUDE:   40  5 N
                                          LONGITUDE:  92 33 W

  TEMPERATURE IN F:       :PCPN:    SNOW:  WIND      :SUNSHINE: SKY     :PK WND
================================================================================
1   2   3   4   5  6A  6B    7    8   9   10  11  12  13   14  15   16   17  18
                                     12Z  AVG MX 2MIN
DY MAX MIN AVG DEP HDD CDD  WTR  SNW DPTH SPD SPD DIR MIN PSBL S-S WX    SPD DR
================================================================================

 1   5 -16  -5 -31  70   0 0.00    M    M  5.6 10 280   M    M   0        14 330
 2  18 -14   2 -24  63   0 0.00    M    M  8.0 17 230   M    M   0        23 220
 3  20   2  11 -15  54   0 0.00    M    M 11.0 22 320   M    M   4        30 310
 4  14  -4   5 -21  60   0 0.00    M    M  4.2  9 280   M    M   5        11 340
 5  17   0   9 -17  56   0 0.00    M    M  7.2 13  40   M    M   5        14  40
 6  20  -4   8 -18  57   0 0.00    M    M  8.4 17 150   M    M   1        22 150
 7  33  19  26   0  39   0 0.19    M    M  9.9 16 180   M    M   9 168    22 170
 8  40  27  34   8  31   0 0.00    M    M  6.4 13 290   M    M   6 128    16 270
 9  41  25  33   7  32   0 0.00    M    M  9.9 21 150   M    M   6 12     25 150
10  55  36  46  20  19   0 0.00    M    M 15.7 29 180   M    M   4 1      38 200
11  52  12  32   6  33   0 0.42    M    M 13.1 29 350   M    M   9 16     38 350
12  18   3  11 -15  54   0 0.00    M    M 15.1 24 340   M    M   1        31 330
13  15   7  11 -15  54   0 0.00    M    M  7.6 15 360   M    M   9        18 350
14  27  13  20  -6  45   0 0.14    M    M 10.8 16 180   M    M  10 1      21 200
15  29  -3  13 -13  52   0    T    M    M 14.8 23 320   M    M   4 1      33 310
16  11  -7   2 -24  63   0 0.00    M    M  8.5 15 300   M    M   1        19 300
17  22  -5   9 -17  56   0 0.00    M    M  8.4 17 230   M    M   0        28 230
18  36  15  26   0  39   0 0.00    M    M 12.8 18 210   M    M   0        26 240
19  47  30  39  13  26   0 0.00    M    M 14.1 21 210   M    M   0        28 210
20  53  36  45  19  20   0 0.00    M    M  8.8 15 220   M    M   7        21 220
21  58  41  50  24  15   0 0.04    M    M  7.9 22 170   M    M   9 1      29 160
22  55  33  44  18  21   0 0.16    M    M 13.2 26 200   M    M   7 1      35 220
================================================================================
SM  686  246       959   0  0.95    M    221.4          M       97
================================================================================
AV 31.2 11.2                              10.1 FASTST   M    M   4    MAX(MPH)
                                 MISC ---->  # 29 180               # 38  200
================================================================================
NOTES:
# LAST OF SEVERAL OCCURRENCES

COLUMN 17 PEAK WIND IN M.P.H.

PRELIMINARY LOCAL CLIMATOLOGICAL DATA (WS FORM: F-6) , PAGE 2

                                          STATION:  KIRKSVILLE MO
                                          MONTH:    JANUARY
                                          YEAR:     2018
                                          LATITUDE:   40  5 N
                                          LONGITUDE:  92 33 W

[TEMPERATURE DATA]      [PRECIPITATION DATA]       SYMBOLS USED IN COLUMN 16

AVERAGE MONTHLY: 21.2   TOTAL FOR MONTH:   0.95    1 = FOG OR MIST
DPTR FM NORMAL:  -4.8   DPTR FM NORMAL:    0.19    2 = FOG REDUCING VISIBILITY
HIGHEST:    58 ON 21    GRTST 24HR  0.42 ON 11-11      TO 1/4 MILE OR LESS
LOWEST:    -16 ON  1                               3 = THUNDER
                        SNOW, ICE PELLETS, HAIL    4 = ICE PELLETS
                        TOTAL MONTH:    M          5 = HAIL
                        GRTST 24HR    M  ON   M    6 = FREEZING RAIN OR DRIZZLE
                        GRTST DEPTH:  M  ON   M    7 = DUSTSTORM OR SANDSTORM:
                                                       VSBY 1/2 MILE OR LESS
                                                   8 = SMOKE OR HAZE
[NO. OF DAYS WITH]      [WEATHER - DAYS WITH]      9 = BLOWING SNOW
                                                   X = TORNADO
MAX 32 OR BELOW:  12    0.01 INCH OR MORE:   5
MAX 90 OR ABOVE:   0    0.10 INCH OR MORE:   4
MIN 32 OR BELOW:  18    0.50 INCH OR MORE:   0
MIN  0 OR BELOW:   8    1.00 INCH OR MORE:   0

[HDD (BASE 65) ]
TOTAL THIS MO.   959    CLEAR  (SCALE 0-3)   8
DPTR FM NORMAL   101    PTCLDY (SCALE 4-7)   9
TOTAL FM JUL 1  3076    CLOUDY (SCALE 8-10)  5
DPTR FM NORMAL  -125

[CDD (BASE 65) ]
TOTAL THIS MO.     0
DPTR FM NORMAL     0    [PRESSURE DATA]
TOTAL FM JAN 1     0    HIGHEST SLP  0.00 ON M
DPTR FM NORMAL     0    LOWEST  SLP  0.00 ON M

[REMARKS]
