000
CXUS55 KEAX 270736
CF6IRK
PRELIMINARY LOCAL CLIMATOLOGICAL DATA (WS FORM: F-6)

                                          STATION:   KIRKSVILLE MO
                                          MONTH:     AUGUST
                                          YEAR:      2014
                                          LATITUDE:   40  5 N
                                          LONGITUDE:  92 33 W

  TEMPERATURE IN F:       :PCPN:    SNOW:  WIND      :SUNSHINE: SKY     :PK WND
================================================================================
1   2   3   4   5  6A  6B    7    8   9   10  11  12  13   14  15   16   17  18
                                     12Z  AVG MX 2MIN
DY MAX MIN AVG DEP HDD CDD  WTR  SNW DPTH SPD SPD DIR MIN PSBL S-S WX    SPD DR
================================================================================

 1  85  59  72  -4   0   7 0.00    M    M  3.5 15  10   M    M   4 1      17  10
 2  86  55  71  -5   0   6 0.00    M    M  3.3  8 120   M    M   2 12      M  M
 3  89  60  75  -1   0  10 0.00    M    M  3.7 13 280   M    M   2 1      16 270
 4  86  61  74  -1   0   9 0.01    M    M  4.5 13 140   M    M   4 1      17 170
 5  86  64  75   0   0  10 0.00    M    M  4.8 10 350   M    M   0 12     12 360
 6  79  68  74  -1   0   9 0.86    M    M  9.5 20 100   M    M   4 138    26  90
 7  73  67  70  -5   0   5 0.54    M    M  9.6 16  40   M    M  10 1      23  40
 8  73  67  70  -5   0   5 0.01    M    M  8.2 14  40   M    M  10 18     17  60
 9  77  67  72  -3   0   7 0.00    M    M  4.7 10  50   M    M  10 18     14  70
10  80  62  71  -4   0   6 0.00    M    M  4.0 13  40   M    M   7 128    14  40
11  82  62  72  -3   0   7    T    M    M  8.1 18 310   M    M   3 18     24 310
12  79  56  68  -7   0   3 0.00    M    M  8.4 17 360   M    M   1 1      23 360
13  83  54  69  -6   0   4 0.00    M    M  3.7  9  50   M    M   0 1      14  50
14  85  54  70  -4   0   5 0.00    M    M  2.1  8 190   M    M   0 1      11 190
15  75  66  71  -3   0   6 0.46    M    M  6.4 14 170   M    M   5 1      17 130
16  77  67  72  -2   0   7 5.37    M    M 10.0 29 130   M    M  10 13     36 130
17  80  68  74   0   0   9 0.00    M    M  6.3 12  10   M    M   9 18     14 350
18  83  67  75   1   0  10 0.00    M    M  4.2 12 190   M    M   5 128    13 230
19  87  66  77   3   0  12 0.29    M    M  4.6 28 190   M    M   2 13     38 190
20  88  69  79   6   0  14    T    M    M  6.3 15 140   M    M   1 1      17 150
21  91  73  82   9   0  17 0.00    M    M  8.7 17 240   M    M   1 8      23 210
22  89  74  82   9   0  17 0.55    M    M  5.8 15 230   M    M   2 13     23 240
23  91  74  83  10   0  18 0.01    M    M  6.9 17  40   M    M   2 1      20  30
24  93  68  81   9   0  16 0.00    M    M  6.9 15 170   M    M   0 1      17 170
25  93  71  82  10   0  17 0.00    M    M  5.9 13 200   M    M   0 1      15 220
26  87  71  79   7   0  14 0.00    M    M  6.0 24 350   M    M   1        34 350
================================================================================
SM 2177 1690         0 250  8.10    M    156.1          M       95
================================================================================
AV 83.7 65.0                               6.0 FASTST   M    M   4    MAX(MPH)
                                 MISC ---->  # 29 130               # 38  190
================================================================================
NOTES:
# LAST OF SEVERAL OCCURRENCES

COLUMN 17 PEAK WIND IN M.P.H.

PRELIMINARY LOCAL CLIMATOLOGICAL DATA (WS FORM: F-6) , PAGE 2

                                          STATION:  KIRKSVILLE MO
                                          MONTH:    AUGUST
                                          YEAR:     2014
                                          LATITUDE:   40  5 N
                                          LONGITUDE:  92 33 W

[TEMPERATURE DATA]      [PRECIPITATION DATA]       SYMBOLS USED IN COLUMN 16

AVERAGE MONTHLY: 74.4   TOTAL FOR MONTH:   8.10    1 = FOG OR MIST
DPTR FM NORMAL:   0.1   DPTR FM NORMAL:    5.05    2 = FOG REDUCING VISIBILITY
HIGHEST:    93 ON 25,24 GRTST 24HR  5.75 ON 15-16      TO 1/4 MILE OR LESS
LOWEST:     54 ON 14,13                            3 = THUNDER
                        SNOW, ICE PELLETS, HAIL    4 = ICE PELLETS
                        TOTAL MONTH:    M          5 = HAIL
                        GRTST 24HR    M  ON   M    6 = FREEZING RAIN OR DRIZZLE
                        GRTST DEPTH:  M  ON   M    7 = DUSTSTORM OR SANDSTORM:
                                                       VSBY 1/2 MILE OR LESS
                                                   8 = SMOKE OR HAZE
[NO. OF DAYS WITH]      [WEATHER - DAYS WITH]      9 = BLOWING SNOW
                                                   X = TORNADO
MAX 32 OR BELOW:   0    0.01 INCH OR MORE:   9
MAX 90 OR ABOVE:   4    0.10 INCH OR MORE:   6
MIN 32 OR BELOW:   0    0.50 INCH OR MORE:   4
MIN  0 OR BELOW:   0    1.00 INCH OR MORE:   1

[HDD (BASE 65) ]
TOTAL THIS MO.     0    CLEAR  (SCALE 0-3)  15
DPTR FM NORMAL     0    PTCLDY (SCALE 4-7)   6
TOTAL FM JUL 1     6    CLOUDY (SCALE 8-10)  5
DPTR FM NORMAL     5

[CDD (BASE 65) ]
TOTAL THIS MO.   250
DPTR FM NORMAL     8    [PRESSURE DATA]
TOTAL FM JAN 1   810    HIGHEST SLP  0.00 ON M
DPTR FM NORMAL     1    LOWEST  SLP  0.00 ON M

[REMARKS]
