000
CXUS53 KIWX 230800
CF6IWX
PRELIMINARY LOCAL CLIMATOLOGICAL DATA (WS FORM: F-6)

                                          STATION:   NORTH WEBSTER WFO
                                          MONTH:     NOVEMBER
                                          YEAR:      2017
                                          LATITUDE:   41 21 N
                                          LONGITUDE:  85 42 W

  TEMPERATURE IN F:       :PCPN:    SNOW:  WIND      :SUNSHINE: SKY     :PK WND
================================================================================
1   2   3   4   5  6A  6B    7    8   9   10  11  12  13   14  15   16   17  18
                                     12Z  AVG MX 2MIN
DY MAX MIN AVG DEP HDD CDD  WTR  SNW DPTH SPD SPD DIR MIN PSBL S-S WX    SPD DR
================================================================================

 1  44  33  39  -8  26   0 0.67    T    0   M   M   M   M    M   M         M  M
 2  60  43  52   5  13   0 1.95  0.0    0   M   M   M   M    M   M 3       M  M
 3  50  38  44  -2  21   0    T  0.0    0   M   M   M   M    M   M         M  M
 4  52  39  46   0  19   0 0.09  0.0    0   M   M   M   M    M   M 1       M  M
 5  62  46  54   8  11   0 3.10  0.0    0   M   M   M   M    M   M 3       M  M
 6  48  38  43  -2  22   0 0.01  0.0    0   M   M   M   M    M   M         M  M
 7  47  35  41  -4  24   0 0.00  0.0    0   M   M   M   M    M   M         M  M
 8  51  29  40  -5  25   0 0.00  0.0    0   M   M   M   M    M   M         M  M
 9  48  28  38  -6  27   0 0.00  0.0    0   M   M   M   M    M   M         M  M
10  29  20  25 -19  40   0    T    T    0   M   M   M   M    M   M         M  M
11  36  21  29 -14  36   0 0.00  0.0    0   M   M   M   M    M   M         M  M
12  38  32  35  -8  30   0 0.16    T    0   M   M   M   M    M   M 1       M  M
13  43  34  39  -3  26   0 0.01  0.0    0   M   M   M   M    M   M         M  M
14  47  29  38  -4  27   0 0.00  0.0    0   M   M   M   M    M   M 12      M  M
15  46  39  43   1  22   0 0.60  0.0    0   M   M   M   M    M   M         M  M
16  40  34  37  -4  28   0    T  0.0    0   M   M   M   M    M   M         M  M
17  44  34  39  -2  26   0 0.25  0.0    0   M   M   M   M    M   M 13      M  M
18  47  36  42   2  23   0 1.08  0.0    0   M   M   M   M    M   M 13      M  M
19  37  27  32  -8  33   0 0.00  0.0    0   M   M   M   M    M   M         M  M
20  50  26  38  -1  27   0 0.00  0.0    0   M   M   M   M    M   M         M  M
21  47  32  40   1  25   0 0.06  0.0    0   M   M   M   M    M   M         M  M
22  40  27  34  -4  31   0 0.00  0.0    0   M   M   M   M    M   M         M  M
================================================================================
SM 1006  720       562   0  7.98    T        M          M        M
================================================================================
AV 45.7 32.7                                 M FASTST   M    M   7    MAX(MPH)
                                 MISC ---->     M   M                  M    M
================================================================================
NOTES:
# LAST OF SEVERAL OCCURRENCES

COLUMN 17 PEAK WIND IN M.P.H.

PRELIMINARY LOCAL CLIMATOLOGICAL DATA (WS FORM: F-6) , PAGE 2

                                          STATION:  NORTH WEBSTER WFO
                                          MONTH:    NOVEMBER
                                          YEAR:     2017
                                          LATITUDE:   41 21 N
                                          LONGITUDE:  85 42 W

[TEMPERATURE DATA]      [PRECIPITATION DATA]       SYMBOLS USED IN COLUMN 16

AVERAGE MONTHLY: 39.2   TOTAL FOR MONTH:   7.98    1 = FOG OR MIST
DPTR FM NORMAL:  -3.7   DPTR FM NORMAL:    5.71    2 = FOG REDUCING VISIBILITY
HIGHEST:    62 ON  5    GRTST 24HR  3.10 ON  5- 5      TO 1/4 MILE OR LESS
LOWEST:     20 ON 10                               3 = THUNDER
                        SNOW, ICE PELLETS, HAIL    4 = ICE PELLETS
                        TOTAL MONTH:    T          5 = HAIL
                        GRTST 24HR    T  ON 12-12  6 = FREEZING RAIN OR DRIZZLE
                        GRTST DEPTH:   0           7 = DUSTSTORM OR SANDSTORM:
                                                       VSBY 1/2 MILE OR LESS
                                                   8 = SMOKE OR HAZE
[NO. OF DAYS WITH]      [WEATHER - DAYS WITH]      9 = BLOWING SNOW
                                                   X = TORNADO
MAX 32 OR BELOW:   1    0.01 INCH OR MORE:  11
MAX 90 OR ABOVE:   0    0.10 INCH OR MORE:   7
MIN 32 OR BELOW:  10    0.50 INCH OR MORE:   5
MIN  0 OR BELOW:   0    1.00 INCH OR MORE:   3

[HDD (BASE 65) ]
TOTAL THIS MO.   562    CLEAR  (SCALE 0-3)   0
DPTR FM NORMAL    78    PTCLDY (SCALE 4-7)   0
TOTAL FM JUL 1   952    CLOUDY (SCALE 8-10)  0
DPTR FM NORMAL    -5

[CDD (BASE 65) ]
TOTAL THIS MO.     0
DPTR FM NORMAL     0    [PRESSURE DATA]
TOTAL FM JAN 1   725    HIGHEST SLP M ON M
DPTR FM NORMAL    12    LOWEST  SLP M ON M

[REMARKS]
