000
CXUS55 KEAX 190736
CF6IXD
PRELIMINARY LOCAL CLIMATOLOGICAL DATA (WS FORM: F-6)

                                          STATION:   New Century Air Center KS
                                          MONTH:     JANUARY
                                          YEAR:      2017
                                          LATITUDE:   38 49 N
                                          LONGITUDE:  94 54 W

  TEMPERATURE IN F:       :PCPN:    SNOW:  WIND      :SUNSHINE: SKY     :PK WND
================================================================================
1   2   3   4   5  6A  6B    7    8   9   10  11  12  13   14  15   16   17  18
                                     12Z  AVG MX 2MIN
DY MAX MIN AVG DEP HDD CDD  WTR  SNW DPTH SPD SPD DIR MIN PSBL S-S WX    SPD DR
================================================================================

 1  46  21  34   5  31   0 0.00    M    M  7.8 14 100   M    M   3        19 110
 2  49  38  44  15  21   0 0.08    M    M  7.7 16 330   M    M  10 12     20 340
 3  46  15  31   2  34   0 0.00    M    M 18.4 26 340   M    M   5 1      33 330
 4  22   9  16 -13  49   0 0.03    M    M  9.1 15 360   M    M   3 1      18  30
 5  15   1   8 -21  57   0 0.02    M    M 10.6 17 330   M    M   6 1      21 290
 6  13  -1   6 -23  59   0 0.00    M    M  5.6 12 330   M    M   0 1      14 310
 7  24  -2  11 -18  54   0 0.00    M    M  6.7 14 330   M    M   0        16 330
 8  37   5  21  -8  44   0 0.00    M    M 12.6 23 160   M    M   1        29 150
 9  49  19  34   5  31   0 0.00  0.0    0 13.8 29 180   M    M   0        37 190
10  56  30  43  14  22   0    T    M    0 16.7 31 210   M    M   1        43 210
11  64  25  45  16  20   0 0.00  0.0    0 16.7 32 210   M    M   2        40 210
12  29  17  23  -6  42   0 0.00  0.0    0 12.0 20 340   M    M   5        23 350
13  27  21  24  -5  41   0    T    M    0  9.5 17  50   M    M   6        23  70
14  33  25  29   0  36   0 0.00  0.0    0  6.0 12 350   M    M  10 1      13 360
15  33  29  31   2  34   0 0.16    M    0  7.0 14  70   M    M  10 168    17  70
16  53  33  43  14  22   0 0.76    M    0 11.1 21 190   M    M  10 12     26 190
17  41  27  34   5  31   0 0.00  0.0    0  7.9 14 290   M    M   7 12     18 290
18  49  25  37   8  28   0 0.00  0.0    0  7.4 14 160   M    M   7 12     18 170
================================================================================
SM  686  337       656   0  1.05     0.0 186.6          M       86
================================================================================
AV 38.1 18.7                              10.4 FASTST   M    M   5    MAX(MPH)
                                 MISC ---->  # 32 210               # 43  210
================================================================================
NOTES:
# LAST OF SEVERAL OCCURRENCES

COLUMN 17 PEAK WIND IN M.P.H.

PRELIMINARY LOCAL CLIMATOLOGICAL DATA (WS FORM: F-6) , PAGE 2

                                          STATION:  New Century Air Center KS
                                          MONTH:    JANUARY
                                          YEAR:     2017
                                          LATITUDE:   38 49 N
                                          LONGITUDE:  94 54 W

[TEMPERATURE DATA]      [PRECIPITATION DATA]       SYMBOLS USED IN COLUMN 16

AVERAGE MONTHLY: 28.4   TOTAL FOR MONTH:   1.05    1 = FOG OR MIST
DPTR FM NORMAL:  -0.6   DPTR FM NORMAL:    0.48    2 = FOG REDUCING VISIBILITY
HIGHEST:    64 ON 11    GRTST 24HR  0.79 ON 15-16      TO 1/4 MILE OR LESS
LOWEST:     -2 ON  7                               3 = THUNDER
                        SNOW, ICE PELLETS, HAIL    4 = ICE PELLETS
                        TOTAL MONTH:   0.0 INCH    5 = HAIL
                        GRTST 24HR     0.0         6 = FREEZING RAIN OR DRIZZLE
                        GRTST DEPTH:   0           7 = DUSTSTORM OR SANDSTORM:
                                                       VSBY 1/2 MILE OR LESS
                                                   8 = SMOKE OR HAZE
[NO. OF DAYS WITH]      [WEATHER - DAYS WITH]      9 = BLOWING SNOW
                                                   X = TORNADO
MAX 32 OR BELOW:   6    0.01 INCH OR MORE:   5
MAX 90 OR ABOVE:   0    0.10 INCH OR MORE:   2
MIN 32 OR BELOW:  16    0.50 INCH OR MORE:   1
MIN  0 OR BELOW:   2    1.00 INCH OR MORE:   0

[HDD (BASE 65) ]
TOTAL THIS MO.   656    CLEAR  (SCALE 0-3)   8
DPTR FM NORMAL     8    PTCLDY (SCALE 4-7)   6
TOTAL FM JUL 1  2321    CLOUDY (SCALE 8-10)  4
DPTR FM NORMAL  -355

[CDD (BASE 65) ]
TOTAL THIS MO.     0
DPTR FM NORMAL     0    [PRESSURE DATA]
TOTAL FM JAN 1     0    HIGHEST SLP  0.00 ON M
DPTR FM NORMAL     0    LOWEST  SLP  0.00 ON M

[REMARKS]
