984
CXUS55 KEAX 230736
CF6IXD
PRELIMINARY LOCAL CLIMATOLOGICAL DATA (WS FORM: F-6)

                                          STATION:   New Century Air Center KS
                                          MONTH:     SEPTEMBER
                                          YEAR:      2017
                                          LATITUDE:   38 49 N
                                          LONGITUDE:  94 54 W

  TEMPERATURE IN F:       :PCPN:    SNOW:  WIND      :SUNSHINE: SKY     :PK WND
================================================================================
1   2   3   4   5  6A  6B    7    8   9   10  11  12  13   14  15   16   17  18
                                     12Z  AVG MX 2MIN
DY MAX MIN AVG DEP HDD CDD  WTR  SNW DPTH SPD SPD DIR MIN PSBL S-S WX    SPD DR
================================================================================

 1  80  62  71  -3   0   6 0.00    M    M  5.5  9 110   M    M   1 8      13  60
 2  83  60  72  -1   0   7 0.00    M    M  7.1 14 210   M    M   2 18     19 210
 3  87  64  76   3   0  11 0.00    M    M  4.7  9 170   M    M   1 12     12 170
 4  87  65  76   3   0  11 0.00    M    M 12.2 18 360   M    M   0        25 320
 5  75  52  64  -8   1   0 0.00    M    M 10.1 23 330   M    M   1        29 320
 6  73  48  61 -11   4   0 0.00    M    M  6.5 18 330   M    M   1        23 310
 7  79  48  64  -8   1   0 0.00    M    M  3.9  9 130   M    M   0        13 190
 8  86  55  71   0   0   6 0.00    M    M  7.4 15 210   M    M   0        19 220
 9  84  55  70  -1   0   5 0.00    M    M  5.9 13 150   M    M   0        15 200
10  84  60  72   2   0   7 0.00    M    M  6.8 13 120   M    M   1        18 160
11  82  57  70   0   0   5 0.00    M    M  4.6 12  60   M    M   0        14  60
12  77  55  66  -3   0   1 0.00    M    M  4.9 15  10   M    M   0        18  20
13  84  57  71   2   0   6 0.00    M    M  3.9  9 350   M    M   0 1      11 320
14  86  60  73   4   0   8 0.00    M    M  9.0 17 160   M    M   0        22 200
15  87  65  76   8   0  11 0.00    M    M 13.7 23 130   M    M   0        29 140
16  88  64  76   8   0  11 0.58    M    M 11.6 25 290   M    M   2 13     33 290
17  75  62  69   2   0   4 1.54    M    M  6.3 25  10   M    M   7 123    29  10
18  75  62  69   2   0   4 0.18    M    M  6.6 14 190   M    M   5 13     19 230
19  88  66  77  11   0  12 0.01    M    M 12.8 24 150   M    M   2 3      32 150
20  88  73  81  15   0  16 0.00    M    M 11.3 21 190   M    M   4        28 190
21  90  74  82  16   0  17 0.00    M    M 13.4 25 160   M    M   1        33 160
22  89  72  81  16   0  16 0.00    M    M 11.6 23 160   M    M   0        27 160
================================================================================
SM 1827 1336         6 164  2.31    M    179.8          M       28
================================================================================
AV 83.1 60.7                               8.2 FASTST   M    M   1    MAX(MPH)
                                 MISC ---->  # 25 290               # 33  290
================================================================================
NOTES:
# LAST OF SEVERAL OCCURRENCES

COLUMN 17 PEAK WIND IN M.P.H.

PRELIMINARY LOCAL CLIMATOLOGICAL DATA (WS FORM: F-6) , PAGE 2

                                          STATION:  New Century Air Center KS
                                          MONTH:    SEPTEMBER
                                          YEAR:     2017
                                          LATITUDE:   38 49 N
                                          LONGITUDE:  94 54 W

[TEMPERATURE DATA]      [PRECIPITATION DATA]       SYMBOLS USED IN COLUMN 16

AVERAGE MONTHLY: 71.9   TOTAL FOR MONTH:   2.31    1 = FOG OR MIST
DPTR FM NORMAL:   2.3   DPTR FM NORMAL:   -1.29    2 = FOG REDUCING VISIBILITY
HIGHEST:    90 ON 21    GRTST 24HR  1.54 ON 17-17      TO 1/4 MILE OR LESS
LOWEST:     48 ON  7, 6                            3 = THUNDER
                        SNOW, ICE PELLETS, HAIL    4 = ICE PELLETS
                        TOTAL MONTH:    M          5 = HAIL
                        GRTST 24HR    M  ON   M    6 = FREEZING RAIN OR DRIZZLE
                        GRTST DEPTH:  M  ON   M    7 = DUSTSTORM OR SANDSTORM:
                                                       VSBY 1/2 MILE OR LESS
                                                   8 = SMOKE OR HAZE
[NO. OF DAYS WITH]      [WEATHER - DAYS WITH]      9 = BLOWING SNOW
                                                   X = TORNADO
MAX 32 OR BELOW:   0    0.01 INCH OR MORE:   4
MAX 90 OR ABOVE:   1    0.10 INCH OR MORE:   3
MIN 32 OR BELOW:   0    0.50 INCH OR MORE:   2
MIN  0 OR BELOW:   0    1.00 INCH OR MORE:   1

[HDD (BASE 65) ]
TOTAL THIS MO.     6    CLEAR  (SCALE 0-3)  19
DPTR FM NORMAL   -18    PTCLDY (SCALE 4-7)   3
TOTAL FM JUL 1     9    CLOUDY (SCALE 8-10)  0
DPTR FM NORMAL   -17

[CDD (BASE 65) ]
TOTAL THIS MO.   164
DPTR FM NORMAL    38    [PRESSURE DATA]
TOTAL FM JAN 1  1235    HIGHEST SLP  0.00 ON M
DPTR FM NORMAL   -73    LOWEST  SLP  0.00 ON M

[REMARKS]
