000
CXUS55 KEAX 300736
CF6IXD
PRELIMINARY LOCAL CLIMATOLOGICAL DATA (WS FORM: F-6)

                                          STATION:   New Century Air Center KS
                                          MONTH:     SEPTEMBER
                                          YEAR:      2016
                                          LATITUDE:   38 49 N
                                          LONGITUDE:  94 54 W

  TEMPERATURE IN F:       :PCPN:    SNOW:  WIND      :SUNSHINE: SKY     :PK WND
================================================================================
1   2   3   4   5  6A  6B    7    8   9   10  11  12  13   14  15   16   17  18
                                     12Z  AVG MX 2MIN
DY MAX MIN AVG DEP HDD CDD  WTR  SNW DPTH SPD SPD DIR MIN PSBL S-S WX    SPD DR
================================================================================

 1  80  60  70  -4   0   5 0.00    M    M  7.2 15  50   M    M   0        20  30
 2  77  59  68  -5   0   3 0.00    M    M  6.4 13  90   M    M   2        17 100
 3  79  60  70  -3   0   5 0.00    M    M  7.7 15 160   M    M   1        20 160
 4  83  62  73   0   0   8 0.00    M    M 11.1 21 140   M    M   0        24 140
 5  89  68  79   7   0  14 0.00    M    M 12.0 22 190   M    M   1        29 190
 6  90  72  81   9   0  16 0.00    M    M 11.5 22 200   M    M   0        31 190
 7  89  74  82  10   0  17    T    M    M 12.1 21 180   M    M   1        28 170
 8  82  72  77   6   0  12 0.75    M    M  7.9 20 240   M    M   6 13     23 230
 9  84  66  75   4   0  10    M    M    M  7.3 43 300   M    M   5 138    52 320
10  74  56  65  -5   0   0    T    M    M 10.7 26 340   M    M   2 1      30 330
11  76  52  64  -6   1   0 0.00    M    M  7.7 16 170   M    M   0        22 180
12  84  61  73   4   0   8 0.00    M    M 12.0 21 160   M    M   0        26 160
13  83  66  75   6   0  10 0.96    M    M  7.5 35  10   M    M   5 135    48  10
14  79  65  72   3   0   7 0.30    M    M  7.8 24  50   M    M   4 13     31 310
15  85  67  76   8   0  11 0.00    M    M  8.0 24 160   M    M   2 1      32 160
16  71  63  67  -1   0   2 0.98    M    M  7.6 26 350   M    M   4 13     36 330
17  82  61  72   5   0   7 0.00    M    M  4.7 12 250   M    M   4 12     14 210
18  83  59  71   4   0   6 0.00    M    M  5.4 13 200   M    M   0        16 160
19  90  64  77  11   0  12 0.00    M    M  8.1 17 190   M    M   0        21 190
20  92  71  82  16   0  17 0.00    M    M  6.9 14 180   M    M   0 1      17 190
21  89  72  81  15   0  16 0.00    M    M 10.1 16 170   M    M   0        22 210
22  88  68  78  13   0  13 0.00    M    M 10.0 20 210   M    M   0        24 200
23  87  64  76  11   0  11 0.00    M    M  7.8 15 150   M    M   0        18 170
24  89  69  79  15   0  14 0.11    M    M  9.9 22 290   M    M   3 1      28 290
25  69  58  64   0   1   0 0.64    M    M  7.5 25 350   M    M   5 1      29 330
26  72  48  60  -4   5   0 0.00    M    M  7.0 15 280   M    M   0 8      18 300
27  80  50  65   2   0   0 0.00    M    M  6.9 13 280   M    M   0        17 240
28  68  49  59  -4   6   0 0.00    M    M 11.2 22 350   M    M   0        27 350
29  71  47  59  -3   6   0 0.00    M    M  8.1 17 330   M    M   0        21 340
================================================================================
SM 2365 1803        19 224  3.74    M    248.1          M       45
================================================================================
AV 81.6 62.2                               8.6 FASTST   M    M   2    MAX(MPH)
                                 MISC ---->  # 43 300               # 52  320
================================================================================
NOTES:
# LAST OF SEVERAL OCCURRENCES

COLUMN 17 PEAK WIND IN M.P.H.

PRELIMINARY LOCAL CLIMATOLOGICAL DATA (WS FORM: F-6) , PAGE 2

                                          STATION:  New Century Air Center KS
                                          MONTH:    SEPTEMBER
                                          YEAR:     2016
                                          LATITUDE:   38 49 N
                                          LONGITUDE:  94 54 W

[TEMPERATURE DATA]      [PRECIPITATION DATA]       SYMBOLS USED IN COLUMN 16

AVERAGE MONTHLY: 71.9   TOTAL FOR MONTH:   3.74    1 = FOG OR MIST
DPTR FM NORMAL:   3.7   DPTR FM NORMAL:   -0.82    2 = FOG REDUCING VISIBILITY
HIGHEST:    92 ON 20    GRTST 24HR  1.26 ON 13-14      TO 1/4 MILE OR LESS
LOWEST:     47 ON 29                               3 = THUNDER
                        SNOW, ICE PELLETS, HAIL    4 = ICE PELLETS
                        TOTAL MONTH:    M          5 = HAIL
                        GRTST 24HR    M  ON   M    6 = FREEZING RAIN OR DRIZZLE
                        GRTST DEPTH:  M  ON   M    7 = DUSTSTORM OR SANDSTORM:
                                                       VSBY 1/2 MILE OR LESS
                                                   8 = SMOKE OR HAZE
[NO. OF DAYS WITH]      [WEATHER - DAYS WITH]      9 = BLOWING SNOW
                                                   X = TORNADO
MAX 32 OR BELOW:   0    0.01 INCH OR MORE:   6
MAX 90 OR ABOVE:   3    0.10 INCH OR MORE:   6
MIN 32 OR BELOW:   0    0.50 INCH OR MORE:   4
MIN  0 OR BELOW:   0    1.00 INCH OR MORE:   0

[HDD (BASE 65) ]
TOTAL THIS MO.    19    CLEAR  (SCALE 0-3)  22
DPTR FM NORMAL   -33    PTCLDY (SCALE 4-7)   7
TOTAL FM JUL 1    19    CLOUDY (SCALE 8-10)  0
DPTR FM NORMAL   -35

[CDD (BASE 65) ]
TOTAL THIS MO.   224
DPTR FM NORMAL    80    [PRESSURE DATA]
TOTAL FM JAN 1  2028    HIGHEST SLP  0.00 ON M
DPTR FM NORMAL   702    LOWEST  SLP  0.00 ON M

[REMARKS]
