000
CXUS55 KRIW 260901
CF6JAC
PRELIMINARY LOCAL CLIMATOLOGICAL DATA (WS FORM: F-6)

                                          STATION:   JACKSON  WY
                                          MONTH:     NOVEMBER
                                          YEAR:      2014
                                          LATITUDE:   43 35 N
                                          LONGITUDE: 110 44 W

  TEMPERATURE IN F:       :PCPN:    SNOW:  WIND      :SUNSHINE: SKY     :PK WND
================================================================================
1   2   3   4   5  6A  6B    7    8   9   10  11  12  13   14  15   16   17  18
                                     12Z  AVG MX 2MIN
DY MAX MIN AVG DEP HDD CDD  WTR  SNW DPTH SPD SPD DIR MIN PSBL S-S WX    SPD DR
================================================================================

 1  63  34  49  15  16   0    M    M    M  6.2 18 180   M    M   6        30 160
 2  39  30  35   2  30   0    M    M    M  8.1 16 230   M    M   9 1      27 230
 3  39  19  29  -3  36   0    M    M    M  3.9 12 220   M    M   4        18 270
 4  43  16  30  -2  35   0    M    M    M  6.2 16 190   M    M   6        18 160
 5  48  25  37   5  28   0    M    M    M  7.8 21 170   M    M   4        22 170
 6  55  21  38   7  27   0    M    M    M  3.1 12 210   M    M   0         M  M
 7  54  25  40   9  25   0    M    M    M  8.3 17 170   M    M   5        27 200
 8   M  16   M   M   M   M    M    M    M  8.1 18 240   M    M   0        25 210
 9  55  25  40  10  25   0    M    M    M 14.0 32 220   M    M   4        46 220
10  45  19  32   3  33   0    M    M    M  7.2 24 220   M    M   9 3      40 220
11  21   0  11 -18  54   0    M    M    M 10.4 17  10   M    M   7 19     22  50
12   9 -11  -1 -29  66   0    M    M    M  6.7 14 360   M    M   3        22  10
13   9 -18  -4 -32  69   0    M    M    M  1.5  7 360   M    M   5         M  M
14  34   9  22  -5  43   0    M    M    M  4.8 18 190   M    M   9 9      20 220
15  27  -6  11 -15  54   0    M    M    M  6.9 21 230   M    M   7        27 230
16   9 -15  -3 -29  68   0    M    M    M  4.2 13  10   M    M   3         M  M
17   9 -11  -1 -26  66   0    M    M    M  1.2  6  40   M    M   7 1       M  M
18  10   1   6 -19  59   0    M    M    M  0.4  6  70   M    M   6 1       M  M
19  21   1  11 -13  54   0    M    M    M  1.8  8 340   M    M   4         M  M
20  21   M   M   M   M   M    M    M    M  0.5  5 350   M    M   5         M  M
21  30   7  19  -4  46   0    M    M    M  3.2  9 350   M    M   4         M  M
22  34  19  27   4  38   0    M    M    M 13.3 23 170   M    M   8 19     32 170
23  28  19  24   2  41   0    M    M    M 11.9 24 270   M    M   9 19     35 260
24  28  23  26   4  39   0    M    M    M  9.0 18 280   M    M   8        25 270
25  39  23  31  10  34   0    M    M    M 11.2 17 170   M    M  10 19     23 190
================================================================================
SM  770  271       986   0    M     M    159.9          M      142
================================================================================
AV 32.1 11.3                               6.4 FASTST   M    M   6    MAX(MPH)
                                 MISC ---->    32   M               # 46  220
================================================================================
NOTES:
# LAST OF SEVERAL OCCURRENCES

COLUMN 17 PEAK WIND IN M.P.H.

PRELIMINARY LOCAL CLIMATOLOGICAL DATA (WS FORM: F-6) , PAGE 2

                                          STATION:  JACKSON  WY
                                          MONTH:    NOVEMBER
                                          YEAR:     2014
                                          LATITUDE:   43 35 N
                                          LONGITUDE: 110 44 W

[TEMPERATURE DATA]      [PRECIPITATION DATA]       SYMBOLS USED IN COLUMN 16

AVERAGE MONTHLY: 21.7   TOTAL FOR MONTH:      M    1 = FOG OR MIST
DPTR FM NORMAL:  -5.8   DPTR FM NORMAL:       M    2 = FOG REDUCING VISIBILITY
HIGHEST:    63 ON  1    GRTST 24HR    M  ON   M        TO 1/4 MILE OR LESS
LOWEST:    -18 ON 13                               3 = THUNDER
                        SNOW, ICE PELLETS, HAIL    4 = ICE PELLETS
                        TOTAL MONTH:    M          5 = HAIL
                        GRTST 24HR    M  ON   M    6 = FREEZING RAIN OR DRIZZLE
                        GRTST DEPTH:  M  ON   M    7 = DUSTSTORM OR SANDSTORM:
                                                       VSBY 1/2 MILE OR LESS
                                                   8 = SMOKE OR HAZE
[NO. OF DAYS WITH]      [WEATHER - DAYS WITH]      9 = BLOWING SNOW
                                                   X = TORNADO
MAX 32 OR BELOW:  12    0.01 INCH OR MORE:   0
MAX 90 OR ABOVE:   0    0.10 INCH OR MORE:   0
MIN 32 OR BELOW:  23    0.50 INCH OR MORE:   0
MIN  0 OR BELOW:   6    1.00 INCH OR MORE:   0

[HDD (BASE 65) ]
TOTAL THIS MO.   986    CLEAR  (SCALE 0-3)   3
DPTR FM NORMAL    48    PTCLDY (SCALE 4-7)  16
TOTAL FM JUL 1  2265    CLOUDY (SCALE 8-10)  6
DPTR FM NORMAL  -145

[CDD (BASE 65) ]
TOTAL THIS MO.     0
DPTR FM NORMAL     0    [PRESSURE DATA]
TOTAL FM JAN 1     9    HIGHEST SLP M ON M
DPTR FM NORMAL   -34    LOWEST  SLP M ON M

[REMARKS]
