000
CXUS54 KSJT 281210
CF6JCT
PRELIMINARY LOCAL CLIMATOLOGICAL DATA (WS FORM: F-6)

                                          STATION:   JUNCTION
                                          MONTH:     MAY
                                          YEAR:      2016
                                          LATITUDE:   30 18 N
                                          LONGITUDE:  99 28 W

  TEMPERATURE IN F:       :PCPN:    SNOW:  WIND      :SUNSHINE: SKY     :PK WND
================================================================================
1   2   3   4   5  6A  6B    7    8   9   10  11  12  13   14  15   16   17  18
                                     12Z  AVG MX 2MIN
DY MAX MIN AVG DEP HDD CDD  WTR  SNW DPTH SPD SPD DIR MIN PSBL S-S WX    SPD DR
================================================================================

 1  71  59  65  -5   0   0 0.00  0.0    0 12.3 21  60   M    M   8        26  50
 2  64  47  56 -14   9   0    T  0.0    0  8.9 21  20   M    M   7 3      28  20
 3  78  41  60 -10   5   0 0.00  0.0    0  4.9 15  70   M    M   1        20  70
 4  84  46  65  -6   0   0 0.00  0.0    0  6.7 17 320   M    M   0 1      30 340
 5  88  43  66  -5   0   1 0.00  0.0    0  3.7 13  70   M    M   0 8      15  80
 6  88  48  68  -3   0   3 0.00  0.0    0  8.0 20 130   M    M   0        25 150
 7  84  58  71  -1   0   6    T  0.0    0 10.9 31 170   M    M   1 3      42 170
 8  80  68  74   2   0   9    T  0.0    0 10.9 23 160   M    M   3        31 170
 9  91  69  80   8   0  15 0.00  0.0    0 10.7 24 230   M    M   3        33 220
10  96  65  81   9   0  16    T  0.0    0  9.2 35 110   M    M   1 138    42 110
11  90  63  77   4   0  12 0.00  0.0    0  9.3 22  70   M    M   1 3      29  80
12  86  65  76   3   0  11    T  0.0    0  9.0 26  30   M    M   5 18     34  40
13  87  68  78   5   0  13    T  0.0    0  5.7 17 140   M    M   5 13     23 110
14  85  67  76   2   0  11 0.00  0.0    0  7.7 21  60   M    M   6 1      28  60
15  70  64  67  -7   0   2 0.02  0.0    0  8.1 15  80   M    M   9        19  60
16  87  66  77   3   0  12 0.00  0.0    0  9.0 21 150   M    M   6        26 130
17  84  63  74   0   0   9 3.47  0.0    0  9.8 33  60   M    M   6 13     42  60
18  65  58  62 -13   3   0 0.04  0.0    0  9.7 21  80   M    M  10 13     26  30
19  75  56  66  -9   0   1 1.81  0.0    0  5.3 18  70   M    M   7 13     22  50
20  85  57  71  -4   0   6 0.00  0.0    0  4.5 13 120   M    M   5 1      18 110
21  89  71  80   5   0  15 0.00  0.0    0  8.0 16 140   M    M   7        22 160
22  87  72  80   4   0  15 0.00  0.0    0  8.3 18 150   M    M   7 18     24 130
23  87  72  80   4   0  15    T  0.0    0 10.3 18 170   M    M   8        25 160
24  84  73  79   3   0  14    T  0.0    0  9.8 20 160   M    M   8 18     25 160
25  84  75  80   4   0  15 0.00  0.0    0  6.2 16 180   M    M   6 18     20 180
26  93  74  84   7   0  19    T  0.0    0 11.1 31 160   M    M   2 8      39 160
27  94  66  80   3   0  15 0.00  0.0    0  7.2 16 310   M    M   3        23 170
================================================================================
SM 2256 1674        17 235  5.34     0.0 225.2          M      125
================================================================================
AV 83.6 62.0                               8.3 FASTST   M    M   5    MAX(MPH)
                                 MISC ---->  # 35 110               # 42  170
================================================================================
NOTES:
# LAST OF SEVERAL OCCURRENCES

COLUMN 17 PEAK WIND IN M.P.H.

PRELIMINARY LOCAL CLIMATOLOGICAL DATA (WS FORM: F-6) , PAGE 2

                                          STATION:  JUNCTION
                                          MONTH:    MAY
                                          YEAR:     2016
                                          LATITUDE:   30 18 N
                                          LONGITUDE:  99 28 W

[TEMPERATURE DATA]      [PRECIPITATION DATA]       SYMBOLS USED IN COLUMN 16

AVERAGE MONTHLY: 72.8   TOTAL FOR MONTH:   5.34    1 = FOG OR MIST
DPTR FM NORMAL:  -0.7   DPTR FM NORMAL:    2.54    2 = FOG REDUCING VISIBILITY
HIGHEST:    96 ON 10    GRTST 24HR  3.51 ON 17-18      TO 1/4 MILE OR LESS
LOWEST:     41 ON  3                               3 = THUNDER
                        SNOW, ICE PELLETS, HAIL    4 = ICE PELLETS
                        TOTAL MONTH:   0.0 INCH    5 = HAIL
                        GRTST 24HR     0.0         6 = FREEZING RAIN OR DRIZZLE
                        GRTST DEPTH:   0           7 = DUSTSTORM OR SANDSTORM:
                                                       VSBY 1/2 MILE OR LESS
                                                   8 = SMOKE OR HAZE
[NO. OF DAYS WITH]      [WEATHER - DAYS WITH]      9 = BLOWING SNOW
                                                   X = TORNADO
MAX 32 OR BELOW:   0    0.01 INCH OR MORE:   4
MAX 90 OR ABOVE:   5    0.10 INCH OR MORE:   2
MIN 32 OR BELOW:   0    0.50 INCH OR MORE:   2
MIN  0 OR BELOW:   0    1.00 INCH OR MORE:   2

[HDD (BASE 65) ]
TOTAL THIS MO.    17    CLEAR  (SCALE 0-3)  11
DPTR FM NORMAL    10    PTCLDY (SCALE 4-7)  13
TOTAL FM JUL 1  1792    CLOUDY (SCALE 8-10)  3
DPTR FM NORMAL  -424

[CDD (BASE 65) ]
TOTAL THIS MO.   235
DPTR FM NORMAL     0    [PRESSURE DATA]
TOTAL FM JAN 1   371    HIGHEST SLP M ON M
DPTR FM NORMAL   -13    LOWEST  SLP 29.57 ON  9

[REMARKS]
