000
CXUS53 KSGF 280800
CF6JLN
PRELIMINARY LOCAL CLIMATOLOGICAL DATA (WS FORM: F-6)

                                          STATION:   JOPLIN MO
                                          MONTH:     SEPTEMBER
                                          YEAR:      2016
                                          LATITUDE:   37 10 N
                                          LONGITUDE:  94 30 W

  TEMPERATURE IN F:       :PCPN:    SNOW:  WIND      :SUNSHINE: SKY     :PK WND
================================================================================
1   2   3   4   5  6A  6B    7    8   9   10  11  12  13   14  15   16   17  18
                                     12Z  AVG MX 2MIN
DY MAX MIN AVG DEP HDD CDD  WTR  SNW DPTH SPD SPD DIR MIN PSBL S-S WX    SPD DR
================================================================================

 1  81  63  72  -5   0   7 0.00    M    M  6.8 15  40   M    M   5        20  40
 2  79  58  69  -7   0   4 0.00    M    M  5.9 14  40   M    M   1        19  40
 3  82  56  69  -7   0   4 0.00    M    M  3.8 12 140   M    M   0        17 130
 4  86  60  73  -3   0   8 0.00    M    M  8.0 14 160   M    M   0        19 160
 5  91  69  80   5   0  15 0.00    M    M 12.3 21 210   M    M   1        29 220
 6  94  75  85  10   0  20 0.00    M    M 13.2 22 200   M    M   1        28 180
 7  91  76  84  10   0  19 0.00    M    M 14.5 23 200   M    M   0        30 220
 8  85  72  79   5   0  14 1.27    M    M  8.2 18 190   M    M   5 138    23 190
 9  89  67  78   4   0  13 0.43    M    M  9.1 30 330   M    M   5 13     45 310
10  76  56  66  -7   0   1 0.92    M    M  7.5 21 340   M    M   3 13     28 330
11  80  52  66  -7   0   1 0.00    M    M  4.3 14 170   M    M   0 1      18 150
12  86  62  74   2   0   9 0.00    M    M  8.6 16 170   M    M   0 8      22 170
13  87  68  78   6   0  13 0.00    M    M  6.3 13 210   M    M   1        16 220
14  86  67  77   5   0  12    T    M    M  4.1 13 160   M    M   2 13     20  10
15  87  66  77   6   0  12 0.00    M    M  6.1 15 210   M    M   2 3      20 180
16  80  61  71   0   0   6    M    M    M  8.3 24 340   M    M   5 13     33 340
17  81  60  71   1   0   6 0.00    M    M  1.0  7  60   M    M   5 12      8 330
18  84  63  74   4   0   9 0.00    M    M  4.6 13 220   M    M   0        19 280
19  90  67  79  10   0  14 0.00    M    M  6.2 13 200   M    M   1        17 200
20  93  72  83  14   0  18 0.00    M    M  5.4 13 150   M    M   1        16 150
21  87  69  78  10   0  13 0.00    M    M  5.3 13 190   M    M   0        20 170
22  87  67  77   9   0  12 0.00    M    M  7.2 15 210   M    M   0        18 200
23  87  66  77   9   0  12 0.00    M    M  6.5 12 140   M    M   0        14 150
24  89  71  80  13   0  15    T    M    M  8.8 18 280   M    M   2        22 280
25   M   M   M   M   M   M 0.11    M    M  6.4 14 350   M    M   5 1      18 320
26  73  50  62  -4   3   0 0.01    M    M  3.8 14 340   M    M   0 1      20  40
27  80  47  64  -2   1   0 0.00    M    M  8.1 15 240   M    M   0 18     21 220
================================================================================
SM 2211 1660         4 257  2.74    M    190.3          M       45
================================================================================
AV 85.0 63.9                               7.0 FASTST   M    M   2    MAX(MPH)
                                 MISC ---->  # 30 330               # 45  310
================================================================================
NOTES:
# LAST OF SEVERAL OCCURRENCES

COLUMN 17 PEAK WIND IN M.P.H.

PRELIMINARY LOCAL CLIMATOLOGICAL DATA (WS FORM: F-6) , PAGE 2

                                          STATION:  JOPLIN MO
                                          MONTH:    SEPTEMBER
                                          YEAR:     2016
                                          LATITUDE:   37 10 N
                                          LONGITUDE:  94 30 W

[TEMPERATURE DATA]      [PRECIPITATION DATA]       SYMBOLS USED IN COLUMN 16

AVERAGE MONTHLY: 74.4   TOTAL FOR MONTH:   2.74    1 = FOG OR MIST
DPTR FM NORMAL:   3.0   DPTR FM NORMAL:   -1.74    2 = FOG REDUCING VISIBILITY
HIGHEST:    94 ON  6    GRTST 24HR  1.34 ON  9-10      TO 1/4 MILE OR LESS
LOWEST:     47 ON 27                               3 = THUNDER
                        SNOW, ICE PELLETS, HAIL    4 = ICE PELLETS
                        TOTAL MONTH:    M          5 = HAIL
                        GRTST 24HR    M  ON   M    6 = FREEZING RAIN OR DRIZZLE
                        GRTST DEPTH:  M  ON   M    7 = DUSTSTORM OR SANDSTORM:
                                                       VSBY 1/2 MILE OR LESS
                                                   8 = SMOKE OR HAZE
[NO. OF DAYS WITH]      [WEATHER - DAYS WITH]      9 = BLOWING SNOW
                                                   X = TORNADO
MAX 32 OR BELOW:   0    0.01 INCH OR MORE:   5
MAX 90 OR ABOVE:   5    0.10 INCH OR MORE:   4
MIN 32 OR BELOW:   0    0.50 INCH OR MORE:   2
MIN  0 OR BELOW:   0    1.00 INCH OR MORE:   1

[HDD (BASE 65) ]
TOTAL THIS MO.     4    CLEAR  (SCALE 0-3)  21
DPTR FM NORMAL   -24    PTCLDY (SCALE 4-7)   6
TOTAL FM JUL 1     4    CLOUDY (SCALE 8-10)  0
DPTR FM NORMAL   -25

[CDD (BASE 65) ]
TOTAL THIS MO.   257
DPTR FM NORMAL    54    [PRESSURE DATA]
TOTAL FM JAN 1  1744    HIGHEST SLP M ON M
DPTR FM NORMAL   114    LOWEST  SLP 29.83 ON  9

[REMARKS]
