000
CXUS53 KBIS 280735
CF6JMS
PRELIMINARY LOCAL CLIMATOLOGICAL DATA (WS FORM: F-6)

                                          STATION:   JAMESTOWN ND
                                          MONTH:     MARCH
                                          YEAR:      2015
                                          LATITUDE:   46 55 N
                                          LONGITUDE:  98 40 W

  TEMPERATURE IN F:       :PCPN:    SNOW:  WIND      :SUNSHINE: SKY     :PK WND
================================================================================
1   2   3   4   5  6A  6B    7    8   9   10  11  12  13   14  15   16   17  18
                                     12Z  AVG MX 2MIN
DY MAX MIN AVG DEP HDD CDD  WTR  SNW DPTH SPD SPD DIR MIN PSBL S-S WX    SPD DR
================================================================================

 1  22  -3  10 -10  55   0 0.00    M    M 11.9 24 320   M    M   0        29 320
 2  32  -5  14  -7  51   0 0.00    M    M 14.9 35 170   M    M   0        41 180
 3  25  -2  12  -9  53   0    T    M    M 22.8 37 320   M    M   6 89     46 320
 4   2 -11  -4 -26  69   0    T    M    M 12.8 23 320   M    M   3 89     29 300
 5  28 -12   8 -14  57   0 0.00    M    M 10.7 22 190   M    M   0        27 190
 6  40  14  27   4  38   0    T    M    M 10.8 22 300   M    M   2        29 300
 7  43  30  37  14  28   0 0.00    M    M 11.5 23 310   M    M   5        29 320
 8  46  25  36  12  29   0 0.00    M    M 10.8 20 290   M    M   3        24 300
 9  57  29  43  19  22   0 0.00    M    M 10.3 21 210   M    M   0        27 200
10  53  29  41  16  24   0 0.00    M    M 11.0 22 340   M    M   2        26 320
11  57  27  42  17  23   0 0.00    M    M 10.5 24 170   M    M   2        30 150
12  67  31  49  23  16   0 0.00    M    M  5.9 15 310   M    M   0        19 310
13  50  29  40  14  25   0 0.00    M    M 12.2 23 320   M    M   4 1      29 320
14  69  28  49  23  16   0 0.00    M    M 10.9 23 220   M    M   0        29 220
15  72  46  59  32   6   0 0.00    M    M 11.5 23 290   M    M   3        28 300
16  47  22  35   7  30   0    T    M    M 13.6 28  20   M    M   3 1      34  20
17  44  18  31   3  34   0 0.00    M    M  5.6 13 320   M    M   0        17 190
18  36  26  31   3  34   0 0.06    M    M  8.9 15 210   M    M   8 1      21 220
19  42  28  35   6  30   0    T    M    M  8.2 21 310   M    M   8 1      24 310
20  43  27  35   6  30   0    T    M    M  9.3 18  30   M    M   8 1      20  70
21  31  20  26  -4  39   0 0.00    M    M 11.2 18  90   M    M   4        25  90
22  36  19  28  -2  37   0    T    M    M 12.1 20 120   M    M   7 8      23 120
23  41  25  33   2  32   0 0.00    M    M 13.3 21 170   M    M   8 1      24 180
24  42  31  37   6  28   0 0.01    M    M 18.7 33 280   M    M   8 18     41 280
25  40  27  34   2  31   0    T    M    M 23.6 36 310   M    M  10 1      47 310
26  38  17  28  -4  37   0 0.00    M    M  8.6 21  30   M    M   4        27  30
27  30  14  22 -11  43   0 0.16    M    M 11.9 20 170   M    M   7 16     23 170
================================================================================
SM 1133  529       917   0  0.23    M    323.5          M      105
================================================================================
AV 42.0 19.6                              12.0 FASTST   M    M   4    MAX(MPH)
                                 MISC ---->  # 37 320               # 47  310
================================================================================
NOTES:
# LAST OF SEVERAL OCCURRENCES

COLUMN 17 PEAK WIND IN M.P.H.

PRELIMINARY LOCAL CLIMATOLOGICAL DATA (WS FORM: F-6) , PAGE 2

                                          STATION:  JAMESTOWN ND
                                          MONTH:    MARCH
                                          YEAR:     2015
                                          LATITUDE:   46 55 N
                                          LONGITUDE:  98 40 W

[TEMPERATURE DATA]      [PRECIPITATION DATA]       SYMBOLS USED IN COLUMN 16

AVERAGE MONTHLY: 30.8   TOTAL FOR MONTH:   0.23    1 = FOG OR MIST
DPTR FM NORMAL:   4.3   DPTR FM NORMAL:   -0.48    2 = FOG REDUCING VISIBILITY
HIGHEST:    72 ON 15    GRTST 24HR  0.16 ON 27-27      TO 1/4 MILE OR LESS
LOWEST:    -12 ON  5                               3 = THUNDER
                        SNOW, ICE PELLETS, HAIL    4 = ICE PELLETS
                        TOTAL MONTH:    M          5 = HAIL
                        GRTST 24HR    M  ON   M    6 = FREEZING RAIN OR DRIZZLE
                        GRTST DEPTH:  M  ON   M    7 = DUSTSTORM OR SANDSTORM:
                                                       VSBY 1/2 MILE OR LESS
                                                   8 = SMOKE OR HAZE
[NO. OF DAYS WITH]      [WEATHER - DAYS WITH]      9 = BLOWING SNOW
                                                   X = TORNADO
MAX 32 OR BELOW:   7    0.01 INCH OR MORE:   3
MAX 90 OR ABOVE:   0    0.10 INCH OR MORE:   1
MIN 32 OR BELOW:  26    0.50 INCH OR MORE:   0
MIN  0 OR BELOW:   5    1.00 INCH OR MORE:   0

[HDD (BASE 65) ]
TOTAL THIS MO.   917    CLEAR  (SCALE 0-3)  13
DPTR FM NORMAL  -121    PTCLDY (SCALE 4-7)  10
TOTAL FM JUL 1  7654    CLOUDY (SCALE 8-10)  4
DPTR FM NORMAL  -143

[CDD (BASE 65) ]
TOTAL THIS MO.     0
DPTR FM NORMAL     0    [PRESSURE DATA]
TOTAL FM JAN 1     0    HIGHEST SLP  0.00 ON 21
DPTR FM NORMAL     0    LOWEST  SLP 29.57 ON 24

[REMARKS]
