000
CXUS53 KGRR 281017
CF6JXN
PRELIMINARY LOCAL CLIMATOLOGICAL DATA (WS FORM: F-6)

                                          STATION:   JACKSON
                                          MONTH:     MARCH
                                          YEAR:      2017
                                          LATITUDE:   42 16 N
                                          LONGITUDE:  84 28 W

  TEMPERATURE IN F:       :PCPN:    SNOW:  WIND      :SUNSHINE: SKY     :PK WND
================================================================================
1   2   3   4   5  6A  6B    7    8   9   10  11  12  13   14  15   16   17  18
                                     12Z  AVG MX 2MIN
DY MAX MIN AVG DEP HDD CDD  WTR  SNW DPTH SPD SPD DIR MIN PSBL S-S WX    SPD DR
================================================================================

 1  56  26  41  11  24   0 0.85    M    M 16.3 36 290   M    M   9 13     45 270
 2  33  23  28  -2  37   0    T    M    M 13.5 23 310   M    M   9 18     30 300
 3  29  18  24  -7  41   0    T    M    M 11.0 21 290   M    M   4        27 320
 4  33  15  24  -7  41   0 0.00    M    M  8.0 15 130   M    M   1        19 140
 5  48  23  36   5  29   0 0.00    M    M 12.9 22 150   M    M   5        30 140
 6  57  43  50  18  15   0 0.00    M    M 13.4 24 190   M    M  10 1      33 180
 7  58  40  49  17  16   0 0.02    M    M 16.7 31 240   M    M   6        44 230
 8  50  39  45  13  20   0 0.00    M    M 23.7 43 250   M    M   1        62 240
 9  42  29  36   3  29   0    T    M    M  8.6 25 270   M    M   6        35 280
10  32  13  23 -10  42   0 0.00    M    M 14.3 26 310   M    M   3        38 340
11  29  13  21 -13  44   0 0.00    M    M  9.5 18 300   M    M   4        30 280
12  31  12  22 -12  43   0 0.00    M    M  4.4 14 340   M    M   4        19 350
13  26  19  23 -11  42   0 0.16    M    M  9.7 17  60   M    M  10 128    24 150
14  22  12  17 -18  48   0    T    M    M 10.9 23  10   M    M   4 1      30 350
15  30  11  21 -14  44   0    T    M    M 14.2 24 300   M    M   3        32 300
16  40  14  27  -9  38   0 0.00    M    M  6.4 18 300   M    M   1        23 300
17  34  21  28  -8  37   0 0.11    M    M  7.3 17 180   M    M   7 168    23 180
18  39  33  36   0  29   0 0.12    M    M  7.6 15 310   M    M  10 12     18 290
19  42  32  37   0  28   0 0.00    M    M  5.8 12 150   M    M   8        15 160
20  50  33  42   5  23   0 0.17    M    M  5.7 16 180   M    M   8 1238   22 180
21  54  25  40   2  25   0 0.00    M    M 11.4 23 360   M    M   2 12     34  20
22  37  18  28 -10  37   0 0.00    M    M  7.3 18 350   M    M   0        24 350
23  47  21  34  -4  31   0 0.18    M    0 10.4 20 150   M    M   3 13     25 140
24  77  36  57  18   8   0 0.83    M    0 15.5 28 230   M    M   3 13     35 240
25  48  41  45   6  20   0 0.29    M    0 11.4 22 110   M    M  10 18     30 100
26  56  40  48   8  17   0 0.11    M    0  7.8 17 110   M    M  10 1      22 100
27  59  49  54  14  11   0 0.01    M    0  7.0 15 250   M    M  10 1      19 250
================================================================================
SM 1159  699       819   0  2.85    M    290.7          M      151
================================================================================
AV 42.9 25.9                              10.8 FASTST   M    M   6    MAX(MPH)
                                 MISC ---->  # 43 250               # 62  240
================================================================================
NOTES:
# LAST OF SEVERAL OCCURRENCES

COLUMN 17 PEAK WIND IN M.P.H.

PRELIMINARY LOCAL CLIMATOLOGICAL DATA (WS FORM: F-6) , PAGE 2

                                          STATION:  JACKSON
                                          MONTH:    MARCH
                                          YEAR:     2017
                                          LATITUDE:   42 16 N
                                          LONGITUDE:  84 28 W

[TEMPERATURE DATA]      [PRECIPITATION DATA]       SYMBOLS USED IN COLUMN 16

AVERAGE MONTHLY: 34.4   TOTAL FOR MONTH:   2.85    1 = FOG OR MIST
DPTR FM NORMAL:  -0.4   DPTR FM NORMAL:    1.24    2 = FOG REDUCING VISIBILITY
HIGHEST:    77 ON 24    GRTST 24HR  0.85 ON  1- 1      TO 1/4 MILE OR LESS
LOWEST:     11 ON 15                               3 = THUNDER
                        SNOW, ICE PELLETS, HAIL    4 = ICE PELLETS
                        TOTAL MONTH:    M          5 = HAIL
                        GRTST 24HR    M  ON   M    6 = FREEZING RAIN OR DRIZZLE
                        GRTST DEPTH:   0           7 = DUSTSTORM OR SANDSTORM:
                                                       VSBY 1/2 MILE OR LESS
                                                   8 = SMOKE OR HAZE
[NO. OF DAYS WITH]      [WEATHER - DAYS WITH]      9 = BLOWING SNOW
                                                   X = TORNADO
MAX 32 OR BELOW:   7    0.01 INCH OR MORE:  11
MAX 90 OR ABOVE:   0    0.10 INCH OR MORE:   9
MIN 32 OR BELOW:  18    0.50 INCH OR MORE:   2
MIN  0 OR BELOW:   0    1.00 INCH OR MORE:   0

[HDD (BASE 65) ]
TOTAL THIS MO.   819    CLEAR  (SCALE 0-3)   7
DPTR FM NORMAL     5    PTCLDY (SCALE 4-7)  11
TOTAL FM JUL 1  4827    CLOUDY (SCALE 8-10)  9
DPTR FM NORMAL  -901

[CDD (BASE 65) ]
TOTAL THIS MO.     0
DPTR FM NORMAL     0    [PRESSURE DATA]
TOTAL FM JAN 1     0    HIGHEST SLP M ON M
DPTR FM NORMAL     0    LOWEST  SLP 29.34 ON  1

[REMARKS]
