000
CXUS53 KGRR 301017
CF6JXN
PRELIMINARY LOCAL CLIMATOLOGICAL DATA (WS FORM: F-6)

                                          STATION:   JACKSON
                                          MONTH:     SEPTEMBER
                                          YEAR:      2016
                                          LATITUDE:   42 16 N
                                          LONGITUDE:  84 28 W

  TEMPERATURE IN F:       :PCPN:    SNOW:  WIND      :SUNSHINE: SKY     :PK WND
================================================================================
1   2   3   4   5  6A  6B    7    8   9   10  11  12  13   14  15   16   17  18
                                     12Z  AVG MX 2MIN
DY MAX MIN AVG DEP HDD CDD  WTR  SNW DPTH SPD SPD DIR MIN PSBL S-S WX    SPD DR
================================================================================

 1  74  56  65  -2   0   0 0.00    M    M  7.6 17  10   M    M   3        23  10
 2  74  53  64  -3   1   0 0.00    M    M  6.1 15  30   M    M   2        20  30
 3  76  49  63  -4   2   0 0.00    M    M  3.1 10  80   M    M   1 1      14  80
 4  79  49  64  -2   1   0 0.00    M    M  3.9 12 180   M    M   1 1      16 170
 5  84  56  70   4   0   5 0.00    M    M  6.3 16 200   M    M   1        20 200
 6  89  68  79  13   0  14 0.00    M    M  8.2 17 250   M    M   1        21 220
 7  90  74  82  17   0  17 0.00    M    M  9.2 17 220   M    M   1 3      24 210
 8  81  67  74   9   0   9 0.01    M    M  7.6 17 240   M    M   7        24 270
 9  82  64  73   8   0   8 0.14    M    M  4.6 14 140   M    M   5 12     17 140
10  73  59  66   2   0   1 0.96    M    M 10.5 20 250   M    M   8        26 270
11  71  53  62  -2   3   0 0.00    M    M  3.5 10 350   M    M   1        14  30
12  75  53  64   1   1   0 0.00    M    M  6.0 14 160   M    M   1        23 210
13  82  54  68   5   0   3 0.00    M    M  6.5 15 210   M    M   1 3      26 110
14  73  58  66   3   0   1 0.03    M    M  5.8 13  30   M    M   5 3      16  30
15  73  51  62   0   3   0 0.00    M    M  4.6 10 110   M    M   0        13  80
16  78  53  66   4   0   1 0.00    M    M  7.5 15 150   M    M   0        20 160
17  76  66  71  10   0   6 0.58    M    M  7.5 15 280   M    M   6        20 280
18  78  57  68   7   0   3 0.00    M    M  3.8 12 270   M    M   1 1      15 270
19  82  52  67   7   0   2 0.00    M    M  3.9 13 220   M    M   0 1      15 210
20  80  56  68   8   0   3 0.00    M    M  3.6 12  10   M    M   2        16  30
21  83  55  69   9   0   4 0.00    M    M  3.5 17 320   M    M   1        25 310
22  83  60  72  13   0   7 0.00    M    M  2.7 13 240   M    M   0 1      14 240
23  75  60  68   9   0   3 0.00    M    M  5.8 15  50   M    M   8 1      21  50
24  72  53  63   5   2   0 0.00    M    M  6.4 12  80   M    M   3        15  80
25  74  50  62   4   3   0    T    M    M  8.2 16 150   M    M   2        20 140
26  68  53  61   3   4   0 0.04    M    M 10.5 25 250   M    M   5        34 260
27  68  50  59   2   6   0 0.00    M    M 10.5 25 240   M    M   2        33 220
28  64  49  57   0   8   0 0.43    M    M  7.0 16  50   M    M   5        22 100
29  63  57  60   4   5   0 1.10    M    M  9.7 16  40   M    M  10 1      22  30
================================================================================
SM 2220 1635        39  87  3.29    M    184.1          M       83
================================================================================
AV 76.6 56.4                               6.3 FASTST   M    M   3    MAX(MPH)
                                 MISC ---->  # 25 250               # 34  260
================================================================================
NOTES:
# LAST OF SEVERAL OCCURRENCES

COLUMN 17 PEAK WIND IN M.P.H.

PRELIMINARY LOCAL CLIMATOLOGICAL DATA (WS FORM: F-6) , PAGE 2

                                          STATION:  JACKSON
                                          MONTH:    SEPTEMBER
                                          YEAR:     2016
                                          LATITUDE:   42 16 N
                                          LONGITUDE:  84 28 W

[TEMPERATURE DATA]      [PRECIPITATION DATA]       SYMBOLS USED IN COLUMN 16

AVERAGE MONTHLY: 66.5   TOTAL FOR MONTH:   3.29    1 = FOG OR MIST
DPTR FM NORMAL:   4.4   DPTR FM NORMAL:   -0.08    2 = FOG REDUCING VISIBILITY
HIGHEST:    90 ON  7    GRTST 24HR  1.34 ON 28-29      TO 1/4 MILE OR LESS
LOWEST:     49 ON 28, 4                            3 = THUNDER
                        SNOW, ICE PELLETS, HAIL    4 = ICE PELLETS
                        TOTAL MONTH:    M          5 = HAIL
                        GRTST 24HR    M  ON   M    6 = FREEZING RAIN OR DRIZZLE
                        GRTST DEPTH:  M  ON   M    7 = DUSTSTORM OR SANDSTORM:
                                                       VSBY 1/2 MILE OR LESS
                                                   8 = SMOKE OR HAZE
[NO. OF DAYS WITH]      [WEATHER - DAYS WITH]      9 = BLOWING SNOW
                                                   X = TORNADO
MAX 32 OR BELOW:   0    0.01 INCH OR MORE:   8
MAX 90 OR ABOVE:   1    0.10 INCH OR MORE:   5
MIN 32 OR BELOW:   0    0.50 INCH OR MORE:   3
MIN  0 OR BELOW:   0    1.00 INCH OR MORE:   1

[HDD (BASE 65) ]
TOTAL THIS MO.    39    CLEAR  (SCALE 0-3)  18
DPTR FM NORMAL  -106    PTCLDY (SCALE 4-7)  10
TOTAL FM JUL 1    43    CLOUDY (SCALE 8-10)  1
DPTR FM NORMAL  -137

[CDD (BASE 65) ]
TOTAL THIS MO.    87
DPTR FM NORMAL    29    [PRESSURE DATA]
TOTAL FM JAN 1   815    HIGHEST SLP M ON M
DPTR FM NORMAL   228    LOWEST  SLP 29.72 ON 27

[REMARKS]
