000
CXUS53 KGRR 301017
CF6JXN
PRELIMINARY LOCAL CLIMATOLOGICAL DATA (WS FORM: F-6)

                                          STATION:   JACKSON MI
                                          MONTH:     SEPTEMBER
                                          YEAR:      2014
                                          LATITUDE:   42 16 N
                                          LONGITUDE:  84 28 W

  TEMPERATURE IN F:       :PCPN:    SNOW:  WIND      :SUNSHINE: SKY     :PK WND
================================================================================
1   2   3   4   5  6A  6B    7    8   9   10  11  12  13   14  15   16   17  18
                                     12Z  AVG MX 2MIN
DY MAX MIN AVG DEP HDD CDD  WTR  SNW DPTH SPD SPD DIR MIN PSBL S-S WX    SPD DR
================================================================================

 1  84  67  76   9   0  11 0.04    M    M  8.6 17 230   0    0   0        30 200
 2  78  60  69   2   0   4 0.00    M    M  4.9 13 280   M    M   3        19 300
 3  83  55  69   2   0   4 0.00    M    M  2.6 13 210   M    M   1 1      17 190
 4  86  61  74   8   0   9 0.00    M    M  7.6 20 180   M    M   1        26 220
 5  93  68  81  15   0  16 0.04    M    M  9.4 26 280   M    M   1 3      39 260
 6  75  55  65  -1   0   0 0.01    M    M  4.6 10 300   M    M   6        16 310
 7  78  47  63  -2   2   0 0.00    M    M  0.5  8 210   M    M   0 1      11 250
 8  78  49  64  -1   1   0 0.00    M    M  4.5 13 130   M    M   0 1      17 150
 9  79  54  67   2   0   2 0.00    M    M  4.2 13 210   M    M   2        15 210
10  75  61  68   4   0   3 0.73    M    M 10.7 21 300   M    M   7 1      31 300
11  61  50  56  -8   9   0 0.00    M    M  7.0 17 290   M    M  10        26 300
12  57  48  53 -10  12   0 0.08    M    M  3.4  8  20   M    M  10 1      13  30
13  60  40  50 -13  15   0 0.49    M    M  5.1 14 300   M    M   6 1      22 300
14  64  38  51 -12  14   0 0.00  0.0    M  2.8 13 220   M    M   6 1      18 210
15  61  42  52 -10  13   0 0.02    M    M  3.3 12 230   M    M   7 1      17 320
16  66  43  55  -7  10   0 0.00    M    M  2.7 10 250   M    M   5 1      14 240
17  67  37  52  -9  13   0 0.00    M    M  2.3 14 240   M    M   1 1      22 240
18  69  40  55  -6  10   0 0.00    M    M  2.8 10  30   M    M   1 1      14  30
19  69  42  56  -4   9   0 0.00    M    M  6.0 13 150   M    M   0 1      16 140
20  78  53  66   6   0   1 0.44    M    M 10.8 22 220   M    M   4 13     35 210
21  68  47  58  -2   7   0 0.12    M    M 12.0 23 240   M    M  10 1      38 320
22  63  43  53  -6  12   0 0.00    M    M  4.5 13 290   M    M   4        17 300
23  73  40  57  -2   8   0 0.00    M    M  2.1  9 240   M    M   0 1      14 220
24  74  44  59   1   6   0 0.00    M    M  5.3 13 120   M    M   0 12     16 120
25  75  49  62   4   3   0 0.00    M    M  3.9  9 120   M    M   2 12     13 100
26  76  51  64   6   1   0 0.00    M    M  2.3  9 190   M    M   4 12     14 150
27  78  45  62   5   3   0 0.00    M    M  3.1 10 130   M    M   1 12     15 120
28  77  47  62   5   3   0 0.00    M    M  0.7  8 230   M    M   1 12     11 160
29  78  46  62   6   3   0 0.03    M    M  2.4 10 280   M    M   1 1      14 310
================================================================================
SM 2123 1422       154  50  2.00     0.0 140.1            0     94
================================================================================
AV 73.2 49.0                               4.8 FASTST    0   0   3    MAX(MPH)
                                 MISC ---->  # 26 280               # 39  260
================================================================================
NOTES:
# LAST OF SEVERAL OCCURRENCES

COLUMN 17 PEAK WIND IN M.P.H.

PRELIMINARY LOCAL CLIMATOLOGICAL DATA (WS FORM: F-6) , PAGE 2

                                          STATION:  JACKSON MI
                                          MONTH:    SEPTEMBER
                                          YEAR:     2014
                                          LATITUDE:   42 16 N
                                          LONGITUDE:  84 28 W

[TEMPERATURE DATA]      [PRECIPITATION DATA]       SYMBOLS USED IN COLUMN 16

AVERAGE MONTHLY: 61.1   TOTAL FOR MONTH:   2.00    1 = FOG OR MIST
DPTR FM NORMAL:  -0.9   DPTR FM NORMAL:   -1.37    2 = FOG REDUCING VISIBILITY
HIGHEST:    93 ON  5    GRTST 24HR  0.73 ON 10-10      TO 1/4 MILE OR LESS
LOWEST:     37 ON 17                               3 = THUNDER
                        SNOW, ICE PELLETS, HAIL    4 = ICE PELLETS
                        TOTAL MONTH:   0.0 INCH    5 = HAIL
                        GRTST 24HR     0.0         6 = FREEZING RAIN OR DRIZZLE
                        GRTST DEPTH:  M  ON   M    7 = DUSTSTORM OR SANDSTORM:
                                                       VSBY 1/2 MILE OR LESS
                                                   8 = SMOKE OR HAZE
[NO. OF DAYS WITH]      [WEATHER - DAYS WITH]      9 = BLOWING SNOW
                                                   X = TORNADO
MAX 32 OR BELOW:   0    0.01 INCH OR MORE:  10
MAX 90 OR ABOVE:   1    0.10 INCH OR MORE:   4
MIN 32 OR BELOW:   0    0.50 INCH OR MORE:   1
MIN  0 OR BELOW:   0    1.00 INCH OR MORE:   0

[HDD (BASE 65) ]
TOTAL THIS MO.   154    CLEAR  (SCALE 0-3)  17
DPTR FM NORMAL     9    PTCLDY (SCALE 4-7)   9
TOTAL FM JUL 1   196    CLOUDY (SCALE 8-10)  3
DPTR FM NORMAL    16

[CDD (BASE 65) ]
TOTAL THIS MO.    50
DPTR FM NORMAL    -8    [PRESSURE DATA]
TOTAL FM JAN 1   496    HIGHEST SLP  0.00 ON  1
DPTR FM NORMAL   -91    LOWEST  SLP 29.52 ON 10

[REMARKS]
