000
CXUS53 KGID 260730
CF6JYR
PRELIMINARY LOCAL CLIMATOLOGICAL DATA (WS FORM: F-6)

                                          STATION:   YORK
                                          MONTH:     JULY
                                          YEAR:      2017
                                          LATITUDE:   40 54 N
                                          LONGITUDE:  97 37 W

  TEMPERATURE IN F:       :PCPN:    SNOW:  WIND      :SUNSHINE: SKY     :PK WND
================================================================================
1   2   3   4   5  6A  6B    7    8   9   10  11  12  13   14  15   16   17  18
                                     12Z  AVG MX 2MIN
DY MAX MIN AVG DEP HDD CDD  WTR  SNW DPTH SPD SPD DIR MIN PSBL S-S WX    SPD DR
================================================================================

 1  84  55  70   M   0   5 0.00    M    M  7.1 13 230   M    M   0        17 240
 2  84  63  74   M   0   9 0.03    M    M  7.6 12 200   M    M   3 3      20 150
 3  86  66  76   M   0  11 0.00    M    M  4.9  9 170   M    M   0        16 150
 4  86  66  76   M   0  11 0.00    M    M  6.5 23 130   M    M   1 1      31 130
 5  86  59  73   M   0   8 0.00    M    M  5.7  9 170   M    M   0 1       M  M
 6  95  66  81   M   0  16 0.00    M    M  7.7 13 240   M    M   0        17 240
 7  79  63  71   M   0   6    T    M    M  6.7 15  30   M    M   0        21  50
 8  86  55  71   M   0   6 0.00    M    M  3.5  9 170   M    M   0         M  M
 9  93  66  80   M   0  15 0.00    M    M  7.0 13 210   M    M   0        17 200
10  91  72  82   M   0  17 0.00    M    M  8.2 12 100   M    M   0 3      18 220
11  93  72  83   M   0  18 0.00    M    M  9.6 16 110   M    M   0 3      17 190
12  82  68  75   M   0  10    M    M    M  8.8 17 280   M    M   4 3      27 280
13  81  68  75   M   0  10 2.05    M    M  3.6  9  60   M    M   3 13      M  M
14  84  63  74   M   0   9 0.02    M    M  3.5 10  70   M    M   4 12      M  M
15  88  68  78   M   0  13 0.00    M    M  3.5  8 200   M    M   1         M  M
16  90  66  78   M   0  13 0.00    M    M  0.7  8 170   M    M   0         M  M
17  90  66  78   M   0  13    T    M    M  6.3 14 250   M    M   1 3      17 250
18  86  68  77   M   0  12 0.22    M    M  5.5 16 200   M    M   4 3      22 200
19  91  73  82   M   0  17 0.00    M    M 10.9 17 190   M    M   0        28 180
20  91  72  82   M   0  17 0.00    M    M  4.5  9 140   M    M   0         M  M
21  95  75  85   M   0  20 0.00    M    M  8.2 14 200   M    M   0        21 200
22  88  68  78   M   0  13    T    M    M  7.4 15  10   M    M   2 1      29  40
23  84  64  74   M   0   9 0.00    M    M  4.3  9  50   M    M   0 1       M  M
24  90  63  77   M   0  12 0.00    M    0  7.7 13 150   M    M   0        16 150
25  91  72  82   M   0  17 0.00    M    0 10.1 15 190   M    M   0        18 210
================================================================================
SM 2194 1657         0 307  2.32    M    159.5          M       23
================================================================================
AV 87.8 66.3                               6.4 FASTST   M    M   1    MAX(MPH)
                                 MISC ---->  # 23 130               # 31  130
================================================================================
NOTES:
# LAST OF SEVERAL OCCURRENCES

COLUMN 17 PEAK WIND IN M.P.H.

PRELIMINARY LOCAL CLIMATOLOGICAL DATA (WS FORM: F-6) , PAGE 2

                                          STATION:  YORK
                                          MONTH:    JULY
                                          YEAR:     2017
                                          LATITUDE:   40 54 N
                                          LONGITUDE:  97 37 W

[TEMPERATURE DATA]      [PRECIPITATION DATA]       SYMBOLS USED IN COLUMN 16

AVERAGE MONTHLY: 77.0   TOTAL FOR MONTH:   2.32    1 = FOG OR MIST
DPTR FM NORMAL:     M   DPTR FM NORMAL:       M    2 = FOG REDUCING VISIBILITY
HIGHEST:    95 ON 21, 6 GRTST 24HR  2.05 ON 13-13      TO 1/4 MILE OR LESS
LOWEST:     55 ON  8, 1                            3 = THUNDER
                        SNOW, ICE PELLETS, HAIL    4 = ICE PELLETS
                        TOTAL MONTH:    M          5 = HAIL
                        GRTST 24HR    M  ON   M    6 = FREEZING RAIN OR DRIZZLE
                        GRTST DEPTH:   0           7 = DUSTSTORM OR SANDSTORM:
                                                       VSBY 1/2 MILE OR LESS
                                                   8 = SMOKE OR HAZE
[NO. OF DAYS WITH]      [WEATHER - DAYS WITH]      9 = BLOWING SNOW
                                                   X = TORNADO
MAX 32 OR BELOW:   0    0.01 INCH OR MORE:   4
MAX 90 OR ABOVE:  11    0.10 INCH OR MORE:   2
MIN 32 OR BELOW:   0    0.50 INCH OR MORE:   1
MIN  0 OR BELOW:   0    1.00 INCH OR MORE:   1

[HDD (BASE 65) ]
TOTAL THIS MO.     0    CLEAR  (SCALE 0-3)  22
DPTR FM NORMAL     M    PTCLDY (SCALE 4-7)   3
TOTAL FM JUL 1     0    CLOUDY (SCALE 8-10)  0
DPTR FM NORMAL     M

[CDD (BASE 65) ]
TOTAL THIS MO.   307
DPTR FM NORMAL     M    [PRESSURE DATA]
TOTAL FM JAN 1   625    HIGHEST SLP M ON M
DPTR FM NORMAL     M    LOWEST  SLP M ON M

[REMARKS]
