000
CXUS53 KGID 270730
CF6JYR
PRELIMINARY LOCAL CLIMATOLOGICAL DATA (WS FORM: F-6)

                                          STATION:   YORK
                                          MONTH:     AUGUST
                                          YEAR:      2014
                                          LATITUDE:   40 54 N
                                          LONGITUDE:  97 37 W

  TEMPERATURE IN F:       :PCPN:    SNOW:  WIND      :SUNSHINE: SKY     :PK WND
================================================================================
1   2   3   4   5  6A  6B    7    8   9   10  11  12  13   14  15   16   17  18
                                     12Z  AVG MX 2MIN
DY MAX MIN AVG DEP HDD CDD  WTR  SNW DPTH SPD SPD DIR MIN PSBL S-S WX    SPD DR
================================================================================

 1  81  55  68   M   0   3 0.00    M    M  6.4 13  20   M    M   1 1      17  20
 2  86  59  73   M   0   8 0.00    M    M  6.0 13 160   M    M   1         M  M
 3  86  59  73   M   0   8 0.00    M    M  6.0 10 180   M    M   0         M  M
 4  84  64  74   M   0   9 0.00    M    M  6.7  9  60   M    M   0 13      M  M
 5  88  68  78   M   0  13 0.00    M    M 10.6 15 110   M    M   2 1      21 140
 6  81  68  75   M   0  10 0.23    M    M  7.6 15 120   M    M   6 1       M  M
 7  77  64  71   M   0   6 0.01    M    M  6.1  9  20   M    M   8 12      M  M
 8  81  63  72   M   0   7 0.12    M    M  6.4 28 330   M    M   7 123    38 330
 9  81  63  72   M   0   7 1.26    M    M  9.5 17 280   M    M   8 13     24 280
10  81  64  73   M   0   8 0.13    M    M  5.0 12 360   M    M   3 3       M  M
11  78  51  65   M   0   0 0.00    M    M  8.8 15 360   M    M   1        21 360
12  78  53  66   M   0   1 0.00    M    M  4.4  8 360   M    M   0         M  M
13  82  53  68   M   0   3 0.00    M    M  5.4  9 180   M    M   0         M  M
14  84  62  73   M   0   8 0.00    M    M 10.8 16 140   M    M   0 3      22 140
15  75  66  71   M   0   6    T    M    M  7.1 14 130   M    M   4 18      M  M
16  82  66  74   M   0   9    T    M    M  2.5  6 160   M    M   6 12      M  M
17  86  63  75   M   0  10 0.07    M    M  6.1 18 130   M    M   4 1238   36 340
18  84  59  72   M   0   7 0.00    M    M  4.9 20 120   M    M   0        24 120
19  86  64  75   M   0  10 0.00    M    M  4.7  8 140   M    M   0 18      M  M
20  90  72  81   M   0  16 0.00    M    M 10.6 18 170   M    M   0        27 170
21  86  70  78   M   0  13 0.17    M    M   M   M   M   M    M   M         M  M
22  86  66  76   M   0  11 1.08    M    M  4.5 12 280   M    M   3 3      23 280
23  88  68  78   M   0  13 0.00    M    M  9.9 15 120   M    M   2 3      22 120
24  81  64  73   M   0   8    T    M    M  5.8 12 180   M    M   0         M  M
25  72  57  65   M   0   0 2.90    M    M 10.2 23  40   M    M   2 3      31 360
26  77  59  68   M   0   3 1.14    M    M  5.7 10  50   M    M   3 3      25  10
================================================================================
SM 2141 1620         0 197  7.11    M    171.7          M       61
================================================================================
AV 82.3 62.3                               6.9 FASTST   M    M   2    MAX(MPH)
                                 MISC ---->    28   M               # 38  330
================================================================================
NOTES:
# LAST OF SEVERAL OCCURRENCES

COLUMN 17 PEAK WIND IN M.P.H.

PRELIMINARY LOCAL CLIMATOLOGICAL DATA (WS FORM: F-6) , PAGE 2

                                          STATION:  YORK
                                          MONTH:    AUGUST
                                          YEAR:     2014
                                          LATITUDE:   40 54 N
                                          LONGITUDE:  97 37 W

[TEMPERATURE DATA]      [PRECIPITATION DATA]       SYMBOLS USED IN COLUMN 16

AVERAGE MONTHLY: 72.3   TOTAL FOR MONTH:   7.11    1 = FOG OR MIST
DPTR FM NORMAL:     M   DPTR FM NORMAL:       M    2 = FOG REDUCING VISIBILITY
HIGHEST:    90 ON 20    GRTST 24HR  2.90 ON 25-25      TO 1/4 MILE OR LESS
LOWEST:     51 ON 11                               3 = THUNDER
                        SNOW, ICE PELLETS, HAIL    4 = ICE PELLETS
                        TOTAL MONTH:    M          5 = HAIL
                        GRTST 24HR    M  ON   M    6 = FREEZING RAIN OR DRIZZLE
                        GRTST DEPTH:  M  ON   M    7 = DUSTSTORM OR SANDSTORM:
                                                       VSBY 1/2 MILE OR LESS
                                                   8 = SMOKE OR HAZE
[NO. OF DAYS WITH]      [WEATHER - DAYS WITH]      9 = BLOWING SNOW
                                                   X = TORNADO
MAX 32 OR BELOW:   0    0.01 INCH OR MORE:  10
MAX 90 OR ABOVE:   1    0.10 INCH OR MORE:   8
MIN 32 OR BELOW:   0    0.50 INCH OR MORE:   4
MIN  0 OR BELOW:   0    1.00 INCH OR MORE:   4

[HDD (BASE 65) ]
TOTAL THIS MO.     0    CLEAR  (SCALE 0-3)  17
DPTR FM NORMAL     M    PTCLDY (SCALE 4-7)   7
TOTAL FM JUL 1    11    CLOUDY (SCALE 8-10)  1
DPTR FM NORMAL     M

[CDD (BASE 65) ]
TOTAL THIS MO.   197
DPTR FM NORMAL     M    [PRESSURE DATA]
TOTAL FM JAN 1   733    HIGHEST SLP M ON M
DPTR FM NORMAL     M    LOWEST  SLP M ON M

[REMARKS]
