000
CXUS55 KPUB 011159
CF6LAA
PRELIMINARY LOCAL CLIMATOLOGICAL DATA (WS FORM: F-6)

                                          STATION:   LAMAR CO
                                          MONTH:     FEBRUARY
                                          YEAR:      2015
                                          LATITUDE:   38  4 N
                                          LONGITUDE: 102 41 W

  TEMPERATURE IN F:       :PCPN:    SNOW:  WIND      :SUNSHINE: SKY     :PK WND
================================================================================
1   2   3   4   5  6A  6B    7    8   9   10  11  12  13   14  15   16   17  18
                                     12Z  AVG MX 2MIN
DY MAX MIN AVG DEP HDD CDD  WTR  SNW DPTH SPD SPD DIR MIN PSBL S-S WX    SPD DR
================================================================================

 1  37  14  26  -5  39   0 0.00  0.0    0 11.3 26  10   M    M   6        34 360
 2  52  16  34   3  31   0 0.00  0.0    0  5.6 12 220   M    M   1        14 270
 3  68  21  45  14  20   0 0.00  0.0    0  6.3 17 290   M    M   0        21 290
 4  41  23  32   1  33   0    T    M    0 10.9 30  50   M    M   7 18     35  50
 5  59  17  38   7  27   0 0.00  0.0    0  4.6 13 160   M    M   1 1      27 240
 6  79  24  52  20  13   0 0.00  0.0    0  9.0 21 280   M    M   0        26 280
 7  82  28  55  23  10   0 0.00  0.0    0  8.2 20 300   M    M   0        24 300
 8  72  29  51  19  14   0 0.00  0.0    0  5.0 14 200   M    M   0        16 210
 9  73  23  48  16  17   0 0.00  0.0    0  9.0 23 190   M    M   0        28 190
10  70  23  47  15  18   0 0.00  0.0    0  8.6 20  30   M    M   1        24  40
11  52  22  37   5  28   0 0.00  0.0    0 10.5 20  20   M    M   5        25 360
12  65  22  44  11  21   0 0.00  0.0    0  6.5 21 190   M    M   0        26 190
13  67  26  47  14  18   0 0.00  0.0    0  6.2 12 200   M    M   1        14 320
14  74  24  49  16  16   0 0.00  0.0    0 10.1 26 110   M    M   0        34 120
15  32  19  26  -7  39   0 0.14    M    0  8.5 15  20   M    M   9 1      19  30
16  42  16  29  -5  36   0    T    M    M  5.8 13 290   M    M   7 1      16 280
17  45  17  31  -3  34   0    T    M    M 11.0 30 320   M    M   5 1      42 320
18  50  14  32  -2  33   0 0.00  0.0    M  6.3 15 250   M    M   1        18 250
19  65  18  42   8  23   0 0.00  0.0    0  3.9 13 140   M    M   0        14 150
20  65  22  44   9  21   0 0.05  0.0    0  7.3 41  10   M    M   3 18     51 360
21  39  21  30  -5  35   0 0.33    M    0  7.6 33  50   M    M   8 12     41  60
22  22  12  17 -18  48   0 0.02    M    M 10.6 26  30   M    M  10 18     32  50
23  17  -3   7 -29  58   0    T    M    M  7.2 16 160   M    M   6 1      19 150
24  40   4  22 -14  43   0 0.00  0.0    M  9.2 15 260   M    M   0        18 240
25  48  16  32  -4  33   0    T    M    M 10.9 25  50   M    M   5 1      33  40
26  29  15  22 -14  43   0 0.02    M    M 10.7 25  50   M    M  10 18     29  50
27  18  11  15 -22  50   0 0.01    M    M 16.7 25 150   M    M   9 18     30 150
28  26  13  20 -17  45   0 0.00  0.0    M  5.3 18 160   M    M   5 1      23 170
================================================================================
SM 1429  507       846   0  0.57     0.0 232.8          M      100
================================================================================
AV 51.0 18.1                               8.3 FASTST   M    M   4    MAX(MPH)
                                 MISC ---->  # 41  10               # 51  360
================================================================================
NOTES:
# LAST OF SEVERAL OCCURRENCES

COLUMN 17 PEAK WIND IN M.P.H.

PRELIMINARY LOCAL CLIMATOLOGICAL DATA (WS FORM: F-6) , PAGE 2

                                          STATION:  LAMAR CO
                                          MONTH:    FEBRUARY
                                          YEAR:     2015
                                          LATITUDE:   38  4 N
                                          LONGITUDE: 102 41 W

[TEMPERATURE DATA]      [PRECIPITATION DATA]       SYMBOLS USED IN COLUMN 16

AVERAGE MONTHLY: 34.6   TOTAL FOR MONTH:   0.57    1 = FOG OR MIST
DPTR FM NORMAL:   1.0   DPTR FM NORMAL:    0.20    2 = FOG REDUCING VISIBILITY
HIGHEST:    82 ON  7    GRTST 24HR  0.34 ON 21-22      TO 1/4 MILE OR LESS
LOWEST:     -3 ON 23                               3 = THUNDER
                        SNOW, ICE PELLETS, HAIL    4 = ICE PELLETS
                        TOTAL MONTH:   0.0 INCH    5 = HAIL
                        GRTST 24HR     0.0         6 = FREEZING RAIN OR DRIZZLE
                        GRTST DEPTH:   0           7 = DUSTSTORM OR SANDSTORM:
                                                       VSBY 1/2 MILE OR LESS
                                                   8 = SMOKE OR HAZE
[NO. OF DAYS WITH]      [WEATHER - DAYS WITH]      9 = BLOWING SNOW
                                                   X = TORNADO
MAX 32 OR BELOW:   6    0.01 INCH OR MORE:   6
MAX 90 OR ABOVE:   0    0.10 INCH OR MORE:   2
MIN 32 OR BELOW:  28    0.50 INCH OR MORE:   0
MIN  0 OR BELOW:   1    1.00 INCH OR MORE:   0

[HDD (BASE 65) ]
TOTAL THIS MO.   846    CLEAR  (SCALE 0-3)  15
DPTR FM NORMAL   -34    PTCLDY (SCALE 4-7)   9
TOTAL FM JUL 1  4056    CLOUDY (SCALE 8-10)  4
DPTR FM NORMAL  -255

[CDD (BASE 65) ]
TOTAL THIS MO.     0
DPTR FM NORMAL     0    [PRESSURE DATA]
TOTAL FM JAN 1     0    HIGHEST SLP 30.69 ON 23
DPTR FM NORMAL     0    LOWEST  SLP 29.57 ON 20

[REMARKS]
#FINAL-02-15#
