000
CXUS55 KTBW 251000
CF6LAL
PRELIMINARY LOCAL CLIMATOLOGICAL DATA (WS FORM: F-6)

                                          STATION:   Lakeland Linder
                                          MONTH:     MARCH
                                          YEAR:      2017
                                          LATITUDE:   28  0 N
                                          LONGITUDE:  82  3 W

  TEMPERATURE IN F:       :PCPN:    SNOW:  WIND      :SUNSHINE: SKY     :PK WND
================================================================================
1   2   3   4   5  6A  6B    7    8   9   10  11  12  13   14  15   16   17  18
                                     12Z  AVG MX 2MIN
DY MAX MIN AVG DEP HDD CDD  WTR  SNW DPTH SPD SPD DIR MIN PSBL S-S WX    SPD DR
================================================================================

 1  88  65  77  10   0  12 0.00  0.0    0  3.6  8 250   M    M   3 1       M  M
 2  87  62  75   8   0  10 0.00  0.0    0  7.0 15 350   M    M   7 12     20  30
 3  77  54  66  -1   0   1 0.00  0.0    0 12.4 18  50   M    M   3        27  30
 4  76  52  64  -3   1   0 0.00  0.0    0 10.7 17  90   M    M   1        24  30
 5  76  58  67   0   0   2 0.00  0.0    0 13.1 25  80   M    M   6        31  80
 6  77  58  68   1   0   3 0.00  0.0    0  9.0 18 110   M    M   5        28  90
 7  81  58  70   2   0   5 0.00  0.0    0  7.7 15 120   M    M   5        21 120
 8  83  60  72   4   0   7 0.00  0.0    0  3.9  9 300   M    M   5         M  M
 9  86  60  73   5   0   8 0.00  0.0    0  2.4 13 320   M    M   4        17 320
10  85  59  72   4   0   7 0.00  0.0    0  5.6 15 290   M    M   2 1      21 290
11  84  58  71   3   0   6 0.00  0.0    0  8.1 15  90   M    M   2 1      21  90
12  80  64  72   4   0   7    T  0.0    0  6.4 15  60   M    M   6        20  50
13  77  61  69   1   0   4    T  0.0    0  7.4 17 210   M    M   9        25 210
14  71  56  64  -4   1   0 0.33  0.0    0 13.1 21 320   M    M   8        31 320
15  66  44  55 -13  10   0 0.00  0.0    0  8.1 14 360   M    M   2        25 310
16  65  36  51 -18  14   0 0.00  0.0    0  6.5 13  20   M    M   0        16  60
17  72  42  57 -12   8   0 0.00  0.0    0  4.8 10  60   M    M   0         M  M
18  79  42  61  -8   4   0 0.00  0.0    0  2.9 14 260   M    M   0         M  M
19  81  55  68  -1   0   3 0.00  0.0    0  8.3 15 300   M    M   1 1      24 300
20  80  47  64  -5   1   0 0.00  0.0    0  2.7  7  20   M    M   0         M  M
21  83  50  67  -2   0   2 0.00  0.0    0  3.1 14 280   M    M   0         M  M
22  86  53  70   1   0   5 0.00  0.0    0  4.9 14 320   M    M   2 1       M  M
23  86  63  75   5   0  10 0.31  0.0    0  9.7 20  60   M    M   4 1      28  60
24  79  59  69  -1   0   4 0.00  0.0    0 10.7 20  90   M    M   3        28 100
================================================================================
SM 1905 1316        39  96  0.64     0.0 172.1          M       78
================================================================================
AV 79.4 54.8                               7.2 FASTST   M    M   3    MAX(MPH)
                                 MISC ---->  # 25  80               # 31   80
================================================================================
NOTES:
# LAST OF SEVERAL OCCURRENCES

COLUMN 17 PEAK WIND IN M.P.H.

PRELIMINARY LOCAL CLIMATOLOGICAL DATA (WS FORM: F-6) , PAGE 2

                                          STATION:  Lakeland Linder
                                          MONTH:    MARCH
                                          YEAR:     2017
                                          LATITUDE:   28  0 N
                                          LONGITUDE:  82  3 W

[TEMPERATURE DATA]      [PRECIPITATION DATA]       SYMBOLS USED IN COLUMN 16

AVERAGE MONTHLY: 67.1   TOTAL FOR MONTH:   0.64    1 = FOG OR MIST
DPTR FM NORMAL:  -1.1   DPTR FM NORMAL:   -2.23    2 = FOG REDUCING VISIBILITY
HIGHEST:    88 ON  1    GRTST 24HR  0.33 ON 14-14      TO 1/4 MILE OR LESS
LOWEST:     36 ON 16                               3 = THUNDER
                        SNOW, ICE PELLETS, HAIL    4 = ICE PELLETS
                        TOTAL MONTH:   0.0 INCH    5 = HAIL
                        GRTST 24HR     0.0         6 = FREEZING RAIN OR DRIZZLE
                        GRTST DEPTH:   0           7 = DUSTSTORM OR SANDSTORM:
                                                       VSBY 1/2 MILE OR LESS
                                                   8 = SMOKE OR HAZE
[NO. OF DAYS WITH]      [WEATHER - DAYS WITH]      9 = BLOWING SNOW
                                                   X = TORNADO
MAX 32 OR BELOW:   0    0.01 INCH OR MORE:   2
MAX 90 OR ABOVE:   0    0.10 INCH OR MORE:   2
MIN 32 OR BELOW:   0    0.50 INCH OR MORE:   0
MIN  0 OR BELOW:   0    1.00 INCH OR MORE:   0

[HDD (BASE 65) ]
TOTAL THIS MO.    39    CLEAR  (SCALE 0-3)  13
DPTR FM NORMAL     8    PTCLDY (SCALE 4-7)  10
TOTAL FM JUL 1   190    CLOUDY (SCALE 8-10)  1
DPTR FM NORMAL  -244

[CDD (BASE 65) ]
TOTAL THIS MO.    96
DPTR FM NORMAL   -11    [PRESSURE DATA]
TOTAL FM JAN 1   325    HIGHEST SLP M ON M
DPTR FM NORMAL    85    LOWEST  SLP M ON M

[REMARKS]
