000
CXUS55 KCYS 271000
CF6LAR
PRELIMINARY LOCAL CLIMATOLOGICAL DATA (WS FORM: F-6)

                                          STATION:   LARAMIE WYOMING AIRPORT
                                          MONTH:     JULY
                                          YEAR:      2017
                                          LATITUDE:   41 18 N
                                          LONGITUDE: 105 40 W

  TEMPERATURE IN F:       :PCPN:    SNOW:  WIND      :SUNSHINE: SKY     :PK WND
================================================================================
1   2   3   4   5  6A  6B    7    8   9   10  11  12  13   14  15   16   17  18
                                     12Z  AVG MX 2MIN
DY MAX MIN AVG DEP HDD CDD  WTR  SNW DPTH SPD SPD DIR MIN PSBL S-S WX    SPD DR
================================================================================

 1  81  37  59  -3   6   0 0.00    M    M  8.0 15 160   M    M   0        22 170
 2  84  43  64   2   1   0    T    M    M  9.3 31 220   M    M   0 3      51 200
 3  83  48  66   4   0   1 0.01    M    M 10.0 33 280   M    M   3 3      49 300
 4  86  44  65   2   0   0 0.00    M    M  7.8 18  20   M    M   1        25  20
 5  90  46  68   5   0   3 0.00    M    M  7.2 17 330   M    M   0        25 340
 6  86  46  66   3   0   1    T    M    M  9.0 30  60   M    M   1 3      37  60
 7  86  47  67   4   0   2 0.05    M    M  7.3 29  60   M    M   2 3      37  60
 8  84  51  68   4   0   3    T    M    M  5.9 17 140   M    M   2        21  90
 9  88  49  69   5   0   4    T    M    M 10.4 30 250   M    M   2 3      35 250
10  85  52  69   5   0   4 0.15    M    M  8.2 24 150   M    M   4 3      30 160
11  84  55  70   6   0   5    T    M    M  9.8 29 320   M    M   4        37 310
12  79  55  67   3   0   2 0.00    M    M  9.8 22 160   M    M   2        26 150
13  84  49  67   3   0   2 0.00    M    M 12.5 24 150   M    M   0        29 150
14  86  45  66   2   0   1 0.00    M    M  9.7 20 130   M    M   0        26 110
15  84  50  67   3   0   2 0.00    M    M  7.6 24 130   M    M   0        29 130
16  89  43  66   2   0   1 0.00    M    M 10.3 24 140   M    M   1 3      29 150
17  89  50  70   5   0   5    T    M    M  8.5 28 280   M    M   3        37 270
18  88  57  73   8   0   8 0.03    M    M  9.0 22 150   M    M   2        27 150
19  92  57  75  10   0  10 0.11    M    M  9.2 28 290   M    M   3 3      32 290
20  85  57  71   6   0   6 0.16    M    M  9.3 30 320   M    M   3 3      38 320
21  84  53  69   4   0   4 0.08    M    M  9.9 35 310   M    M   2 3      41 310
22  83  49  66   1   0   1 0.00    M    M  8.6 23 320   M    M   1        34 350
23  85  47  66   1   0   1 0.11    M    M  9.3 21 150   M    M   1        27 160
24  86  50  68   3   0   3    T    M    M  7.3 18 290   M    M   1        26 280
25  79  56  68   3   0   3 0.14    M    M  7.9 23 330   M    M   5 1      27 330
26  74  56  65   0   0   0 0.45    M    M  6.6 22 140   M    M   9 13     27 140
================================================================================
SM 2204 1292         7  72  1.29    M    228.4          M       52
================================================================================
AV 84.8 49.7                               8.8 FASTST   M    M   2    MAX(MPH)
                                 MISC ---->  # 35 310               # 51  200
================================================================================
NOTES:
# LAST OF SEVERAL OCCURRENCES

COLUMN 17 PEAK WIND IN M.P.H.

PRELIMINARY LOCAL CLIMATOLOGICAL DATA (WS FORM: F-6) , PAGE 2

                                          STATION:  LARAMIE WYOMING AIRPORT
                                          MONTH:    JULY
                                          YEAR:     2017
                                          LATITUDE:   41 18 N
                                          LONGITUDE: 105 40 W

[TEMPERATURE DATA]      [PRECIPITATION DATA]       SYMBOLS USED IN COLUMN 16

AVERAGE MONTHLY: 67.2   TOTAL FOR MONTH:   1.29    1 = FOG OR MIST
DPTR FM NORMAL:   3.2   DPTR FM NORMAL:    0.11    2 = FOG REDUCING VISIBILITY
HIGHEST:    92 ON 19    GRTST 24HR  0.45 ON 26-26      TO 1/4 MILE OR LESS
LOWEST:     37 ON  1                               3 = THUNDER
                        SNOW, ICE PELLETS, HAIL    4 = ICE PELLETS
                        TOTAL MONTH:    M          5 = HAIL
                        GRTST 24HR    M  ON   M    6 = FREEZING RAIN OR DRIZZLE
                        GRTST DEPTH:  M  ON   M    7 = DUSTSTORM OR SANDSTORM:
                                                       VSBY 1/2 MILE OR LESS
                                                   8 = SMOKE OR HAZE
[NO. OF DAYS WITH]      [WEATHER - DAYS WITH]      9 = BLOWING SNOW
                                                   X = TORNADO
MAX 32 OR BELOW:   0    0.01 INCH OR MORE:  10
MAX 90 OR ABOVE:   2    0.10 INCH OR MORE:   6
MIN 32 OR BELOW:   0    0.50 INCH OR MORE:   0
MIN  0 OR BELOW:   0    1.00 INCH OR MORE:   0

[HDD (BASE 65) ]
TOTAL THIS MO.     7    CLEAR  (SCALE 0-3)  21
DPTR FM NORMAL   -55    PTCLDY (SCALE 4-7)   4
TOTAL FM JUL 1     7    CLOUDY (SCALE 8-10)  1
DPTR FM NORMAL   -55

[CDD (BASE 65) ]
TOTAL THIS MO.    72
DPTR FM NORMAL    40    [PRESSURE DATA]
TOTAL FM JAN 1    88    HIGHEST SLP M ON M
DPTR FM NORMAL    49    LOWEST  SLP 29.73 ON 11

[REMARKS]
