000
CXUS55 KCYS 251000
CF6LAR
PRELIMINARY LOCAL CLIMATOLOGICAL DATA (WS FORM: F-6)

                                          STATION:   LARAMIE WYOMING AIRPORT
                                          MONTH:     MAY
                                          YEAR:      2017
                                          LATITUDE:   41 18 N
                                          LONGITUDE: 105 40 W

  TEMPERATURE IN F:       :PCPN:    SNOW:  WIND      :SUNSHINE: SKY     :PK WND
================================================================================
1   2   3   4   5  6A  6B    7    8   9   10  11  12  13   14  15   16   17  18
                                     12Z  AVG MX 2MIN
DY MAX MIN AVG DEP HDD CDD  WTR  SNW DPTH SPD SPD DIR MIN PSBL S-S WX    SPD DR
================================================================================

 1  52  25  39  -4  26   0 0.01    M    M 12.3 31 280   M    M   6        39 280
 2  50  33  42  -1  23   0 0.10    M    M 12.3 31 310   M    M   8 1      38 320
 3  51  29  40  -3  25   0 0.16    M    M 12.0 24 330   M    M   5 1      30 320
 4  65  25  45   1  20   0 0.00    M    M  8.1 17  10   M    M   0        22 360
 5  72  30  51   7  14   0 0.00    M    M  7.1 20 150   M    M   0        28 150
 6  77  36  57  13   8   0 0.00    M    M  8.9 18 330   M    M   2        26 330
 7  71  38  55  10  10   0    T    M    M  8.7 36 180   M    M   1 3      44 190
 8  61  35  48   3  17   0    T    M    M 11.5 26  90   M    M   2        31  90
 9  63  40  52   7  13   0 0.07    M    M 13.8 30 150   M    M   4 1      36 150
10  53  37  45  -1  20   0 0.05    M    M  8.2 17 340   M    M   9        22 340
11  65  29  47   1  18   0 0.00    M    M  6.4 14 360   M    M   1 12     18 350
12  73  33  53   7  12   0 0.00    M    M 12.0 24 150   M    M   0        31 140
13  78  39  59  12   6   0 0.00    M    M 15.7 33 210   M    M   1        40 210
14  66  32  49   2  16   0    T    M    M 15.1 36 140   M    M   1        43 140
15  73  35  54   7  11   0    T    M    M  9.4 31 190   M    M   3 3      38 180
16  64  34  49   1  16   0    T    M    M  8.9 24 280   M    M   3        32 280
17  60  28  44  -4  21   0 0.13    M    M 13.4 30 360   M    M   6 12     37 360
18  32  27  30 -18  35   0 0.37    M    M 13.3 24  50   M    M  10 128    28  70
19  35  27  31 -18  34   0 0.20    M    M  7.9 15  30   M    M  10 12     19  30
20  51  23  37 -12  28   0 0.00    M    M 11.1 31 310   M    M   4        38 320
21  51  31  41  -8  24   0 0.07    M    M  7.1 24 230   M    M   8 13     30 240
22  56  26  41  -9  24   0 0.12    M    M 14.3 33 330   M    M   6 123    41 330
23  56  28  42  -8  23   0 0.00    M    M 12.3 28 330   M    M   3        36 320
24  74  31  53   3  12   0    T    M    M 18.8 41 270   M    M   1        50 290
================================================================================
SM 1449  751       456   0  1.28    M    268.6          M       94
================================================================================
AV 60.4 31.3                              11.2 FASTST   M    M   4    MAX(MPH)
                                 MISC ---->  # 41 270               # 50  290
================================================================================
NOTES:
# LAST OF SEVERAL OCCURRENCES

COLUMN 17 PEAK WIND IN M.P.H.

PRELIMINARY LOCAL CLIMATOLOGICAL DATA (WS FORM: F-6) , PAGE 2

                                          STATION:  LARAMIE WYOMING AIRPORT
                                          MONTH:    MAY
                                          YEAR:     2017
                                          LATITUDE:   41 18 N
                                          LONGITUDE: 105 40 W

[TEMPERATURE DATA]      [PRECIPITATION DATA]       SYMBOLS USED IN COLUMN 16

AVERAGE MONTHLY: 45.8   TOTAL FOR MONTH:   1.28    1 = FOG OR MIST
DPTR FM NORMAL:  -0.7   DPTR FM NORMAL:    0.04    2 = FOG REDUCING VISIBILITY
HIGHEST:    78 ON 13    GRTST 24HR  0.37 ON 18-18      TO 1/4 MILE OR LESS
LOWEST:     23 ON 20                               3 = THUNDER
                        SNOW, ICE PELLETS, HAIL    4 = ICE PELLETS
                        TOTAL MONTH:    M          5 = HAIL
                        GRTST 24HR    M  ON   M    6 = FREEZING RAIN OR DRIZZLE
                        GRTST DEPTH:  M  ON   M    7 = DUSTSTORM OR SANDSTORM:
                                                       VSBY 1/2 MILE OR LESS
                                                   8 = SMOKE OR HAZE
[NO. OF DAYS WITH]      [WEATHER - DAYS WITH]      9 = BLOWING SNOW
                                                   X = TORNADO
MAX 32 OR BELOW:   1    0.01 INCH OR MORE:  10
MAX 90 OR ABOVE:   0    0.10 INCH OR MORE:   6
MIN 32 OR BELOW:  14    0.50 INCH OR MORE:   0
MIN  0 OR BELOW:   0    1.00 INCH OR MORE:   0

[HDD (BASE 65) ]
TOTAL THIS MO.   456    CLEAR  (SCALE 0-3)  13
DPTR FM NORMAL    12    PTCLDY (SCALE 4-7)   7
TOTAL FM JUL 1  7656    CLOUDY (SCALE 8-10)  4
DPTR FM NORMAL  -837

[CDD (BASE 65) ]
TOTAL THIS MO.     0
DPTR FM NORMAL     0    [PRESSURE DATA]
TOTAL FM JAN 1     0    HIGHEST SLP M ON M
DPTR FM NORMAL     0    LOWEST  SLP 29.37 ON M

[REMARKS]
