000
CXUS55 KVEF 200940
CF6LAS
PRELIMINARY LOCAL CLIMATOLOGICAL DATA (WS FORM: F-6)

                                          STATION:   LAS VEGAS NV
                                          MONTH:     SEPTEMBER
                                          YEAR:      2017
                                          LATITUDE:   36  4 N
                                          LONGITUDE: 115 10 W

  TEMPERATURE IN F:       :PCPN:    SNOW:  WIND      :SUNSHINE: SKY     :PK WND
================================================================================
1   2   3   4   5  6A  6B    7    8   9   10  11  12  13   14  15   16   17  18
                                     12Z  AVG MX 2MIN
DY MAX MIN AVG DEP HDD CDD  WTR  SNW DPTH SPD SPD DIR MIN PSBL S-S WX    SPD DR
================================================================================

 1 106  81  94   6   0  29 0.00  0.0    0  3.9 14  40   M    M   2        19 310
 2 107  82  95   7   0  30 0.00  0.0    0  6.2 29 170   M    M   2        41 180
 3 104  83  94   7   0  29 0.00  0.0    0  4.9 14 330   M    M   6        15 110
 4 105  85  95   8   0  30 0.00  0.0    0  4.2 22 130   M    M   6        33 140
 5 107  82  95   8   0  30 0.11  0.0    0  5.7 25 260   M    M   6 3      33 260
 6 102  83  93   7   0  28    T  0.0    0  5.2 21 230   M    M   8 3      26 220
 7  99  81  90   4   0  25    T  0.0    0  5.6 28 180   M    M   6 3      43 190
 8  84  69  77  -9   0  12 0.35  0.0    0  7.6 21 190   M    M   8 38     32 210
 9  84  70  77  -8   0  12    T  0.0    0  2.5 13  40   M    M   7        15  30
10  95  71  83  -2   0  18 0.00  0.0    0  4.7 14  30   M    M   1        20  60
11 101  81  91   6   0  26 0.00  0.0    0  4.3 13  40   M    M   6        16  30
12 103  80  92   8   0  27 0.00  0.0    0  5.5 14 180   M    M   3        20 220
13  99  83  91   7   0  26    T  0.0    0  6.2 16 280   M    M   6 3      19 270
14  91  75  83   0   0  18 0.00  0.0    0  7.7 16 260   M    M   2        22 190
15  90  71  81  -2   0  16 0.00  0.0    0  5.9 14 290   M    M   2        19 170
16  89  73  81  -2   0  16 0.00  0.0    0  5.4 13  10   M    M   2        17  20
17  92  71  82   0   0  17 0.00  0.0    0  4.8 13 100   M    M   4        17 140
18  94  73  84   2   0  19 0.00  0.0    0  8.7 21 230   M    M   1        28 170
19  90  75  83   2   0  18 0.00  0.0    0 11.3 23 180   M    M   5        32 170
================================================================================
SM 1842 1469         0 426  0.46     0.0 110.3          M       83
================================================================================
AV 97.0 77.3                               5.8 FASTST   M    M   4    MAX(MPH)
                                 MISC ---->  # 29 170               # 43  190
================================================================================
NOTES:
# LAST OF SEVERAL OCCURRENCES

COLUMN 17 PEAK WIND IN M.P.H.

PRELIMINARY LOCAL CLIMATOLOGICAL DATA (WS FORM: F-6) , PAGE 2

                                          STATION:  LAS VEGAS NV
                                          MONTH:    SEPTEMBER
                                          YEAR:     2017
                                          LATITUDE:   36  4 N
                                          LONGITUDE: 115 10 W

[TEMPERATURE DATA]      [PRECIPITATION DATA]       SYMBOLS USED IN COLUMN 16

AVERAGE MONTHLY: 87.1   TOTAL FOR MONTH:   0.46    1 = FOG OR MIST
DPTR FM NORMAL:   2.3   DPTR FM NORMAL:    0.28    2 = FOG REDUCING VISIBILITY
HIGHEST:   107 ON  5, 2 GRTST 24HR  0.35 ON  8- 8      TO 1/4 MILE OR LESS
LOWEST:     69 ON  8                               3 = THUNDER
                        SNOW, ICE PELLETS, HAIL    4 = ICE PELLETS
                        TOTAL MONTH:   0.0 INCH    5 = HAIL
                        GRTST 24HR     0.0         6 = FREEZING RAIN OR DRIZZLE
                        GRTST DEPTH:   0           7 = DUSTSTORM OR SANDSTORM:
                                                       VSBY 1/2 MILE OR LESS
                                                   8 = SMOKE OR HAZE
[NO. OF DAYS WITH]      [WEATHER - DAYS WITH]      9 = BLOWING SNOW
                                                   X = TORNADO
MAX 32 OR BELOW:   0    0.01 INCH OR MORE:   2
MAX 90 OR ABOVE:  16    0.10 INCH OR MORE:   2
MIN 32 OR BELOW:   0    0.50 INCH OR MORE:   0
MIN  0 OR BELOW:   0    1.00 INCH OR MORE:   0

[HDD (BASE 65) ]
TOTAL THIS MO.     0    CLEAR  (SCALE 0-3)   8
DPTR FM NORMAL     0    PTCLDY (SCALE 4-7)  11
TOTAL FM JUL 1     0    CLOUDY (SCALE 8-10)  0
DPTR FM NORMAL     0

[CDD (BASE 65) ]
TOTAL THIS MO.   426
DPTR FM NORMAL    50    [PRESSURE DATA]
TOTAL FM JAN 1  3718    HIGHEST SLP M ON M
DPTR FM NORMAL   493    LOWEST  SLP 29.59 ON 13

[REMARKS]
