000
CXUS54 KOUN 200700
CF6LAW
PRELIMINARY LOCAL CLIMATOLOGICAL DATA (WS FORM: F-6)

                                          STATION:   LAWTON MUNICIPAL
                                          MONTH:     AUGUST
                                          YEAR:      2017
                                          LATITUDE:   34 34 N
                                          LONGITUDE:  98 25 W

  TEMPERATURE IN F:       :PCPN:    SNOW:  WIND      :SUNSHINE: SKY     :PK WND
================================================================================
1   2   3   4   5  6A  6B    7    8   9   10  11  12  13   14  15   16   17  18
                                     12Z  AVG MX 2MIN
DY MAX MIN AVG DEP HDD CDD  WTR  SNW DPTH SPD SPD DIR MIN PSBL S-S WX    SPD DR
================================================================================

 1  82  71  77  -9   0  12 0.19  0.0    0  5.8 16  10   M    M   9 1      19 360
 2  90  70  80  -6   0  15 0.00  0.0    0  3.7  8  30   M    M   6 1       9  20
 3  96  66  81  -5   0  16 0.00  0.0    0  2.5  9 170   M    M   1 1      13 180
 4  93  69  81  -5   0  16 0.07  0.0    0  6.9 15 100   M    M   2 13     19 110
 5 100  69  85  -1   0  20 0.00  0.0    0 11.8 22 180   M    M   0        30 170
 6  94  71  83  -3   0  18 1.63  0.0    0 10.1 18 120   M    M   5 13     24 250
 7  86  72  79  -7   0  14 0.14  0.0    0 10.5 17  40   M    M   7 1      21  40
 8  89  69  79  -6   0  14 0.00  0.0    0  8.3 16  30   M    M   4        24  30
 9  89  68  79  -6   0  14 0.00  0.0    0  5.4 13 160   M    M   3 1      17 150
10  97  74  86   1   0  21 0.00  0.0    0  8.5 25 110   M    M   1 3      32 110
11  89  70  80  -5   0  15 1.10  0.0    0  8.8 25 350   M    M   2 13     32 350
12  78  71  75 -10   0  10 0.44  0.0    0  9.7 22  50   M    M   7 13     26  50
13  86  70  78  -7   0  13 0.00  0.0    0  5.8 13  10   M    M   7 13     17 130
14  89  70  80  -5   0  15 0.49  0.0    0  4.5 18 260   M    M   3 13     31 240
15  90  74  82  -3   0  17 0.00  0.0    0  6.1 16 200   M    M   1 8      27  40
16  92  72  82  -2   0  17 1.66  0.0    0 10.3 33  20   M    M   1 1      51 240
17   M  70   M   M   M   M    M  0.0    0  5.1 12 110   M    M   0        22 150
18  92  70  81  -3   0  16 0.00  0.0    0  7.0 18 180   M    M   0        23 180
19  97  74  86   2   0  21 0.00  0.0    0  4.3 29 160   M    M   1        34 160
================================================================================
SM 1629 1340         0 284  5.72     0.0 135.1          M       60
================================================================================
AV 90.5 70.5                               7.1 FASTST   M    M   3    MAX(MPH)
                                 MISC ---->  # 33  20               # 51  240
================================================================================
NOTES:
# LAST OF SEVERAL OCCURRENCES

COLUMN 17 PEAK WIND IN M.P.H.

PRELIMINARY LOCAL CLIMATOLOGICAL DATA (WS FORM: F-6) , PAGE 2

                                          STATION:  LAWTON MUNICIPAL
                                          MONTH:    AUGUST
                                          YEAR:     2017
                                          LATITUDE:   34 34 N
                                          LONGITUDE:  98 25 W

[TEMPERATURE DATA]      [PRECIPITATION DATA]       SYMBOLS USED IN COLUMN 16

AVERAGE MONTHLY: 80.5   TOTAL FOR MONTH:   5.72    1 = FOG OR MIST
DPTR FM NORMAL:  -4.6   DPTR FM NORMAL:    4.21    2 = FOG REDUCING VISIBILITY
HIGHEST:   100 ON  5    GRTST 24HR  1.66 ON 16-16      TO 1/4 MILE OR LESS
LOWEST:     66 ON  3                               3 = THUNDER
                        SNOW, ICE PELLETS, HAIL    4 = ICE PELLETS
                        TOTAL MONTH:   0.0 INCH    5 = HAIL
                        GRTST 24HR     0.0         6 = FREEZING RAIN OR DRIZZLE
                        GRTST DEPTH:   0           7 = DUSTSTORM OR SANDSTORM:
                                                       VSBY 1/2 MILE OR LESS
                                                   8 = SMOKE OR HAZE
[NO. OF DAYS WITH]      [WEATHER - DAYS WITH]      9 = BLOWING SNOW
                                                   X = TORNADO
MAX 32 OR BELOW:   0    0.01 INCH OR MORE:   8
MAX 90 OR ABOVE:  10    0.10 INCH OR MORE:   7
MIN 32 OR BELOW:   0    0.50 INCH OR MORE:   3
MIN  0 OR BELOW:   0    1.00 INCH OR MORE:   3

[HDD (BASE 65) ]
TOTAL THIS MO.     0    CLEAR  (SCALE 0-3)  12
DPTR FM NORMAL     0    PTCLDY (SCALE 4-7)   6
TOTAL FM JUL 1     0    CLOUDY (SCALE 8-10)  1
DPTR FM NORMAL     0

[CDD (BASE 65) ]
TOTAL THIS MO.   284
DPTR FM NORMAL   -98    [PRESSURE DATA]
TOTAL FM JAN 1  1586    HIGHEST SLP M ON M
DPTR FM NORMAL  -123    LOWEST  SLP 29.69 ON  6

[REMARKS]
