000
CXUS55 KLOX 301155
CF6LAX
PRELIMINARY LOCAL CLIMATOLOGICAL DATA (WS FORM: F-6)

                                          STATION:   LOS ANGELES INTL AIRPORT CA
                                          MONTH:     MAY
                                          YEAR:      2017
                                          LATITUDE:   33 55 N
                                          LONGITUDE: 118 24 W

  TEMPERATURE IN F:       :PCPN:    SNOW:  WIND      :SUNSHINE: SKY     :PK WND
================================================================================
1   2   3   4   5  6A  6B    7    8   9   10  11  12  13   14  15   16   17  18
                                     12Z  AVG MX 2MIN
DY MAX MIN AVG DEP HDD CDD  WTR  SNW DPTH SPD SPD DIR MIN PSBL S-S WX    SPD DR
================================================================================

 1  76  55  66   4   0   1 0.00  0.0    0  6.6 17 260   M    M   1        21 260
 2  74  59  67   5   0   2 0.00  0.0    0  6.1 14 270   M    M   4 18     17 280
 3  72  60  66   4   0   1 0.00  0.0    0  7.6 15 270   M    M   4        18 250
 4  68  58  63   1   2   0 0.00  0.0    0  9.0 21 260   M    M   6 18     26 260
 5  65  57  61  -1   4   0 0.00  0.0    0  6.4 15 270   M    M   9 1      19 280
 6  65  54  60  -2   5   0    T  0.0    0 15.1 33 260   M    M   8 8      37 250
 7  63  50  57  -5   8   0 0.13  0.0    0  7.7 16 250   M    M   5 138    20 250
 8  66  48  57  -5   8   0 0.00  0.0    0  9.0 20 260   M    M   4        25 250
 9  71  55  63   1   2   0 0.00  0.0    0  9.6 20 150   M    M   7 1      29 160
10  68  60  64   2   1   0 0.00  0.0    0  7.3 14 240   M    M   8        16 250
11  67  58  63   1   2   0 0.00  0.0    0 11.5 21 280   M    M   4        25 260
12  67  58  63   1   2   0 0.00  0.0    0  8.4 21 260   M    M   6 18     23 260
13  70  56  63   1   2   0 0.00  0.0    0  8.8 20 250   M    M   1        26 260
14  71  53  62  -1   3   0 0.00  0.0    0  8.6 17 230   M    M   3        23 130
15  65  55  60  -3   5   0 0.00  0.0    0 12.0 20 260   M    M   5        26 240
16  65  54  60  -3   5   0 0.00  0.0    0  8.2 17 250   M    M   4        24 240
17  66  56  61  -2   4   0 0.00  0.0    0  8.1 21 260   M    M   5        24 250
18  69  55  62  -1   3   0 0.00  0.0    0  7.9 17 240   M    M   3        24 240
19  81  58  70   7   0   5 0.00  0.0    0  8.1 20 270   M    M   0        25 270
20  87  62  75  12   0  10 0.00  0.0    0  8.1 18 270   M    M   0        22 260
21  74  61  68   5   0   3 0.00  0.0    0  7.7 17 260   M    M   1        20 250
22  69  59  64   1   1   0 0.00  0.0    0  8.1 17 270   M    M   7 18     23 240
23  73  58  66   3   0   1 0.00  0.0    0  8.7 22 260   M    M   6 18     26 260
24  67  58  63   0   2   0 0.00  0.0    0  9.0 20 240   M    M   8 18     24 230
25  66  59  63   0   2   0 0.00  0.0    0  8.2 15 250   M    M   9        20 240
26  69  59  64   1   1   0 0.00  0.0    0  9.2 18 270   M    M   7        21 270
27  68  58  63   0   2   0 0.00  0.0    0 11.3 18 270   M    M   4        27 260
28  69  58  64   0   1   0 0.00  0.0    0  9.0 18 260   M    M   3        23 260
29  68  59  64   0   1   0 0.00  0.0    0  7.3 15 260   M    M   8 1      19 250
================================================================================
SM 2019 1650        66  23  0.13     0.0 252.6          M      140
================================================================================
AV 69.6 56.9                               8.7 FASTST   M    M   5    MAX(MPH)
                                 MISC ---->  # 33 260               # 37  250
================================================================================
NOTES:
# LAST OF SEVERAL OCCURRENCES

COLUMN 17 PEAK WIND IN M.P.H.

PRELIMINARY LOCAL CLIMATOLOGICAL DATA (WS FORM: F-6) , PAGE 2

                                          STATION:  LOS ANGELES INTL AIRPORT CA
                                          MONTH:    MAY
                                          YEAR:     2017
                                          LATITUDE:   33 55 N
                                          LONGITUDE: 118 24 W

[TEMPERATURE DATA]      [PRECIPITATION DATA]       SYMBOLS USED IN COLUMN 16

AVERAGE MONTHLY: 63.3   TOTAL FOR MONTH:   0.13    1 = FOG OR MIST
DPTR FM NORMAL:   0.6   DPTR FM NORMAL:   -0.08    2 = FOG REDUCING VISIBILITY
HIGHEST:    87 ON 20    GRTST 24HR  0.13 ON  7- 7      TO 1/4 MILE OR LESS
LOWEST:     48 ON  8                               3 = THUNDER
                        SNOW, ICE PELLETS, HAIL    4 = ICE PELLETS
                        TOTAL MONTH:   0.0 INCH    5 = HAIL
                        GRTST 24HR     0.0         6 = FREEZING RAIN OR DRIZZLE
                        GRTST DEPTH:   0           7 = DUSTSTORM OR SANDSTORM:
                                                       VSBY 1/2 MILE OR LESS
                                                   8 = SMOKE OR HAZE
[NO. OF DAYS WITH]      [WEATHER - DAYS WITH]      9 = BLOWING SNOW
                                                   X = TORNADO
MAX 32 OR BELOW:   0    0.01 INCH OR MORE:   1
MAX 90 OR ABOVE:   0    0.10 INCH OR MORE:   1
MIN 32 OR BELOW:   0    0.50 INCH OR MORE:   0
MIN  0 OR BELOW:   0    1.00 INCH OR MORE:   0

[HDD (BASE 65) ]
TOTAL THIS MO.    66    CLEAR  (SCALE 0-3)   7
DPTR FM NORMAL   -16    PTCLDY (SCALE 4-7)  17
TOTAL FM JUL 1  1018    CLOUDY (SCALE 8-10)  5
DPTR FM NORMAL  -372

[CDD (BASE 65) ]
TOTAL THIS MO.    23
DPTR FM NORMAL    18    [PRESSURE DATA]
TOTAL FM JAN 1    58    HIGHEST SLP M ON M
DPTR FM NORMAL    27    LOWEST  SLP 29.67 ON  6

[REMARKS]
