000
CXUS54 KLUB 290755
CF6LBB
PRELIMINARY LOCAL CLIMATOLOGICAL DATA (WS FORM: F-6)

                                          STATION:   LUBBOCK
                                          MONTH:     JUNE
                                          YEAR:      2015
                                          LATITUDE:   33 39 N
                                          LONGITUDE: 101 49 W

  TEMPERATURE IN F:       :PCPN:    SNOW:  WIND      :SUNSHINE: SKY     :PK WND
================================================================================
1   2   3   4   5  6A  6B    7    8   9   10  11  12  13   14  15   16   17  18
                                     12Z  AVG MX 2MIN
DY MAX MIN AVG DEP HDD CDD  WTR  SNW DPTH SPD SPD DIR MIN PSBL S-S WX    SPD DR
================================================================================

 1  86  61  74   0   0   9 0.00  0.0    0 11.3 23 150   M    M   6        29 150
 2  88  66  77   2   0  12    T  0.0    0 13.7 23 150   M    M   4        28 150
 3  90  65  78   3   0  13 0.00  0.0    0 15.5 25 150   M    M   1        31 150
 4  89  66  78   3   0  13 0.00  0.0    0 16.9 29 150   M    M   3 8      36 150
 5  85  64  75   0   0  10 0.00  0.0    0 13.7 25 140   M    M   7        31 140
 6  85  62  74  -2   0   9 0.00  0.0    0 12.1 21 150   M    M   5        27 150
 7  86  64  75  -1   0  10 0.00  0.0    0 10.6 17 160   M    M   7        23 210
 8  90  67  79   3   0  14    T  0.0    0  6.1 30 320   M    M   6        37 320
 9  91  68  80   4   0  15 0.09  0.0    0  9.1 23 100   M    M   7        29 100
10  94  71  83   7   0  18 0.00  0.0    0 14.1 23 150   M    M   6 8      28 160
11  98  70  84   7   0  19 0.00  0.0    0 16.6 28 150   M    M   1        36 160
12  87  64  76  -1   0  11 0.54  0.0    0 14.5 35 220   M    M   7 13     44 220
13  86  62  74  -3   0   9 0.98  0.0    0 10.1 31 300   M    M   8 13     42 290
14  83  60  72  -5   0   7 0.31  0.0    0  9.0 29 250   M    M   6 13     40 270
15  77  65  71  -7   0   6 0.00  0.0    0  5.3 14  60   M    M   7        17  60
16  83  66  75  -3   0  10    T  0.0    0  8.0 14  50   M    M   7         M  M
17  87  65  76  -2   0  11    T  0.0    0  4.6 12 130   M    M   6 12     16  30
18  94  67  81   3   0  16    T  0.0    0  8.5 32 130   M    M   3 13     40 130
19  89  65  77  -1   0  12 0.14  0.0    0  9.4 26 330   M    M   8 38     33 340
20  88  67  78   0   0  13 0.00  0.0    0 15.7 23 170   M    M   2 18     29 180
21  89  70  80   1   0  15 0.00  0.0    0 12.8 21 130   M    M   3        26 180
22  87  68  78  -1   0  13 0.00  0.0    0 16.0 25 160   M    M   4        31 160
23  88  66  77  -2   0  12 0.00  0.0    0 13.9 24 150   M    M   3 178    29 160
24  89  68  79   0   0  14 0.00  0.0    0 11.9 24 150   M    M   4        29 150
25  91  69  80   1   0  15 0.00  0.0    0 13.1 22 200   M    M   3        28 200
26  94  71  83   4   0  18 0.00  0.0    0 11.5 23  40   M    M   7 3      29  40
27  89  68  79   0   0  14 0.00  0.0    0  8.2 16  60   M    M   7        23  50
28  89  65  77  -3   0  12 0.00  0.0    0  8.2 21 160   M    M   6        24 150
================================================================================
SM 2472 1850         0 350  2.06     0.0 320.4          M      144
================================================================================
AV 88.3 66.1                              11.4 FASTST   M    M   5    MAX(MPH)
                                 MISC ---->  # 35 220               # 44  220
================================================================================
NOTES:
# LAST OF SEVERAL OCCURRENCES

COLUMN 17 PEAK WIND IN M.P.H.

PRELIMINARY LOCAL CLIMATOLOGICAL DATA (WS FORM: F-6) , PAGE 2

                                          STATION:  LUBBOCK
                                          MONTH:    JUNE
                                          YEAR:     2015
                                          LATITUDE:   33 39 N
                                          LONGITUDE: 101 49 W

[TEMPERATURE DATA]      [PRECIPITATION DATA]       SYMBOLS USED IN COLUMN 16

AVERAGE MONTHLY: 77.2   TOTAL FOR MONTH:   2.06    1 = FOG OR MIST
DPTR FM NORMAL:  -0.1   DPTR FM NORMAL:   -0.80    2 = FOG REDUCING VISIBILITY
HIGHEST:    98 ON 11    GRTST 24HR  0.98 ON 13-13      TO 1/4 MILE OR LESS
LOWEST:     60 ON 14                               3 = THUNDER
                        SNOW, ICE PELLETS, HAIL    4 = ICE PELLETS
                        TOTAL MONTH:   0.0 INCH    5 = HAIL
                        GRTST 24HR     0.0         6 = FREEZING RAIN OR DRIZZLE
                        GRTST DEPTH:   0           7 = DUSTSTORM OR SANDSTORM:
                                                       VSBY 1/2 MILE OR LESS
                                                   8 = SMOKE OR HAZE
[NO. OF DAYS WITH]      [WEATHER - DAYS WITH]      9 = BLOWING SNOW
                                                   X = TORNADO
MAX 32 OR BELOW:   0    0.01 INCH OR MORE:   5
MAX 90 OR ABOVE:   8    0.10 INCH OR MORE:   4
MIN 32 OR BELOW:   0    0.50 INCH OR MORE:   2
MIN  0 OR BELOW:   0    1.00 INCH OR MORE:   0

[HDD (BASE 65) ]
TOTAL THIS MO.     0    CLEAR  (SCALE 0-3)   7
DPTR FM NORMAL     0    PTCLDY (SCALE 4-7)  21
TOTAL FM JUL 1  3275    CLOUDY (SCALE 8-10)  0
DPTR FM NORMAL  -102

[CDD (BASE 65) ]
TOTAL THIS MO.   350
DPTR FM NORMAL     5    [PRESSURE DATA]
TOTAL FM JAN 1   488    HIGHEST SLP M ON M
DPTR FM NORMAL  -103    LOWEST  SLP 29.53 ON 11

[REMARKS]
