000
CXUS55 KLBF 231200
CF6LBF
PRELIMINARY LOCAL CLIMATOLOGICAL DATA (WS FORM: F-6)

                                          STATION:   NORTH PLATTE
                                          MONTH:     MAY
                                          YEAR:      2017
                                          LATITUDE:   41  7 N
                                          LONGITUDE: 100 41 W

  TEMPERATURE IN F:       :PCPN:    SNOW:  WIND      :SUNSHINE: SKY     :PK WND
================================================================================
1   2   3   4   5  6A  6B    7    8   9   10  11  12  13   14  15   16   17  18
                                     12Z  AVG MX 2MIN
DY MAX MIN AVG DEP HDD CDD  WTR  SNW DPTH SPD SPD DIR MIN PSBL S-S WX    SPD DR
================================================================================

 1  69  29  49  -4  16   0    T  0.0    0 14.9 30 320   M    M   1        38 310
 2  58  31  45  -8  20   0    T  0.0    0  5.1 15 250   M    M   6        20 260
 3  62  33  48  -6  17   0 0.04    T    0 10.1 29  10   M    M   6 1      37  10
 4  72  29  51  -3  14   0 0.00  0.0    0  5.7 13 310   M    M   0        18 350
 5  81  34  58   4   7   0 0.00  0.0    0  2.8 12 250   M    M   0 8      16 270
 6  85  40  63   8   2   0 0.00  0.0    0  6.7 17 170   M    M   0        24 210
 7  87  53  70  15   0   5 0.00  0.0    0 11.4 21 240   M    M   0        26 230
 8  84  52  68  13   0   3 0.00  0.0    0  8.3 20  30   M    M   1        24  40
 9  75  51  63   7   2   0 0.05  0.0    0  8.6 16  90   M    M   5 13     21 130
10  58  52  55  -1  10   0 0.75  0.0    0  9.7 22 170   M    M  10 13     29 170
11  71  43  57   1   8   0 0.01  0.0    0  9.2 22  50   M    M   4        28  80
12  74  36  55  -2  10   0 0.00  0.0    0  7.2 18 200   M    M   0        25 210
13  80  42  61   4   4   0 0.00  0.0    0 13.9 29 170   M    M   0        38 180
14  82  46  64   7   1   0 0.00  0.0    0 10.8 21 350   M    M   0        28 350
15  83  54  69  11   0   4 0.07  0.0    0 13.6 29 180   M    M   0 38     41 170
16  82  54  68  10   0   3 0.82  0.0    0  8.5 29 280   M    M   1 13     34 280
17  64  51  58   0   7   0 0.07  0.0    0 13.9 28 310   M    M   8 1      36 310
18  51  48  50  -9  15   0 0.02  0.0    0 15.9 28  50   M    M  10 1      35  50
19  49  42  46 -13  19   0 0.59  0.0    0 13.8 21  30   M    M  10 1      26  50
20  43  32  38 -21  27   0 0.55    T    0 10.8 24 320   M    M   8 1      30 330
21  71  30  51  -9  14   0 0.00  0.0    0  7.7 18 270   M    M   2 12     25 310
22  70  38  54  -6  11   0 0.20  0.0    0 10.0 29 300   M    M   3 1      34 300
================================================================================
SM 1551  920       204  15  3.17    T    218.6          M       75
================================================================================
AV 70.5 41.8                               9.9 FASTST   M    M   3    MAX(MPH)
                                 MISC ---->  # 30 320               # 41  170
================================================================================
NOTES:
# LAST OF SEVERAL OCCURRENCES

COLUMN 17 PEAK WIND IN M.P.H.

PRELIMINARY LOCAL CLIMATOLOGICAL DATA (WS FORM: F-6) , PAGE 2

                                          STATION:  NORTH PLATTE
                                          MONTH:    MAY
                                          YEAR:     2017
                                          LATITUDE:   41  7 N
                                          LONGITUDE: 100 41 W

[TEMPERATURE DATA]      [PRECIPITATION DATA]       SYMBOLS USED IN COLUMN 16

AVERAGE MONTHLY: 56.2   TOTAL FOR MONTH:   3.17    1 = FOG OR MIST
DPTR FM NORMAL:  -0.3   DPTR FM NORMAL:    0.97    2 = FOG REDUCING VISIBILITY
HIGHEST:    87 ON  7    GRTST 24HR  0.82 ON 16-16      TO 1/4 MILE OR LESS
LOWEST:     29 ON  4, 1                            3 = THUNDER
                        SNOW, ICE PELLETS, HAIL    4 = ICE PELLETS
                        TOTAL MONTH:    T          5 = HAIL
                        GRTST 24HR    T  ON 20-20  6 = FREEZING RAIN OR DRIZZLE
                        GRTST DEPTH:   0           7 = DUSTSTORM OR SANDSTORM:
                                                       VSBY 1/2 MILE OR LESS
                                                   8 = SMOKE OR HAZE
[NO. OF DAYS WITH]      [WEATHER - DAYS WITH]      9 = BLOWING SNOW
                                                   X = TORNADO
MAX 32 OR BELOW:   0    0.01 INCH OR MORE:  11
MAX 90 OR ABOVE:   0    0.10 INCH OR MORE:   5
MIN 32 OR BELOW:   5    0.50 INCH OR MORE:   4
MIN  0 OR BELOW:   0    1.00 INCH OR MORE:   0

[HDD (BASE 65) ]
TOTAL THIS MO.   204    CLEAR  (SCALE 0-3)  13
DPTR FM NORMAL     5    PTCLDY (SCALE 4-7)   4
TOTAL FM JUL 1  5598    CLOUDY (SCALE 8-10)  5
DPTR FM NORMAL  -991

[CDD (BASE 65) ]
TOTAL THIS MO.    15
DPTR FM NORMAL     3    [PRESSURE DATA]
TOTAL FM JAN 1    17    HIGHEST SLP M ON M
DPTR FM NORMAL     2    LOWEST  SLP 29.36 ON 17

[REMARKS]
