000
CXUS54 KLCH 011411
CF6LFT
PRELIMINARY LOCAL CLIMATOLOGICAL DATA (WS FORM: F-6)

                                          STATION:   LAFAYETTE
                                          MONTH:     JANUARY
                                          YEAR:      2015
                                          LATITUDE:   30 12 N
                                          LONGITUDE:  92  0 W

  TEMPERATURE IN F:       :PCPN:    SNOW:  WIND      :SUNSHINE: SKY     :PK WND
================================================================================
1   2   3   4   5  6A  6B    7    8   9   10  11  12  13   14  15   16   17  18
                                     12Z  AVG MX 2MIN
DY MAX MIN AVG DEP HDD CDD  WTR  SNW DPTH SPD SPD DIR MIN PSBL S-S WX    SPD DR
================================================================================

 1  56  43  50  -2  15   0 0.01  0.0    0  7.6 14  30   M    M   9 1      19  60
 2  68  56  62  10   3   0 0.01  0.0    0  4.3 10 120   M    M   8 12     16 130
 3  72  59  66  14   0   1 1.93  0.0    0  8.3 18 260   M    M   9 13     23 260
 4  59  44  52   0  13   0 0.00  0.0    0 10.3 21 340   M    M   2        26 320
 5  50  34  42 -10  23   0 0.00  0.0    0  8.3 20 360   M    M   0        24  10
 6  64  31  48  -4  17   0 0.00  0.0    0  1.5  8 310   M    M   0        12 300
 7  56  30  43  -9  22   0 0.00  0.0    0 12.8 28  20   M    M   4        38  20
 8  37  23  30 -22  35   0 0.00    M    0  7.1 22  20   M    M   0        27  10
 9  39  35  37 -15  28   0 0.04    M    0  9.9 16  30   M    M  10        21  40
10  50  33  42 -10  23   0 0.00    M    0  6.3 15  50   M    M   7        20  60
11  60  44  52   0  13   0 0.23    M    0  5.4 13  80   M    M   8 18     18  80
12  61  47  54   2  11   0 0.01    M    0  8.2 18  10   M    M  10 128    23  20
13  47  38  43  -9  22   0 0.00  0.0    0 13.7 21 360   M    M  10        28  20
14  39  36  38 -14  27   0    T    M    0  9.7 17  20   M    M  10 1      21  20
15  53  36  45  -7  20   0 0.14    M    0  7.1 17  10   M    M   7 1      21 360
16  58  31  45  -7  20   0 0.00  0.0    0  2.1  9  30   M    M   0 1      12  50
17  62  34  48  -4  17   0 0.00  0.0    0  3.5 13 190   M    M   2 128    16 200
18  71  46  59   7   6   0 0.00  0.0    0  5.1 13  20   M    M   0 128    17  20
19  69  32  51  -1  14   0 0.00  0.0    0  3.8 14 210   M    M   0 128    17 200
20  72  41  57   5   8   0 0.00  0.0    0  2.5 12 200   M    M   2 18     14 190
21  71  47  59   7   6   0 0.00  0.0    0  5.5 13  40   M    M   2 1      16  50
22  60  45  53   0  12   0 2.22    M    0 10.8 25  50   M    M   8 13     32  40
23  45  39  42 -11  23   0 0.02    M    0 14.3 21  10   M    M  10 1      26 330
24  58  35  47  -6  18   0 0.00  0.0    0  7.1 14 260   M    M   0        18 260
25  67  41  54   1  11   0 0.00  0.0    0 10.1 25 230   M    M   1 12     33 260
26  62  44  53   0  12   0 0.00  0.0    0  9.2 22  20   M    M   0        27  20
27  76  46  61   8   4   0 0.00  0.0    0  4.8 12  30   M    M   0        15  40
28  71  45  58   5   7   0 0.00  0.0    0  4.6 12 180   M    M   0        16 160
29  74  48  61   8   4   0 0.00  0.0    0  6.1 15 240   M    M   2 1      20 240
30  62  42  52  -1  13   0 0.00  0.0    0 11.2 23  20   M    M   0        29  20
31  65  41  53   0  12   0 0.00  0.0    0  6.0 10 110   M    M   3        17 100
================================================================================
SM 1854 1246       459   1  4.61     0.0 227.2          M      124
================================================================================
AV 59.8 40.2                               7.3 FASTST   M    M   4    MAX(MPH)
                                 MISC ---->  # 28  20               # 38   20
================================================================================
NOTES:
# LAST OF SEVERAL OCCURRENCES

COLUMN 17 PEAK WIND IN M.P.H.

PRELIMINARY LOCAL CLIMATOLOGICAL DATA (WS FORM: F-6) , PAGE 2

                                          STATION:  LAFAYETTE
                                          MONTH:    JANUARY
                                          YEAR:     2015
                                          LATITUDE:   30 12 N
                                          LONGITUDE:  92  0 W

[TEMPERATURE DATA]      [PRECIPITATION DATA]       SYMBOLS USED IN COLUMN 16

AVERAGE MONTHLY: 50.0   TOTAL FOR MONTH:   4.61    1 = FOG OR MIST
DPTR FM NORMAL:  -2.5   DPTR FM NORMAL:   -1.06    2 = FOG REDUCING VISIBILITY
HIGHEST:    76 ON 27    GRTST 24HR  2.24 ON 22-23      TO 1/4 MILE OR LESS
LOWEST:     23 ON  8                               3 = THUNDER
                        SNOW, ICE PELLETS, HAIL    4 = ICE PELLETS
                        TOTAL MONTH:   0.0 INCH    5 = HAIL
                        GRTST 24HR     0.0         6 = FREEZING RAIN OR DRIZZLE
                        GRTST DEPTH:   0           7 = DUSTSTORM OR SANDSTORM:
                                                       VSBY 1/2 MILE OR LESS
                                                   8 = SMOKE OR HAZE
[NO. OF DAYS WITH]      [WEATHER - DAYS WITH]      9 = BLOWING SNOW
                                                   X = TORNADO
MAX 32 OR BELOW:   0    0.01 INCH OR MORE:   9
MAX 90 OR ABOVE:   0    0.10 INCH OR MORE:   4
MIN 32 OR BELOW:   5    0.50 INCH OR MORE:   2
MIN  0 OR BELOW:   0    1.00 INCH OR MORE:   2

[HDD (BASE 65) ]
TOTAL THIS MO.   459    CLEAR  (SCALE 0-3)  18
DPTR FM NORMAL    57    PTCLDY (SCALE 4-7)   5
TOTAL FM JUL 1  1032    CLOUDY (SCALE 8-10)  8
DPTR FM NORMAL    76

[CDD (BASE 65) ]
TOTAL THIS MO.     1
DPTR FM NORMAL   -13    [PRESSURE DATA]
TOTAL FM JAN 1     1    HIGHEST SLP 30.67 ON  8
DPTR FM NORMAL    -8    LOWEST  SLP 29.85 ON  3

[REMARKS]
#FINAL-01-15#
