000
CXUS54 KLCH 260810
CF6LFT
PRELIMINARY LOCAL CLIMATOLOGICAL DATA (WS FORM: F-6)

                                          STATION:   LAFAYETTE
                                          MONTH:     NOVEMBER
                                          YEAR:      2014
                                          LATITUDE:   30 12 N
                                          LONGITUDE:  92  0 W

  TEMPERATURE IN F:       :PCPN:    SNOW:  WIND      :SUNSHINE: SKY     :PK WND
================================================================================
1   2   3   4   5  6A  6B    7    8   9   10  11  12  13   14  15   16   17  18
                                     12Z  AVG MX 2MIN
DY MAX MIN AVG DEP HDD CDD  WTR  SNW DPTH SPD SPD DIR MIN PSBL S-S WX    SPD DR
================================================================================

 1  61  39  50 -16  15   0 0.00  0.0    0  9.1 20  30   M    M   0        26  30
 2  67  36  52 -14  13   0 0.00  0.0    0  2.9  8  60   M    M   0        13 110
 3  73  42  58  -7   7   0 0.00  0.0    0  2.9  9 100   M    M   0 12     15 130
 4  80  58  69   4   0   4 0.00  0.0    0  4.8 14 170   M    M   3        21 170
 5  76  65  71   6   0   6 0.14  0.0    0  3.5 14 170   M    M   7 1      20 180
 6  72  56  64   0   1   0 0.27  0.0    0  6.1 15 350   M    M   5        19 340
 7  63  47  55  -9  10   0 0.00  0.0    0  7.6 17  20   M    M   0        24  20
 8  71  46  59  -5   6   0 0.00  0.0    0  3.2 12 340   M    M   1        15 350
 9  70  46  58  -6   7   0 0.00  0.0    0  4.0 13  20   M    M   0 12     19  40
10  75  42  59  -4   6   0 0.00  0.0    0  5.1 18 210   M    M   4 12     24 200
11  80  56  68   5   0   3 0.00  0.0    0  6.7 20 340   M    M   6        24 340
12  56  43  50 -13  15   0 0.04    M    0 13.6 23  30   M    M  10 1      28  20
13  48  35  42 -20  23   0 0.20    M    0 14.6 24  20   M    M   7 1      32  10
14  49  30  40 -22  25   0 0.00  0.0    0  8.7 18  30   M    M   0        22  40
15  54  32  43 -19  22   0 0.00  0.0    0  4.0  9 100   M    M   8        14 100
16  75  49  62   0   3   0 1.02    M    0 11.3 22 190   M    M   9 13     32 170
17  50  38  44 -17  21   0 0.14    M    0 16.1 28 360   M    M   6 1      37  10
18  50  33  42 -19  23   0 0.00  0.0    0  7.6 17  20   M    M   0 12     22  20
19  59  27  43 -18  22   0 0.00  0.0    0  3.8 14 190   M    M   2 12     19 220
20  71  42  57  -3   8   0 0.00  0.0    0  4.6 15 190   M    M   3 1      23 200
21  72  53  63   3   2   0 0.00  0.0    0  4.3 13 120   M    M   6        21 120
22  71  55  63   3   2   0    T  0.0    0  5.1 14 130   M    M   7        23 140
23  74  62  68   9   0   3 0.84  0.0    0 12.4 29 220   M    M   6 13     43 210
24  68  49  59   0   6   0 0.00  0.0    0  9.8 20 350   M    M   1 1      22 350
25  57  37  47 -12  18   0 0.00  0.0    0  6.1 15  20   M    M   1 1      19  10
================================================================================
SM 1642 1118       255  16  2.65     0.0 177.9          M       92
================================================================================
AV 65.7 44.7                               7.1 FASTST   M    M   4    MAX(MPH)
                                 MISC ---->  # 29 220               # 43  210
================================================================================
NOTES:
# LAST OF SEVERAL OCCURRENCES

COLUMN 17 PEAK WIND IN M.P.H.

PRELIMINARY LOCAL CLIMATOLOGICAL DATA (WS FORM: F-6) , PAGE 2

                                          STATION:  LAFAYETTE
                                          MONTH:    NOVEMBER
                                          YEAR:     2014
                                          LATITUDE:   30 12 N
                                          LONGITUDE:  92  0 W

[TEMPERATURE DATA]      [PRECIPITATION DATA]       SYMBOLS USED IN COLUMN 16

AVERAGE MONTHLY: 55.2   TOTAL FOR MONTH:   2.65    1 = FOG OR MIST
DPTR FM NORMAL:  -7.2   DPTR FM NORMAL:   -0.94    2 = FOG REDUCING VISIBILITY
HIGHEST:    80 ON 11, 4 GRTST 24HR  1.16 ON 16-17      TO 1/4 MILE OR LESS
LOWEST:     27 ON 19                               3 = THUNDER
                        SNOW, ICE PELLETS, HAIL    4 = ICE PELLETS
                        TOTAL MONTH:   0.0 INCH    5 = HAIL
                        GRTST 24HR     0.0         6 = FREEZING RAIN OR DRIZZLE
                        GRTST DEPTH:   0           7 = DUSTSTORM OR SANDSTORM:
                                                       VSBY 1/2 MILE OR LESS
                                                   8 = SMOKE OR HAZE
[NO. OF DAYS WITH]      [WEATHER - DAYS WITH]      9 = BLOWING SNOW
                                                   X = TORNADO
MAX 32 OR BELOW:   0    0.01 INCH OR MORE:   7
MAX 90 OR ABOVE:   0    0.10 INCH OR MORE:   6
MIN 32 OR BELOW:   3    0.50 INCH OR MORE:   2
MIN  0 OR BELOW:   0    1.00 INCH OR MORE:   1

[HDD (BASE 65) ]
TOTAL THIS MO.   255    CLEAR  (SCALE 0-3)  13
DPTR FM NORMAL   133    PTCLDY (SCALE 4-7)   9
TOTAL FM JUL 1   260    CLOUDY (SCALE 8-10)  3
DPTR FM NORMAL   102

[CDD (BASE 65) ]
TOTAL THIS MO.    16
DPTR FM NORMAL   -41    [PRESSURE DATA]
TOTAL FM JAN 1  2740    HIGHEST SLP M ON M
DPTR FM NORMAL  -206    LOWEST  SLP 29.58 ON 23

[REMARKS]
