000
CXUS55 KPUB 231836
CF6LHX
PRELIMINARY LOCAL CLIMATOLOGICAL DATA (WS FORM: F-6)

                                          STATION:   LA JUNTA CO
                                          MONTH:     APRIL
                                          YEAR:      2014
                                          LATITUDE:   38  2 N
                                          LONGITUDE: 103 31 W

  TEMPERATURE IN F:       :PCPN:    SNOW:  WIND      :SUNSHINE: SKY     :PK WND
================================================================================
1   2   3   4   5  6A  6B    7    8   9   10  11  12  13   14  15   16   17  18
                                     12Z  AVG MX 2MIN
DY MAX MIN AVG DEP HDD CDD  WTR  SNW DPTH SPD SPD DIR MIN PSBL S-S WX    SPD DR
================================================================================

 1  73  30  52   4  13   0 0.00  0.0    0 13.0 26 100   M    M   3 8      31  90
 2  68  31  50   1  15   0 0.00  0.0    0 16.4 30  90   M    M   3 18     36  90
 3  45  33  39 -10  26   0 0.34    M    M 10.5 23 360   M    M   7 128    27 360
 4  59  30  45  -4  20   0 0.00  0.0    0  8.0 17 240   M    M   1        18 240
 5  56  34  45  -5  20   0 0.00  0.0    0  7.2 20 170   M    M   5        23 160
 6  60  39  50   0  15   0 0.02  0.0    0  9.6 31 340   M    M   9        36 330
 7  57  38  48  -2  17   0    T  0.0    0 18.3 38 360   M    M   5 8      45 360
 8  71  33  52   2  13   0 0.00  0.0    0 11.7 24 250   M    M   1        28 300
 9  83  40  62  11   3   0 0.00  0.0    0 13.2 24 280   M    M   0        31 280
10  73  48  61  10   4   0 0.00  0.0    0 15.1 24  90   M    M   0 8      34 350
11  83  40  62  11   3   0 0.00  0.0    0 10.2 23 120   M    M   0        29 130
12  84  55  70  18   0   5    T  0.0    0 12.7 33 190   M    M   1 8      58 220
13  63  25  44  -8  21   0 0.09    M    0 21.9 33  20   M    M   8 18     39  10
14  46  21  34 -18  31   0    T    M    M 10.6 26  10   M    M   4 1      32  10
15  70  28  49  -3  16   0 0.00  0.0    0 10.3 18 240   M    M   0        22 200
16  65  40  53   0  12   0 0.01  0.0    0 14.4 28  40   M    M   4        33  60
17  61  40  51  -2  14   0 0.04  0.0    0 11.1 22 150   M    M   6        26 140
18  82  37  60   7   5   0 0.00  0.0    0 10.6 24 210   M    M   0        28 210
19  81  56  69  15   0   4 0.00  0.0    0 12.7 33  40   M    M   1 8      40  50
20  71  52  62   8   3   0 0.03  0.0    0  9.9 18 340   M    M   5 3      25 320
21  72  49  61   7   4   0 0.00  0.0    0 10.5 24  20   M    M   1        31  20
22  85  47  66  11   0   1 0.03  0.0    0 13.8 41 200   M    M   0 38     53 210
================================================================================
SM 1508  846       255  10  0.56     0.0 271.7          M       64
================================================================================
AV 68.5 38.5                              12.3 FASTST   M    M   3    MAX(MPH)
                                 MISC ---->  # 41 200               # 58  220
================================================================================
NOTES:
# LAST OF SEVERAL OCCURRENCES

COLUMN 17 PEAK WIND IN M.P.H.

PRELIMINARY LOCAL CLIMATOLOGICAL DATA (WS FORM: F-6) , PAGE 2

                                          STATION:  LA JUNTA CO
                                          MONTH:    APRIL
                                          YEAR:     2014
                                          LATITUDE:   38  2 N
                                          LONGITUDE: 103 31 W

[TEMPERATURE DATA]      [PRECIPITATION DATA]       SYMBOLS USED IN COLUMN 16

AVERAGE MONTHLY: 53.5   TOTAL FOR MONTH:   0.56    1 = FOG OR MIST
DPTR FM NORMAL:   2.0   DPTR FM NORMAL:   -0.31    2 = FOG REDUCING VISIBILITY
HIGHEST:    85 ON 22    GRTST 24HR  0.34 ON  3- 3      TO 1/4 MILE OR LESS
LOWEST:     21 ON 14                               3 = THUNDER
                        SNOW, ICE PELLETS, HAIL    4 = ICE PELLETS
                        TOTAL MONTH:   0.0 INCH    5 = HAIL
                        GRTST 24HR     0.0         6 = FREEZING RAIN OR DRIZZLE
                        GRTST DEPTH:   0           7 = DUSTSTORM OR SANDSTORM:
                                                       VSBY 1/2 MILE OR LESS
                                                   8 = SMOKE OR HAZE
[NO. OF DAYS WITH]      [WEATHER - DAYS WITH]      9 = BLOWING SNOW
                                                   X = TORNADO
MAX 32 OR BELOW:   0    0.01 INCH OR MORE:   7
MAX 90 OR ABOVE:   0    0.10 INCH OR MORE:   1
MIN 32 OR BELOW:   6    0.50 INCH OR MORE:   0
MIN  0 OR BELOW:   0    1.00 INCH OR MORE:   0

[HDD (BASE 65) ]
TOTAL THIS MO.   255    CLEAR  (SCALE 0-3)  13
DPTR FM NORMAL   -47    PTCLDY (SCALE 4-7)   8
TOTAL FM JUL 1  4978    CLOUDY (SCALE 8-10)  1
DPTR FM NORMAL   -72

[CDD (BASE 65) ]
TOTAL THIS MO.    10
DPTR FM NORMAL    10    [PRESSURE DATA]
TOTAL FM JAN 1    10    HIGHEST SLP M ON M
DPTR FM NORMAL     9    LOWEST  SLP 29.50 ON 13

[REMARKS]
