000
CXUS55 KPUB 281159
CF6LHX
PRELIMINARY LOCAL CLIMATOLOGICAL DATA (WS FORM: F-6)

                                          STATION:   LA JUNTA CO
                                          MONTH:     FEBRUARY
                                          YEAR:      2015
                                          LATITUDE:   38  2 N
                                          LONGITUDE: 103 31 W

  TEMPERATURE IN F:       :PCPN:    SNOW:  WIND      :SUNSHINE: SKY     :PK WND
================================================================================
1   2   3   4   5  6A  6B    7    8   9   10  11  12  13   14  15   16   17  18
                                     12Z  AVG MX 2MIN
DY MAX MIN AVG DEP HDD CDD  WTR  SNW DPTH SPD SPD DIR MIN PSBL S-S WX    SPD DR
================================================================================

 1  39  22  31  -1  34   0 0.00  0.0    0 10.7 23  10   M    M   6        28  20
 2  53  18  36   4  29   0 0.00  0.0    0  6.9 15 220   M    M   1        16 220
 3  68  27  48  16  17   0 0.00  0.0    0  8.2 18 230   M    M   0        23 290
 4  44  25  35   3  30   0    T    M    0 10.5 30  50   M    M   7 18     37  60
 5  62  21  42  10  23   0 0.00  0.0    0  5.4 15 240   M    M   1        17 260
 6  82  31  57  24   8   0 0.00  0.0    0 11.9 23 280   M    M   0        30 280
 7  83  43  63  30   2   0 0.00  0.0    0 14.7 26 250   M    M   0        32 250
 8  75  33  54  21  11   0 0.00  0.0    0  7.9 17 220   M    M   0        20 270
 9  73  30  52  19  13   0 0.00  0.0    0  9.3 17 260   M    M   0        20 250
10  67  32  50  17  15   0    T  0.0    0  8.5 23  60   M    M   2        28  60
11  54  26  40   6  25   0 0.01  0.0    0  8.8 18  30   M    M   4        24  20
12  65  25  45  11  20   0 0.00  0.0    0  7.7 15 210   M    M   0        20 200
13  65  32  49  15  16   0 0.00  0.0    0  5.3 15 260   M    M   0        17 260
14  72  30  51  17  14   0 0.00  0.0    0 11.2 25 110   M    M   0        33 100
15  35  22  29  -6  36   0    M    M    0  9.7 22  40   M    M   9 1      28  30
16  38  21  30  -5  35   0    M    M    M  5.3 15 310   M    M   8 18     17 310
17  44  20  32  -3  33   0    M    M    M  6.6 15  50   M    M   5 1      18  40
18  53  18  36   0  29   0 0.00  0.0    M  6.9 15 240   M    M   0        18 250
19  67  24  46  10  19   0 0.00  0.0    0  7.6 16 120   M    M   0        21 340
20  65  30  48  12  17   0 0.03  0.0    0 10.2 41  30   M    M   2 18     52  10
21  40  22  31  -5  34   0 0.14    M    0 10.9 37  40   M    M   9 1      44  40
22  22  12  17 -20  48   0    M    M    M 12.3 24  40   M    M  10 18     29  50
23  20   6  13 -24  52   0    T    M    M  8.2 14  40   M    M   5 1      18  40
24  43   7  25 -13  40   0 0.00  0.0    M 10.9 17 270   M    M   0        20 270
25  48  21  35  -3  30   0 0.03    M    M 11.1 32  10   M    M   6 1      39  10
26  31  15  23 -15  42   0    M    M    M 14.3 24  80   M    M  10 1      29  60
27  21  11  16 -23  49   0    M    M    M 15.4 24 120   M    M   5 18     29 120
================================================================================
SM 1429  624       721   0  0.21     0.0 256.4          M       90
================================================================================
AV 52.9 23.1                               9.5 FASTST   M    M   3    MAX(MPH)
                                 MISC ---->  # 41  30               # 52   10
================================================================================
NOTES:
# LAST OF SEVERAL OCCURRENCES

COLUMN 17 PEAK WIND IN M.P.H.

PRELIMINARY LOCAL CLIMATOLOGICAL DATA (WS FORM: F-6) , PAGE 2

                                          STATION:  LA JUNTA CO
                                          MONTH:    FEBRUARY
                                          YEAR:     2015
                                          LATITUDE:   38  2 N
                                          LONGITUDE: 103 31 W

[TEMPERATURE DATA]      [PRECIPITATION DATA]       SYMBOLS USED IN COLUMN 16

AVERAGE MONTHLY: 38.0   TOTAL FOR MONTH:   0.21    1 = FOG OR MIST
DPTR FM NORMAL:   3.3   DPTR FM NORMAL:   -0.13    2 = FOG REDUCING VISIBILITY
HIGHEST:    83 ON  7    GRTST 24HR  0.16 ON 20-21      TO 1/4 MILE OR LESS
LOWEST:      6 ON 23                               3 = THUNDER
                        SNOW, ICE PELLETS, HAIL    4 = ICE PELLETS
                        TOTAL MONTH:   0.0 INCH    5 = HAIL
                        GRTST 24HR     0.0         6 = FREEZING RAIN OR DRIZZLE
                        GRTST DEPTH:   0           7 = DUSTSTORM OR SANDSTORM:
                                                       VSBY 1/2 MILE OR LESS
                                                   8 = SMOKE OR HAZE
[NO. OF DAYS WITH]      [WEATHER - DAYS WITH]      9 = BLOWING SNOW
                                                   X = TORNADO
MAX 32 OR BELOW:   4    0.01 INCH OR MORE:   4
MAX 90 OR ABOVE:   0    0.10 INCH OR MORE:   1
MIN 32 OR BELOW:  25    0.50 INCH OR MORE:   0
MIN  0 OR BELOW:   0    1.00 INCH OR MORE:   0

[HDD (BASE 65) ]
TOTAL THIS MO.   721    CLEAR  (SCALE 0-3)  15
DPTR FM NORMAL   -96    PTCLDY (SCALE 4-7)   8
TOTAL FM JUL 1  3641    CLOUDY (SCALE 8-10)  4
DPTR FM NORMAL  -433

[CDD (BASE 65) ]
TOTAL THIS MO.     0
DPTR FM NORMAL     0    [PRESSURE DATA]
TOTAL FM JAN 1     0    HIGHEST SLP M ON M
DPTR FM NORMAL     0    LOWEST  SLP 29.63 ON 20

[REMARKS]
